462
CDUS45 KCYS 230727
CLISNY


CLIMATE REPORT
NATIONAL WEATHER SERVICE CHEYENNE WY
127 AM MDT TUE SEP 23 2014


...................................

...THE SIDNEY NE AIRPORT CLIMATE SUMMARY FOR SEPTEMBER 22 2014...

CLIMATE NORMAL PERIOD 1981 TO 2010
CLIMATE RECORD PERIOD 1948 TO 2014


WEATHER ITEM   OBSERVED TIME   RECORD YEAR NORMAL DEPARTURE LAST
                VALUE   (LST)  VALUE       VALUE  FROM      YEAR
                                                  NORMAL
..................................................................
TEMPERATURE (F)
 YESTERDAY
  MAXIMUM         82    311 PM  93    1953  76      6       87
  MINIMUM         56    444 AM  26    2002  45     11       52
                                      1995
  AVERAGE         69                        60      9       70

PRECIPITATION (IN)
  YESTERDAY        0.19          0.66 1960   0.04   0.15     0.11
  MONTH TO DATE    0.86                      0.99  -0.13     4.48
  SINCE JAN 1     12.54                     16.15  -3.61    12.65

DEGREE DAYS
 HEATING
  YESTERDAY        0                         6     -6        0
  MONTH TO DATE   98                        66     32       33
  SINCE SEP 1     98                        66     32       33
  SINCE JUL 1    110                        77     33       42

 COOLING
  YESTERDAY        4                         2      2        5
  MONTH TO DATE   60                        77    -17      155
  SINCE SEP 1     60                        77    -17      155
  SINCE JAN 1    618                       819   -201      918
..................................................................


WIND (MPH)
  HIGHEST WIND SPEED    28   HIGHEST WIND DIRECTION    NW (320)
  HIGHEST GUST SPEED    35   HIGHEST GUST DIRECTION    NW (320)
  AVERAGE WIND SPEED    14.9


SKY COVER
  AVERAGE SKY COVER 0.4


WEATHER CONDITIONS
 THE FOLLOWING WEATHER WAS RECORDED YESTERDAY.
  THUNDERSTORM
  HEAVY RAIN
  RAIN
  LIGHT RAIN
  FOG


RELATIVE HUMIDITY (PERCENT)
 HIGHEST    90          1100 PM
 LOWEST     46           200 AM
 AVERAGE    68

..........................................................


THE SIDNEY NE AIRPORT CLIMATE NORMALS FOR TODAY
                         NORMAL    RECORD    YEAR
 MAXIMUM TEMPERATURE (F)   75        94      2007
 MINIMUM TEMPERATURE (F)   45        28      1995
                                             1985


SUNRISE AND SUNSET
SEPTEMBER 23 2014.....SUNRISE   640 AM MDT   SUNSET   647 PM MDT
SEPTEMBER 24 2014.....SUNRISE   641 AM MDT   SUNSET   646 PM MDT


-  INDICATES NEGATIVE NUMBERS.
R  INDICATES RECORD WAS SET OR TIED.
MM INDICATES DATA IS MISSING.
T  INDICATES TRACE AMOUNT.




$$





U.S. Dept. of Commerce
NOAA National Weather Service
1325 East West Highway
Silver Spring, MD 20910
E-mail: w-nws.webmaster@noaa.gov
Page last modified: May 16, 2007
NATIONAL WEATHER SERVICE: for Safety, for Work, for Fun - FOR LIFE