124
CDUS45 KCYS 232123
CLISNY


CLIMATE REPORT
NATIONAL WEATHER SERVICE CHEYENNE WY
323 PM MDT WED APR 23 2014


...................................

...THE SIDNEY NE AIRPORT CLIMATE SUMMARY FOR APRIL 23 2014...
VALID AS OF 0300 PM LOCAL TIME.

CLIMATE NORMAL PERIOD 1981 TO 2010
CLIMATE RECORD PERIOD 1948 TO 2014


WEATHER ITEM   OBSERVED TIME   RECORD YEAR NORMAL DEPARTURE LAST
                VALUE   (LST)  VALUE       VALUE  FROM      YEAR
                                                  NORMAL
..................................................................
TEMPERATURE (F)
 TODAY
  MAXIMUM         71   1209 PM  90    1989  65      6       41
  MINIMUM         47    549 AM  17    1958  36     11       19
  AVERAGE         59                        50      9       30

PRECIPITATION (IN)
  TODAY            0.00          1.38 2007   0.08  -0.08     0.00
  MONTH TO DATE    0.20                      1.46  -1.26     1.74
  SINCE JAN 1      1.71                      3.08  -1.37     2.69

DEGREE DAYS
 HEATING
  TODAY            6                        15     -9       35
  MONTH TO DATE  389                       433    -44      645
  SINCE MAR 1   1202                      1236    -34     1522
  SINCE JUL 1   6191                      5818    373     6252

 COOLING
  TODAY            0                         0      0        0
  MONTH TO DATE    0                         0      0        0
  SINCE MAR 1      0                         0      0        0
  SINCE JAN 1      0                         0      0        0
..................................................................


WIND (MPH)
  HIGHEST WIND SPEED    31   HIGHEST WIND DIRECTION     N (350)
  HIGHEST GUST SPEED    38   HIGHEST GUST DIRECTION     N (350)
  AVERAGE WIND SPEED    16.8


SKY COVER
  AVERAGE SKY COVER 0.0


WEATHER CONDITIONS
 THE FOLLOWING WEATHER WAS RECORDED TODAY.
  NO SIGNIFICANT WEATHER WAS OBSERVED.


RELATIVE HUMIDITY (PERCENT)
 HIGHEST    80           500 AM
 LOWEST     20           200 PM
 AVERAGE    50

..........................................................


THE SIDNEY NE AIRPORT CLIMATE NORMALS FOR TOMORROW
                         NORMAL    RECORD    YEAR
 MAXIMUM TEMPERATURE (F)   65        92      2012
 MINIMUM TEMPERATURE (F)   36        17      1958


SUNRISE AND SUNSET
APRIL 23 2014.........SUNRISE   601 AM MDT   SUNSET   740 PM MDT
APRIL 24 2014.........SUNRISE   559 AM MDT   SUNSET   741 PM MDT


-  INDICATES NEGATIVE NUMBERS.
R  INDICATES RECORD WAS SET OR TIED.
MM INDICATES DATA IS MISSING.
T  INDICATES TRACE AMOUNT.




$$





U.S. Dept. of Commerce
NOAA National Weather Service
1325 East West Highway
Silver Spring, MD 20910
E-mail: w-nws.webmaster@noaa.gov
Page last modified: May 16, 2007
NATIONAL WEATHER SERVICE: for Safety, for Work, for Fun - FOR LIFE