358
CDUS45 KPIH 300732
CLISNT


CLIMATE REPORT
NATIONAL WEATHER SERVICE POCATELLO ID
132 AM MDT WED JUL 30 2014


...................................

...THE STANLEY ID CLIMATE SUMMARY FOR JULY 29 2014...

CLIMATE NORMAL PERIOD 1981 TO 2010
CLIMATE RECORD PERIOD 1916 TO 2014


WEATHER ITEM   OBSERVED TIME   RECORD YEAR NORMAL DEPARTURE LAST
                VALUE   (LST)  VALUE       VALUE  FROM      YEAR
                                                  NORMAL
..................................................................
TEMPERATURE (F)
 YESTERDAY
  MAXIMUM         84   1241 PM  91    1968  80      4       79
  MINIMUM         40    535 AM  26    1926  38      2       29
  AVERAGE         62                        59      3       54

PRECIPITATION (IN)
  YESTERDAY        0.00          0.57 1978   0.02  -0.02     0.00
  MONTH TO DATE    0.19                      0.65  -0.46     0.28
  SINCE OCT 1     17.06                     15.42   1.64    14.40
  SINCE JAN 1     13.45                     10.57   2.88     6.21

SNOWFALL (IN)
  YESTERDAY       MM
  MONTH TO DATE   MM
  SINCE JUN 1     MM
  SINCE JUL 1     MM
  SNOW DEPTH      MM

DEGREE DAYS
 HEATING
  YESTERDAY        3                         6     -3       11
  MONTH TO DATE  110                       227   -117      128
  SINCE JUN 1    580                       681   -101      497
  SINCE JUL 1    110                       227   -117      128

 COOLING
  YESTERDAY        0                         0      0        0
  MONTH TO DATE   11                         0     11       16
  SINCE JUN 1     11                         0     11       19
  SINCE JAN 1     11                         0     11       19
..................................................................


WIND (MPH)
  HIGHEST WIND SPEED    16   HIGHEST WIND DIRECTION     E (100)
  HIGHEST GUST SPEED    24   HIGHEST GUST DIRECTION     E (80)
  AVERAGE WIND SPEED     3.8


SKY COVER
  POSSIBLE SUNSHINE  MM
  AVERAGE SKY COVER 0.0


WEATHER CONDITIONS
 THE FOLLOWING WEATHER WAS RECORDED YESTERDAY.
  NO SIGNIFICANT WEATHER WAS OBSERVED.


RELATIVE HUMIDITY (PERCENT)
 HIGHEST    96           400 AM
 LOWEST     20           100 PM
 AVERAGE    58

..........................................................


THE STANLEY ID CLIMATE NORMALS FOR TODAY
                         NORMAL    RECORD    YEAR
 MAXIMUM TEMPERATURE (F)   80        92      2000
 MINIMUM TEMPERATURE (F)   38        26      1963
                                             1916


SUNRISE AND SUNSET
JULY 30 2014..........SUNRISE   625 AM MDT   SUNSET   906 PM MDT
JULY 31 2014..........SUNRISE   626 AM MDT   SUNSET   905 PM MDT


-  INDICATES NEGATIVE NUMBERS.
R  INDICATES RECORD WAS SET OR TIED.
MM INDICATES DATA IS MISSING.
T  INDICATES TRACE AMOUNT.




$$





U.S. Dept. of Commerce
NOAA National Weather Service
1325 East West Highway
Silver Spring, MD 20910
E-mail: w-nws.webmaster@noaa.gov
Page last modified: May 16, 2007
NATIONAL WEATHER SERVICE: for Safety, for Work, for Fun - FOR LIFE