572
CDUS45 KPIH 180732
CLISNT


CLIMATE REPORT
NATIONAL WEATHER SERVICE POCATELLO ID
1229 AM MST THU DEC 18 2014


...................................

...THE STANLEY ID CLIMATE SUMMARY FOR DECEMBER 17 2014...

CLIMATE NORMAL PERIOD 1981 TO 2010
CLIMATE RECORD PERIOD 1916 TO 2014


WEATHER ITEM   OBSERVED TIME   RECORD YEAR NORMAL DEPARTURE LAST
                VALUE   (LST)  VALUE       VALUE  FROM      YEAR
                                                  NORMAL
..................................................................
TEMPERATURE (F)
 YESTERDAY
  MAXIMUM         29    335 PM  44    1974  24      5       34
  MINIMUM         18    523 PM -43    1964   3     15        0
  AVERAGE         24                        14     10       17

PRECIPITATION (IN)
  YESTERDAY        0.00          0.39 2012   0.05  -0.05     0.00
  MONTH TO DATE    1.16                      0.66   0.50     1.18
  SINCE OCT 1      5.35                      4.24   1.11     3.27
  SINCE JAN 1     21.26                     16.45   4.81    13.77

SNOWFALL (IN)
  YESTERDAY       MM
  MONTH TO DATE   MM
  SINCE DEC 1     MM
  SINCE JUL 1     MM
  SNOW DEPTH      MM

DEGREE DAYS
 HEATING
  YESTERDAY       41                        51    -10       48
  MONTH TO DATE  656                       849   -193      953
  SINCE DEC 1    656                       849   -193      953
  SINCE JUL 1   3249                      3946   -697     3742

 COOLING
  YESTERDAY        0                         0      0        0
  MONTH TO DATE    0                         0      0        0
  SINCE DEC 1      0                         0      0        0
  SINCE JAN 1     16                         3     13       19
..................................................................


WIND (MPH)
  HIGHEST WIND SPEED     7   HIGHEST WIND DIRECTION     E (100)
  HIGHEST GUST SPEED     8   HIGHEST GUST DIRECTION     E (90)
  AVERAGE WIND SPEED     0.8


SKY COVER
  POSSIBLE SUNSHINE  MM
  AVERAGE SKY COVER 0.0


WEATHER CONDITIONS
 THE FOLLOWING WEATHER WAS RECORDED YESTERDAY.
  NO SIGNIFICANT WEATHER WAS OBSERVED.


RELATIVE HUMIDITY (PERCENT)
 HIGHEST    92           400 AM
 LOWEST     68           100 PM
 AVERAGE    80

..........................................................


THE STANLEY ID CLIMATE NORMALS FOR TODAY
                         NORMAL    RECORD    YEAR
 MAXIMUM TEMPERATURE (F)   25        41      1994
 MINIMUM TEMPERATURE (F)    3       -36      1984


SUNRISE AND SUNSET
DECEMBER 18 2014......SUNRISE   810 AM MST   SUNSET   503 PM MST
DECEMBER 19 2014......SUNRISE   811 AM MST   SUNSET   503 PM MST


-  INDICATES NEGATIVE NUMBERS.
R  INDICATES RECORD WAS SET OR TIED.
MM INDICATES DATA IS MISSING.
T  INDICATES TRACE AMOUNT.




$$






U.S. Dept. of Commerce
NOAA National Weather Service
1325 East West Highway
Silver Spring, MD 20910
E-mail: w-nws.webmaster@noaa.gov
Page last modified: May 16, 2007
NATIONAL WEATHER SERVICE: for Safety, for Work, for Fun - FOR LIFE