623
CDUS45 KPIH 250747
CLISNT


CLIMATE REPORT
NATIONAL WEATHER SERVICE POCATELLO ID
1240 AM MST SUN JAN 25 2015


...................................

...THE STANLEY ID CLIMATE SUMMARY FOR JANUARY 24 2015...

CLIMATE NORMAL PERIOD 1981 TO 2010
CLIMATE RECORD PERIOD 1916 TO 2015


WEATHER ITEM   OBSERVED TIME   RECORD YEAR NORMAL DEPARTURE LAST
                VALUE   (LST)  VALUE       VALUE  FROM      YEAR
                                                  NORMAL
..................................................................
TEMPERATURE (F)
 YESTERDAY
  MAXIMUM         41R   444 PM  41    1919  28     13       28
  MINIMUM         12   1215 AM -34    1989   1     11      -12
  AVERAGE         27                        15     12        8

PRECIPITATION (IN)
  YESTERDAY        0.00          0.14 2013   0.05  -0.05     0.00
  MONTH TO DATE    1.39                      1.23   0.16     1.20
  SINCE OCT 1      8.10                      6.08   2.02     4.81
  SINCE JAN 1      1.39                      1.23   0.16     1.20

SNOWFALL (IN)
  YESTERDAY       MM
  MONTH TO DATE   MM
  SINCE DEC 1     MM
  SINCE JUL 1     MM
  SNOW DEPTH      MM

DEGREE DAYS
 HEATING
  YESTERDAY       38                        50    -12       57
  MONTH TO DATE 1119                      1220   -101     1181
  SINCE DEC 1   2481                      2785   -304     2817
  SINCE JUL 1   5074                      5882   -808     5606

 COOLING
  YESTERDAY        0                         0      0        0
  MONTH TO DATE    0                         0      0        0
  SINCE DEC 1      0                         0      0        0
  SINCE JAN 1      0                         0      0        0
..................................................................


WIND (MPH)
  HIGHEST WIND SPEED     8   HIGHEST WIND DIRECTION     E (100)
  HIGHEST GUST SPEED    11   HIGHEST GUST DIRECTION     S (160)
  AVERAGE WIND SPEED     2.0


SKY COVER
  POSSIBLE SUNSHINE  MM
  AVERAGE SKY COVER 0.0


WEATHER CONDITIONS
 THE FOLLOWING WEATHER WAS RECORDED YESTERDAY.
  NO SIGNIFICANT WEATHER WAS OBSERVED.


RELATIVE HUMIDITY (PERCENT)
 HIGHEST    85           900 PM
 LOWEST     64           100 PM
 AVERAGE    75

..........................................................


THE STANLEY ID CLIMATE NORMALS FOR TODAY
                         NORMAL    RECORD    YEAR
 MAXIMUM TEMPERATURE (F)   28        42      1992
 MINIMUM TEMPERATURE (F)    1       -32      1979


SUNRISE AND SUNSET
JANUARY 25 2015.......SUNRISE   805 AM MST   SUNSET   540 PM MST
JANUARY 26 2015.......SUNRISE   804 AM MST   SUNSET   541 PM MST


-  INDICATES NEGATIVE NUMBERS.
R  INDICATES RECORD WAS SET OR TIED.
MM INDICATES DATA IS MISSING.
T  INDICATES TRACE AMOUNT.




$$






U.S. Dept. of Commerce
NOAA National Weather Service
1325 East West Highway
Silver Spring, MD 20910
E-mail: w-nws.webmaster@noaa.gov
Page last modified: May 16, 2007
NATIONAL WEATHER SERVICE: for Safety, for Work, for Fun - FOR LIFE