985
CDUS45 KPIH 250745
CLISNT


CLIMATE REPORT
NATIONAL WEATHER SERVICE POCATELLO ID
143 AM MDT FRI JUL 25 2014


...................................

...THE STANLEY ID CLIMATE SUMMARY FOR JULY 24 2014...

CLIMATE NORMAL PERIOD 1981 TO 2010
CLIMATE RECORD PERIOD 1916 TO 2014


WEATHER ITEM   OBSERVED TIME   RECORD YEAR NORMAL DEPARTURE LAST
                VALUE   (LST)  VALUE       VALUE  FROM      YEAR
                                                  NORMAL
..................................................................
TEMPERATURE (F)
 YESTERDAY
  MAXIMUM         72    412 PM  90    1976  80     -8       87
  MINIMUM         37   1159 PM  22    1968  38     -1       39
  AVERAGE         55                        59     -4       63

PRECIPITATION (IN)
  YESTERDAY        0.00          0.41 1977   0.02  -0.02     0.00
  MONTH TO DATE    0.18                      0.56  -0.38     0.28
  SINCE OCT 1     17.05                     15.33   1.72    14.40
  SINCE JAN 1     13.44                     10.48   2.96     6.21

SNOWFALL (IN)
  YESTERDAY       MM
  MONTH TO DATE   MM
  SINCE JUN 1     MM
  SINCE JUL 1     MM
  SNOW DEPTH      MM

DEGREE DAYS
 HEATING
  YESTERDAY       10                         6      4        2
  MONTH TO DATE   77                       197   -120      103
  SINCE JUN 1    547                       651   -104      472
  SINCE JUL 1     77                       197   -120      103

 COOLING
  YESTERDAY        0                         0      0        0
  MONTH TO DATE   10                         0     10       16
  SINCE JUN 1     10                         0     10       19
  SINCE JAN 1     10                         0     10       19
..................................................................


WIND (MPH)
  HIGHEST WIND SPEED    17   HIGHEST WIND DIRECTION    NW (310)
  HIGHEST GUST SPEED    30   HIGHEST GUST DIRECTION    NW (320)
  AVERAGE WIND SPEED     5.3


SKY COVER
  POSSIBLE SUNSHINE  MM
  AVERAGE SKY COVER 0.0


WEATHER CONDITIONS
 THE FOLLOWING WEATHER WAS RECORDED YESTERDAY.
  NO SIGNIFICANT WEATHER WAS OBSERVED.


RELATIVE HUMIDITY (PERCENT)
 HIGHEST    79           600 AM
 LOWEST     11           300 PM
 AVERAGE    45

..........................................................


THE STANLEY ID CLIMATE NORMALS FOR TODAY
                         NORMAL    RECORD    YEAR
 MAXIMUM TEMPERATURE (F)   80        88      1968
 MINIMUM TEMPERATURE (F)   38        26      1922


SUNRISE AND SUNSET
JULY 25 2014..........SUNRISE   620 AM MDT   SUNSET   912 PM MDT
JULY 26 2014..........SUNRISE   621 AM MDT   SUNSET   911 PM MDT


-  INDICATES NEGATIVE NUMBERS.
R  INDICATES RECORD WAS SET OR TIED.
MM INDICATES DATA IS MISSING.
T  INDICATES TRACE AMOUNT.




$$





U.S. Dept. of Commerce
NOAA National Weather Service
1325 East West Highway
Silver Spring, MD 20910
E-mail: w-nws.webmaster@noaa.gov
Page last modified: May 16, 2007
NATIONAL WEATHER SERVICE: for Safety, for Work, for Fun - FOR LIFE