455
CDUS46 KMTR 210825
CLISNS


CLIMATE REPORT
NATIONAL WEATHER SERVICE SAN FRANCISCO BAY AREA
125 AM PDT TUE OCT 21 2014


...................................

...THE SALINAS AIRPORT CLIMATE SUMMARY FOR OCTOBER 20 2014...

CLIMATE NORMAL PERIOD 1981 TO 2010
CLIMATE RECORD PERIOD 1930 TO 2014


WEATHER ITEM   OBSERVED TIME   RECORD YEAR NORMAL DEPARTURE LAST
                VALUE   (LST)  VALUE       VALUE  FROM      YEAR
                                                  NORMAL
..................................................................
TEMPERATURE (F)
 YESTERDAY
  MAXIMUM         74   1156 AM  97    1964  73      1       66
  MINIMUM         57   1155 PM  34    1949  49      8       47
  AVERAGE         66                        61      5       57

PRECIPITATION (IN)
  YESTERDAY        T             0.22 1970   0.02  -0.02     0.00
  MONTH TO DATE    T                         0.31  -0.31     0.00
  SINCE JUL 1      0.11                      0.51  -0.40     0.11
  SINCE JAN 1      5.08                      9.23  -4.15     2.44

DEGREE DAYS
 HEATING
  YESTERDAY        0                         5     -5        8
  MONTH TO DATE    8                        76    -68       73
  SINCE SEP 1     19                       136   -117       91
  SINCE JUL 1     60                       271   -211      196

 COOLING
  YESTERDAY        1                         1      0        0
  MONTH TO DATE   74                        20     54       17
  SINCE SEP 1    121                        56     65       71
  SINCE JAN 1    254                       125    129      155
..................................................................


WIND (MPH)
  RESULTANT WIND SPEED   3   RESULTANT WIND DIRECTION   W (270)
  HIGHEST WIND SPEED    18   HIGHEST WIND DIRECTION     W (280)
  HIGHEST GUST SPEED    24   HIGHEST GUST DIRECTION     W (290)
  AVERAGE WIND SPEED     5.0


SKY COVER
  POSSIBLE SUNSHINE  MM
  AVERAGE SKY COVER 0.6


WEATHER CONDITIONS
 THE FOLLOWING WEATHER WAS RECORDED YESTERDAY.
  LIGHT RAIN
  FOG


RELATIVE HUMIDITY (PERCENT)
 HIGHEST    93           500 AM
 LOWEST     53          1200 PM
 AVERAGE    73

..........................................................


THE SALINAS AIRPORT CLIMATE NORMALS FOR TODAY
                         NORMAL    RECORD    YEAR
 MAXIMUM TEMPERATURE (F)   72        97      1937
 MINIMUM TEMPERATURE (F)   49        36      1949


SUNRISE AND SUNSET
OCTOBER 21 2014.......SUNRISE   619 AM PST   SUNSET   522 PM PST
OCTOBER 22 2014.......SUNRISE   620 AM PST   SUNSET   521 PM PST


-  INDICATES NEGATIVE NUMBERS.
R  INDICATES RECORD WAS SET OR TIED.
MM INDICATES DATA IS MISSING.
T  INDICATES TRACE AMOUNT.




$$





U.S. Dept. of Commerce
NOAA National Weather Service
1325 East West Highway
Silver Spring, MD 20910
E-mail: w-nws.webmaster@noaa.gov
Page last modified: May 16, 2007
NATIONAL WEATHER SERVICE: for Safety, for Work, for Fun - FOR LIFE