797
CDUS46 KMTR 260835
CLISNS


CLIMATE REPORT
NATIONAL WEATHER SERVICE SAN FRANCISCO BAY AREA
1226 AM PST WED NOV 26 2014


...................................

...THE SALINAS AIRPORT CLIMATE SUMMARY FOR NOVEMBER 25 2014...

CLIMATE NORMAL PERIOD 1981 TO 2010
CLIMATE RECORD PERIOD 1930 TO 2014


WEATHER ITEM   OBSERVED TIME   RECORD YEAR NORMAL DEPARTURE LAST
                VALUE   (LST)  VALUE       VALUE  FROM      YEAR
                                                  NORMAL
..................................................................
TEMPERATURE (F)
 YESTERDAY
  MAXIMUM         76    413 PM  85    1956  64     12       72
  MINIMUM         45    444 AM  28    1931  43      2       42
  AVERAGE         61                        54      7       57

PRECIPITATION (IN)
  YESTERDAY        0.00          0.97 1989   0.06  -0.06     0.00
  MONTH TO DATE    0.75                      1.12  -0.37     0.47
  SINCE JUL 1      2.00                      1.90   0.10     0.73
  SINCE JAN 1      6.97                     10.62  -3.65     3.06

DEGREE DAYS
 HEATING
  YESTERDAY        4                        11     -7        8
  MONTH TO DATE  100                       223   -123      204
  SINCE SEP 1    145                       422   -277      386
  SINCE JUL 1    186                       557   -371      491

 COOLING
  YESTERDAY        0                         0      0        0
  MONTH TO DATE    7                         0      7        0
  SINCE SEP 1    134                        58     76       71
  SINCE JAN 1    267                       127    140      155
..................................................................


WIND (MPH)
  RESULTANT WIND SPEED   6   RESULTANT WIND DIRECTION   E (90)
  HIGHEST WIND SPEED    17   HIGHEST WIND DIRECTION     E (90)
  HIGHEST GUST SPEED    22   HIGHEST GUST DIRECTION     E (100)
  AVERAGE WIND SPEED     7.2


SKY COVER
  POSSIBLE SUNSHINE  MM
  AVERAGE SKY COVER 0.0


WEATHER CONDITIONS
 THE FOLLOWING WEATHER WAS RECORDED YESTERDAY.
  NO SIGNIFICANT WEATHER WAS OBSERVED.


RELATIVE HUMIDITY (PERCENT)
 HIGHEST    71          1000 PM
 LOWEST     23           300 PM
 AVERAGE    47

..........................................................


THE SALINAS AIRPORT CLIMATE NORMALS FOR TODAY
                         NORMAL    RECORD    YEAR
 MAXIMUM TEMPERATURE (F)   64        82      1947
 MINIMUM TEMPERATURE (F)   43        32      1940


SUNRISE AND SUNSET
NOVEMBER 26 2014......SUNRISE   655 AM PST   SUNSET   452 PM PST
NOVEMBER 27 2014......SUNRISE   656 AM PST   SUNSET   451 PM PST


-  INDICATES NEGATIVE NUMBERS.
R  INDICATES RECORD WAS SET OR TIED.
MM INDICATES DATA IS MISSING.
T  INDICATES TRACE AMOUNT.




$$





U.S. Dept. of Commerce
NOAA National Weather Service
1325 East West Highway
Silver Spring, MD 20910
E-mail: w-nws.webmaster@noaa.gov
Page last modified: May 16, 2007
NATIONAL WEATHER SERVICE: for Safety, for Work, for Fun - FOR LIFE