016
CDUS46 KMTR 240826
CLISNS


CLIMATE REPORT
NATIONAL WEATHER SERVICE SAN FRANCISCO BAY AREA
125 AM PDT THU APR 24 2014


...................................

...THE SALINAS AIRPORT CLIMATE SUMMARY FOR APRIL 23 2014...

CLIMATE NORMAL PERIOD 1981 TO 2010
CLIMATE RECORD PERIOD 1930 TO 2014


WEATHER ITEM   OBSERVED TIME   RECORD YEAR NORMAL DEPARTURE LAST
                VALUE   (LST)  VALUE       VALUE  FROM      YEAR
                                                  NORMAL
..................................................................
TEMPERATURE (F)
 YESTERDAY
  MAXIMUM         65    334 PM  91    1946  68     -3       66
  MINIMUM         47    551 AM  32    1937  47      0       48
  AVERAGE         56                        57     -1       57

PRECIPITATION (IN)
  YESTERDAY        0.00          0.69 1967   0.03  -0.03     0.00
  MONTH TO DATE    0.37                      0.79  -0.42     0.27
  SINCE JUL 1      5.66                     12.25  -6.59     8.92
  SINCE JAN 1      4.72                      8.14  -3.42     2.28

DEGREE DAYS
 HEATING
  YESTERDAY        9                         8      1        8
  MONTH TO DATE  143                       202    -59      167
  SINCE MAR 1    341                       522   -181      447
  SINCE JUL 1   1773                      2336   -563     2202

 COOLING
  YESTERDAY        0                         0      0        0
  MONTH TO DATE    3                         0      3        1
  SINCE MAR 1      4                         1      3        1
  SINCE JAN 1      6                         1      5        1
..................................................................


WIND (MPH)
  RESULTANT WIND SPEED   7   RESULTANT WIND DIRECTION   W (250)
  HIGHEST WIND SPEED    18   HIGHEST WIND DIRECTION     W (260)
  HIGHEST GUST SPEED    23   HIGHEST GUST DIRECTION     W (250)
  AVERAGE WIND SPEED     8.0


SKY COVER
  POSSIBLE SUNSHINE  MM
  AVERAGE SKY COVER 0.0


WEATHER CONDITIONS
 THE FOLLOWING WEATHER WAS RECORDED YESTERDAY.
  NO SIGNIFICANT WEATHER WAS OBSERVED.


RELATIVE HUMIDITY (PERCENT)
 HIGHEST    80           200 AM
 LOWEST     36          1100 AM
 AVERAGE    58

..........................................................


THE SALINAS AIRPORT CLIMATE NORMALS FOR TODAY
                         NORMAL    RECORD    YEAR
 MAXIMUM TEMPERATURE (F)   68        84      1992
 MINIMUM TEMPERATURE (F)   47        34      1937


SUNRISE AND SUNSET
APRIL 24 2014.........SUNRISE   521 AM PST   SUNSET   649 PM PST
APRIL 25 2014.........SUNRISE   520 AM PST   SUNSET   650 PM PST


-  INDICATES NEGATIVE NUMBERS.
R  INDICATES RECORD WAS SET OR TIED.
MM INDICATES DATA IS MISSING.
T  INDICATES TRACE AMOUNT.




$$





U.S. Dept. of Commerce
NOAA National Weather Service
1325 East West Highway
Silver Spring, MD 20910
E-mail: w-nws.webmaster@noaa.gov
Page last modified: May 16, 2007
NATIONAL WEATHER SERVICE: for Safety, for Work, for Fun - FOR LIFE