025
CDUS46 KMTR 310828
CLISNS


CLIMATE REPORT
NATIONAL WEATHER SERVICE SAN FRANCISCO BAY AREA
128 AM PDT FRI OCT 31 2014


...................................

...THE SALINAS AIRPORT CLIMATE SUMMARY FOR OCTOBER 30 2014...

CLIMATE NORMAL PERIOD 1981 TO 2010
CLIMATE RECORD PERIOD 1930 TO 2014


WEATHER ITEM   OBSERVED TIME   RECORD YEAR NORMAL DEPARTURE LAST
                VALUE   (LST)  VALUE       VALUE  FROM      YEAR
                                                  NORMAL
..................................................................
TEMPERATURE (F)
 YESTERDAY
  MAXIMUM         74   1205 PM  94    1939  71      3       67
  MINIMUM         57   1249 AM  30    1935  47     10       42
  AVERAGE         66                        59      7       55

PRECIPITATION (IN)
  YESTERDAY        0.00          0.66 1975   0.03  -0.03     0.00
  MONTH TO DATE    0.19                      0.55  -0.36     0.15
  SINCE JUL 1      0.30                      0.75  -0.45     0.26
  SINCE JAN 1      5.27                      9.47  -4.20     2.59

DEGREE DAYS
 HEATING
  YESTERDAY        0                         6     -6       10
  MONTH TO DATE   33                       131    -98      157
  SINCE SEP 1     44                       191   -147      175
  SINCE JUL 1     85                       326   -241      280

 COOLING
  YESTERDAY        1                         0      1        0
  MONTH TO DATE   80                        23     57       17
  SINCE SEP 1    127                        59     68       71
  SINCE JAN 1    260                       128    132      155
..................................................................


WIND (MPH)
  RESULTANT WIND SPEED   1   RESULTANT WIND DIRECTION   N (350)
  HIGHEST WIND SPEED    18   HIGHEST WIND DIRECTION     W (280)
  HIGHEST GUST SPEED    24   HIGHEST GUST DIRECTION     W (290)
  AVERAGE WIND SPEED     7.1


SKY COVER
  POSSIBLE SUNSHINE  MM
  AVERAGE SKY COVER 0.3


WEATHER CONDITIONS
 THE FOLLOWING WEATHER WAS RECORDED YESTERDAY.
  NO SIGNIFICANT WEATHER WAS OBSERVED.


RELATIVE HUMIDITY (PERCENT)
 HIGHEST    78           800 PM
 LOWEST     37          1100 AM
 AVERAGE    58

..........................................................


THE SALINAS AIRPORT CLIMATE NORMALS FOR TODAY
                         NORMAL    RECORD    YEAR
 MAXIMUM TEMPERATURE (F)   71        91      1966
 MINIMUM TEMPERATURE (F)   47        28      1935


SUNRISE AND SUNSET
OCTOBER 31 2014.......SUNRISE   629 AM PST   SUNSET   510 PM PST
NOVEMBER  1 2014......SUNRISE   630 AM PST   SUNSET   509 PM PST


-  INDICATES NEGATIVE NUMBERS.
R  INDICATES RECORD WAS SET OR TIED.
MM INDICATES DATA IS MISSING.
T  INDICATES TRACE AMOUNT.




$$





U.S. Dept. of Commerce
NOAA National Weather Service
1325 East West Highway
Silver Spring, MD 20910
E-mail: w-nws.webmaster@noaa.gov
Page last modified: May 16, 2007
NATIONAL WEATHER SERVICE: for Safety, for Work, for Fun - FOR LIFE