925
CDAK48 PASN 281209
CLISNP

CLIMATE REPORT
NATIONAL WEATHER SERVICE ST PAUL, AK
309 AM AKST FRI NOV 28 2014

...................................
...THE ST PAUL AIRPORT CLIMATE SUMMARY FOR NOVEMBER 27 2014...

CLIMATE NORMAL PERIOD  1981 TO  2010
CLIMATE RECORD PERIOD  1892 TO  2014

WEATHER ITEM   OBSERVED TIME    RECORD YEAR NORMAL DEPARTURE LAST
               VALUE    (LST)   VALUE       VALUE  FROM      YEAR
                                                   NORMAL
...................................................................
TEMPERATURE
YESTERDAY
 MAXIMUM            42  0234 PM    44  1970     35       7     35
 MINIMUM            36  0933 PM    10  1987     27       9     29
 AVERAGE            39                          31       8     32

PRECIPITATION
(INCHES)
 YESTERDAY        0.03           0.51  2004   0.09   -0.06   0.02
 MONTH TO DATE    1.56                        2.64   -1.08   3.70
 SINCE SEP 1      6.71                        8.74   -2.03  10.26
 SINCE JAN 1     20.06                       21.17   -1.11  24.29

SNOWFALL
(INCHES)
 YESTERDAY           T            5.6  1988    0.3    -0.3      T
 MONTH TO DATE     0.7                         7.2    -6.5    2.7
 SINCE SEP 1       0.7                         9.2    -8.5    2.7
 SINCE JUL 1       0.7                         9.2    -8.5    2.7
 SNOW DEPTH (IN)     0                                          0

DEGREE DAYS
 HEATING
  YESTERDAY         26                          34      -8     33
  MONTH TO DATE    745                         858    -113    796
  SINCE SEP 1     2006                        2266    -260   2132
  SINCE JUL 1     2824                        3318    -494   3175

 COOLING
  YESTERDAY          0                           0       0      0
  MONTH TO DATE      0                           0       0      0
  SINCE SEP 1        0                           0       0      0
  SINCE JAN 1        0                           0       0      0
...................................................................

WIND (MPH)
 HIGHEST WIND SPEED    40     HIGHEST WIND DIRECTION    180
 HIGHEST GUST SPEED    52     HIGHEST GUST DIRECTION    180
 AVERAGE WIND SPEED  26.4

WEATHER CONDITIONS
 THE FOLLOWING WEATHER WAS RECORDED YESTERDAY.
  SMOKE OR HAZE
FOG
RAIN
SNOW

...................................................................

THE ST PAUL CLIMATE NORMALS FOR TODAY
                           NORMAL    RECORD   YEAR
 MAXIMUM TEMPERATURE (F)     35        42     2007
 MINIMUM TEMPERATURE (F)     27         8     1988

SUNRISE AND SUNSET
 NOV 28 2014..........SUNRISE 10:31 AM      SUNSET  5:48 PM
 NOV 29 2014..........SUNRISE 10:32 AM      SUNSET  5:47 PM

-  INDICATES NEGATIVE NUMBERS.
R  INDICATES RECORD HAS BEEN SET OR TIED.
MM INDICATES DATA IS MISSING.
T  INDICATES TRACE OF PRECIPITATION.

&&
-------------------------------------------------------------------

AMOUNT OF DAYLIGHT TODAY  (HOUR:MIN)........7 HOURS 17 MINUTES
GAIN/LOSS SINCE YESTERDAY (HOUR:MIN:SEC)....-0:03:02

$$
TR NOV 14





U.S. Dept. of Commerce
NOAA National Weather Service
1325 East West Highway
Silver Spring, MD 20910
E-mail: w-nws.webmaster@noaa.gov
Page last modified: May 16, 2007
NATIONAL WEATHER SERVICE: for Safety, for Work, for Fun - FOR LIFE