174
CDAK48 PASN 241141
CLISNP

CLIMATE REPORT
NATIONAL WEATHER SERVICE ST PAUL, AK
341 AM AKDT THU JUL 24 2014

...................................
...THE ST PAUL AIRPORT CLIMATE SUMMARY FOR JULY 23 2014...

CLIMATE NORMAL PERIOD  1981 TO  2010
CLIMATE RECORD PERIOD  1949 TO  2014

WEATHER ITEM   OBSERVED TIME    RECORD YEAR NORMAL DEPARTURE LAST
               VALUE    (LST)   VALUE       VALUE  FROM      YEAR
                                                   NORMAL
...................................................................
TEMPERATURE
YESTERDAY
 MAXIMUM            54  0206 PM    60  1979     51       3     54
 MINIMUM            49  0622 AM    33  1992     44       5     43
 AVERAGE            52                          48       4     49

PRECIPITATION
(INCHES)
 YESTERDAY           T           0.54  2004   0.07   -0.07   0.02
 MONTH TO DATE    1.07                        1.28   -0.21   1.39
 SINCE JUN 1      2.09                        2.63   -0.54   2.94
 SINCE JAN 1      9.23                        8.79    0.44  10.12

SNOWFALL
(INCHES)
 YESTERDAY         0.0            0.0  2014    0.0     0.0    0.0
 MONTH TO DATE     0.0                         0.0     0.0    0.0
 SINCE JUN 1       0.0                         0.0     0.0    0.0
 SINCE JUL 1       0.0                         0.0     0.0    0.0
 SNOW DEPTH (IN)     0                                          0

DEGREE DAYS
 HEATING
  YESTERDAY         13                          17      -4     16
  MONTH TO DATE    344                         417     -73    440
  SINCE JUN 1      972                        1096    -124   1150
  SINCE JUL 1      344                         417     -73    440

 COOLING
  YESTERDAY          0                           0       0      0
  MONTH TO DATE      0                           0       0      0
  SINCE JUN 1        0                           0       0      0
  SINCE JAN 1        0                           0       0      0
...................................................................

WIND (MPH)
 HIGHEST WIND SPEED    25     HIGHEST WIND DIRECTION    260
 HIGHEST GUST SPEED    30     HIGHEST GUST DIRECTION    270
 AVERAGE WIND SPEED  12.6

SKY COVER
  POSSIBLE SUNSHINE    MM          AVERAGE SKY COVER     MM

WEATHER CONDITIONS
 THE FOLLOWING WEATHER WAS RECORDED YESTERDAY.
FOG
RAIN


RELATIVE HUMIDITY
 HIGHEST RH     MM PERCENT       MM
 LOWEST  RH     MM PERCENT       MM
 AVERAGE RH     MM PERCENT       MM
...................................................................

THE ST PAUL CLIMATE NORMALS FOR TODAY
                           NORMAL    RECORD   YEAR
 MAXIMUM TEMPERATURE (F)     51        62     2013
 MINIMUM TEMPERATURE (F)     45        32     2008

SUNRISE AND SUNSET
 JUL 24 2014..........SUNRISE  7:04 AM      SUNSET 11:50 PM
 JUL 25 2014..........SUNRISE  7:06 AM      SUNSET 11:48 PM

-  INDICATES NEGATIVE NUMBERS.
R  INDICATES RECORD HAS BEEN SET OR TIED.
MM INDICATES DATA IS MISSING.
T  INDICATES TRACE OF PRECIPITATION.

&&
-------------------------------------------------------------------

AMOUNT OF DAYLIGHT TODAY  (HOUR:MIN)........16 HOURS 46 MINUTES
GAIN/LOSS SINCE YESTERDAY (HOUR:MIN:SEC)....-0:03:40

$$
WIW JUL 14





U.S. Dept. of Commerce
NOAA National Weather Service
1325 East West Highway
Silver Spring, MD 20910
E-mail: w-nws.webmaster@noaa.gov
Page last modified: May 16, 2007
NATIONAL WEATHER SERVICE: for Safety, for Work, for Fun - FOR LIFE