300
CDAK48 PASN 242343
CLISNP

CLIMATE REPORT
NATIONAL WEATHER SERVICE ST PAUL, AK
343 PM AKDT THU APR 24 2014

...................................
...THE ST PAUL AIRPORT CLIMATE SUMMARY FOR APRIL 24 2014...
VALID TODAY AS OF 2:00 PM LOCAL TIME

CLIMATE NORMAL PERIOD  1981 TO  2010
CLIMATE RECORD PERIOD  1949 TO  2014

WEATHER ITEM   OBSERVED TIME    RECORD YEAR NORMAL DEPARTURE LAST
               VALUE    (LST)   VALUE       VALUE  FROM      YEAR
                                                   NORMAL
...................................................................
TEMPERATURE
TODAY
 MAXIMUM            41  0130 PM    43  1979     35       6     33
 MINIMUM            35  0817 AM     2  1976     27       8     24
 AVERAGE            38                          31       7     29

PRECIPITATION
(INCHES)
 TODAY               T           0.69  1995   0.04   -0.04   0.00
 MONTH TO DATE    0.78                        0.87   -0.09   0.25
 SINCE MAR 1      1.98                        1.94    0.04   3.38
 SINCE JAN 1      6.31                        4.82    1.49   6.23

SNOWFALL
(INCHES)
 TODAY               T            3.5  1995    0.2    -0.2    0.0
 MONTH TO DATE     1.0                         5.0    -4.0    2.3
 SINCE MAR 1       9.4                        13.0    -3.6   29.2
 SINCE JUL 1      43.7                        58.0   -14.3   72.7
 SNOW DEPTH (IN)     T                                         21

DEGREE DAYS
 HEATING
  TODAY             27                          34      -7     36
  MONTH TO DATE    755                         875    -120   1006
  SINCE MAR 1     2001                        2112    -111   2284
  SINCE JUL 1     8447                        9031    -584   9744

 COOLING
  TODAY              0                           0       0      0
  MONTH TO DATE      0                           0       0      0
  SINCE MAR 1        0                           0       0      0
  SINCE JAN 1        0                           0       0      0
...................................................................

WIND (MPH)
 HIGHEST WIND SPEED    22     HIGHEST WIND DIRECTION     80
 HIGHEST GUST SPEED    27     HIGHEST GUST DIRECTION     90
 AVERAGE WIND SPEED    MM

SKY COVER
  POSSIBLE SUNSHINE  MM            AVERAGE SKY COVER MM

WEATHER CONDITIONS
 THE FOLLOWING WEATHER WAS RECORDED TODAY.
FOG
RAIN
SNOW


RELATIVE HUMIDITY
 HIGHEST RH     MM PERCENT       MM
 LOWEST  RH     MM PERCENT       MM
 AVERAGE RH     MM PERCENT       MM
...................................................................

THE ST PAUL CLIMATE NORMALS FOR TOMORROW
                        NORMAL    RECORD   YEAR
 MAXIMUM TEMPERATURE      36        45     1979
 MINIMUM TEMPERATURE      28         6     1976

SUNRISE AND SUNSET
 APR 24 2014..........SUNRISE  7:49 AM      SUNSET 10:51 PM
 APR 25 2014..........SUNRISE  7:47 AM      SUNSET 10:54 PM

-  INDICATES NEGATIVE NUMBERS.
R  INDICATES RECORD HAS BEEN SET OR TIED.
MM INDICATES DATA IS MISSING.
T  INDICATES TRACE OF PRECIPITATION.

&&
-------------------------------------------------------------------

AMOUNT OF DAYLIGHT TODAY  (HOUR:MIN)........15 HOURS 2 MINUTES
GAIN/LOSS SINCE YESTERDAY (HOUR:MIN:SEC)....+0:04:39

$$
WIW APR 14





U.S. Dept. of Commerce
NOAA National Weather Service
1325 East West Highway
Silver Spring, MD 20910
E-mail: w-nws.webmaster@noaa.gov
Page last modified: May 16, 2007
NATIONAL WEATHER SERVICE: for Safety, for Work, for Fun - FOR LIFE