447
CDUS46 KSGX 261422
CLISNA


CLIMATE REPORT
NATIONAL WEATHER SERVICE SAN DIEGO, CA
622 AM PST WED NOV 26 2014


...................................

...THE JOHN WAYNE AIRPORT CA CLIMATE SUMMARY FOR NOVEMBER 25 2014...

CLIMATE NORMAL PERIOD 1981 TO 2010
CLIMATE RECORD PERIOD 1999 TO 2014


WEATHER ITEM   OBSERVED TIME   RECORD YEAR NORMAL DEPARTURE LAST
                VALUE   (LST)  VALUE       VALUE  FROM      YEAR
                                                  NORMAL
..................................................................
TEMPERATURE (F)
 YESTERDAY
  MAXIMUM         83    227 PM  84    2009  69     14       70
  MINIMUM         52    623 AM  45    2010  50      2       49
  AVERAGE         68                        59      9       60

PRECIPITATION (IN)
  YESTERDAY        0.00          0.49 2008   0.03  -0.03     0.00
  MONTH TO DATE    0.19                      1.09  -0.90     0.27
  SINCE JUL 1      0.22                      2.13  -1.91     0.59
  SINCE JAN 1      2.81                     11.09  -8.28     2.56

SNOWFALL (IN)
  YESTERDAY        0.0
  MONTH TO DATE    0.0
  SINCE JAN 1      0.0
  SINCE JUL 1      0.0
  SNOW DEPTH       0

DEGREE DAYS
 HEATING
  YESTERDAY        0                         6     -6        5
  MONTH TO DATE    3                        93    -90       48
  SINCE SEP 1      3                       120   -117       66
  SINCE JUL 1      3                       120   -117       66

 COOLING
  YESTERDAY        3                         0      3        0
  MONTH TO DATE   84                        22     62       26
  SINCE SEP 1    783                       305    478      453
  SINCE JAN 1   2027                       876   1151     1157
..................................................................


WIND (MPH)
  RESULTANT WIND SPEED   1   RESULTANT WIND DIRECTION   W (270)
  HIGHEST WIND SPEED     9   HIGHEST WIND DIRECTION     W (250)
  HIGHEST GUST SPEED    13   HIGHEST GUST DIRECTION    SW (230)
  AVERAGE WIND SPEED     1.8


SKY COVER
  POSSIBLE SUNSHINE  MM
  AVERAGE SKY COVER 0.0


WEATHER CONDITIONS
 THE FOLLOWING WEATHER WAS RECORDED YESTERDAY.
  NO SIGNIFICANT WEATHER WAS OBSERVED.


RELATIVE HUMIDITY (PERCENT)
 HIGHEST    35           500 AM
 LOWEST      5          1200 PM
 AVERAGE    20

..........................................................


THE JOHN WAYNE AIRPORT CA CLIMATE NORMALS FOR TODAY
                         NORMAL    RECORD    YEAR
 MAXIMUM TEMPERATURE (F)   69        82      2009
 MINIMUM TEMPERATURE (F)   49        43      2010


SUNRISE AND SUNSET
NOVEMBER 26 2014......SUNRISE   634 AM PST   SUNSET   444 PM PST
NOVEMBER 27 2014......SUNRISE   634 AM PST   SUNSET   444 PM PST


-  INDICATES NEGATIVE NUMBERS.
R  INDICATES RECORD WAS SET OR TIED.
MM INDICATES DATA IS MISSING.
T  INDICATES TRACE AMOUNT.




$$





U.S. Dept. of Commerce
NOAA National Weather Service
1325 East West Highway
Silver Spring, MD 20910
E-mail: w-nws.webmaster@noaa.gov
Page last modified: May 16, 2007
NATIONAL WEATHER SERVICE: for Safety, for Work, for Fun - FOR LIFE