525
CDUS46 KSGX 231418
CLISNA


CLIMATE REPORT
NATIONAL WEATHER SERVICE SAN DIEGO, CA
717 AM PDT WED APR 23 2014


...................................

...THE JOHN WAYNE AIRPORT CA CLIMATE SUMMARY FOR APRIL 22 2014...

CLIMATE NORMAL PERIOD 1981 TO 2010
CLIMATE RECORD PERIOD 1999 TO 2014


WEATHER ITEM   OBSERVED TIME   RECORD YEAR NORMAL DEPARTURE LAST
                VALUE   (LST)  VALUE       VALUE  FROM      YEAR
                                                  NORMAL
..................................................................
TEMPERATURE (F)
 YESTERDAY
  MAXIMUM         72   1153 AM  76    2002  70      2       68
  MINIMUM         59   1159 PM  48    2010  55      4       57
                                      2001
  AVERAGE         66                        62      4       63

PRECIPITATION (IN)
  YESTERDAY        0.00          0.19 2010   0.04  -0.04     0.00
  MONTH TO DATE    0.19                      0.65  -0.46     0.01
  SINCE JUL 1      3.51                     12.78  -9.27     4.70
  SINCE JAN 1      2.46                      8.41  -5.95     1.68

SNOWFALL (IN)
  YESTERDAY        0.0
  MONTH TO DATE    0.0
  SINCE JAN 1      0.0
  SINCE JUL 1      0.0
  SNOW DEPTH       0

DEGREE DAYS
 HEATING
  YESTERDAY        0                         4     -4        2
  MONTH TO DATE   36                        97    -61       55
  SINCE MAR 1    105                       278   -173      209
  SINCE JUL 1    595                      1184   -589     1075

 COOLING
  YESTERDAY        1                         1      0        0
  MONTH TO DATE   38                         4     34        3
  SINCE MAR 1     58                        11     47        7
  SINCE JAN 1     85                        19     66        7
..................................................................


WIND (MPH)
  RESULTANT WIND SPEED   4   RESULTANT WIND DIRECTION   S (200)
  HIGHEST WIND SPEED    16   HIGHEST WIND DIRECTION    SW (230)
  HIGHEST GUST SPEED    22   HIGHEST GUST DIRECTION    SW (210)
  AVERAGE WIND SPEED     5.8


SKY COVER
  POSSIBLE SUNSHINE  MM
  AVERAGE SKY COVER 0.5


WEATHER CONDITIONS
 THE FOLLOWING WEATHER WAS RECORDED YESTERDAY.
  NO SIGNIFICANT WEATHER WAS OBSERVED.


RELATIVE HUMIDITY (PERCENT)
 HIGHEST    78          1200 AM
 LOWEST     51           200 PM
 AVERAGE    65

..........................................................


THE JOHN WAYNE AIRPORT CA CLIMATE NORMALS FOR TODAY
                         NORMAL    RECORD    YEAR
 MAXIMUM TEMPERATURE (F)   70        86      2004
 MINIMUM TEMPERATURE (F)   55        48      2010


SUNRISE AND SUNSET
APRIL 23 2014.........SUNRISE   611 AM PDT   SUNSET   729 PM PDT
APRIL 24 2014.........SUNRISE   610 AM PDT   SUNSET   729 PM PDT


-  INDICATES NEGATIVE NUMBERS.
R  INDICATES RECORD WAS SET OR TIED.
MM INDICATES DATA IS MISSING.
T  INDICATES TRACE AMOUNT.




$$





U.S. Dept. of Commerce
NOAA National Weather Service
1325 East West Highway
Silver Spring, MD 20910
E-mail: w-nws.webmaster@noaa.gov
Page last modified: May 16, 2007
NATIONAL WEATHER SERVICE: for Safety, for Work, for Fun - FOR LIFE