027
CDUS46 KSGX 191418
CLISNA


CLIMATE REPORT
NATIONAL WEATHER SERVICE SAN DIEGO, CA
718 AM PDT SAT APR 19 2014


...................................

...THE JOHN WAYNE AIRPORT CA CLIMATE SUMMARY FOR APRIL 18 2014...

CLIMATE NORMAL PERIOD 1981 TO 2010
CLIMATE RECORD PERIOD 1999 TO 2014


WEATHER ITEM   OBSERVED TIME   RECORD YEAR NORMAL DEPARTURE LAST
                VALUE   (LST)  VALUE       VALUE  FROM      YEAR
                                                  NORMAL
..................................................................
TEMPERATURE (F)
 YESTERDAY
  MAXIMUM         71   1256 PM  85    1999  69      2       80
  MINIMUM         61   1153 PM  50    2006  54      7       51
  AVERAGE         66                        62      4       66

PRECIPITATION (IN)
  YESTERDAY        0.00          0.00 2006   0.04  -0.04     0.00
  MONTH TO DATE    0.19                      0.51  -0.32     0.01
  SINCE JUL 1      3.51                     12.64  -9.13     4.70
  SINCE JAN 1      2.46                      8.27  -5.81     1.68

SNOWFALL (IN)
  YESTERDAY        0.0
  MONTH TO DATE    0.0
  SINCE JAN 1      0.0
  SINCE JUL 1      0.0
  SNOW DEPTH       0

DEGREE DAYS
 HEATING
  YESTERDAY        0                         4     -4        0
  MONTH TO DATE   36                        81    -45       52
  SINCE MAR 1    105                       262   -157      206
  SINCE JUL 1    595                      1168   -573     1072

 COOLING
  YESTERDAY        1                         0      1        1
  MONTH TO DATE   31                         0     31        1
  SINCE MAR 1     51                         7     44        5
  SINCE JAN 1     78                        15     63        5
..................................................................


WIND (MPH)
  RESULTANT WIND SPEED   4   RESULTANT WIND DIRECTION   S (200)
  HIGHEST WIND SPEED    15   HIGHEST WIND DIRECTION    SW (210)
  HIGHEST GUST SPEED    20   HIGHEST GUST DIRECTION     S (200)
  AVERAGE WIND SPEED     5.5


SKY COVER
  POSSIBLE SUNSHINE  MM
  AVERAGE SKY COVER 0.8


WEATHER CONDITIONS
 THE FOLLOWING WEATHER WAS RECORDED YESTERDAY.
  NO SIGNIFICANT WEATHER WAS OBSERVED.


RELATIVE HUMIDITY (PERCENT)
 HIGHEST    72          1200 AM
 LOWEST     49           500 PM
 AVERAGE    61

..........................................................


THE JOHN WAYNE AIRPORT CA CLIMATE NORMALS FOR TODAY
                         NORMAL    RECORD    YEAR
 MAXIMUM TEMPERATURE (F)   69        94      2009
 MINIMUM TEMPERATURE (F)   54        49      2007


SUNRISE AND SUNSET
APRIL 19 2014.........SUNRISE   616 AM PDT   SUNSET   726 PM PDT
APRIL 20 2014.........SUNRISE   615 AM PDT   SUNSET   726 PM PDT


-  INDICATES NEGATIVE NUMBERS.
R  INDICATES RECORD WAS SET OR TIED.
MM INDICATES DATA IS MISSING.
T  INDICATES TRACE AMOUNT.




$$





U.S. Dept. of Commerce
NOAA National Weather Service
1325 East West Highway
Silver Spring, MD 20910
E-mail: w-nws.webmaster@noaa.gov
Page last modified: May 16, 2007
NATIONAL WEATHER SERVICE: for Safety, for Work, for Fun - FOR LIFE