019
CDUS46 KSGX 301421
CLISNA


CLIMATE REPORT
NATIONAL WEATHER SERVICE SAN DIEGO, CA
721 AM PDT THU OCT 30 2014


...................................

...THE JOHN WAYNE AIRPORT CA CLIMATE SUMMARY FOR OCTOBER 29 2014...

CLIMATE NORMAL PERIOD 1981 TO 2010
CLIMATE RECORD PERIOD 1999 TO 2014


WEATHER ITEM   OBSERVED TIME   RECORD YEAR NORMAL DEPARTURE LAST
                VALUE   (LST)  VALUE       VALUE  FROM      YEAR
                                                  NORMAL
..................................................................
TEMPERATURE (F)
 YESTERDAY
  MAXIMUM         85R  1245 PM  83    2012  74     11       68
  MINIMUM         62    602 AM  46    2009  56      6       55
  AVERAGE         74                        65      9       62

PRECIPITATION (IN)
  YESTERDAY        0.00          0.30 2000   0.04  -0.04      T
  MONTH TO DATE    0.00                      0.68  -0.68     0.20
  SINCE JUL 1      0.03                      0.97  -0.94     0.32
  SINCE JAN 1      2.62                      9.93  -7.31     2.29

SNOWFALL (IN)
  YESTERDAY        0.0
  MONTH TO DATE    0.0
  SINCE JAN 1      0.0
  SINCE JUL 1      0.0
  SNOW DEPTH       0

DEGREE DAYS
 HEATING
  YESTERDAY        0                         2     -2        3
  MONTH TO DATE    0                        20    -20       14
  SINCE SEP 1      0                        21    -21       14
  SINCE JUL 1      0                        21    -21       14

 COOLING
  YESTERDAY        9                         2      7        0
  MONTH TO DATE  274                        82    192       96
  SINCE SEP 1    690                       279    411      427
  SINCE JAN 1   1934                       850   1084     1131
..................................................................


WIND (MPH)
  RESULTANT WIND SPEED   1   RESULTANT WIND DIRECTION  SW (210)
  HIGHEST WIND SPEED     9   HIGHEST WIND DIRECTION    SW (220)
  HIGHEST GUST SPEED    12   HIGHEST GUST DIRECTION    SW (230)
  AVERAGE WIND SPEED     2.4


SKY COVER
  POSSIBLE SUNSHINE  MM
  AVERAGE SKY COVER 0.0


WEATHER CONDITIONS
 THE FOLLOWING WEATHER WAS RECORDED YESTERDAY.
  NO SIGNIFICANT WEATHER WAS OBSERVED.


RELATIVE HUMIDITY (PERCENT)
 HIGHEST    78           200 AM
 LOWEST     37           300 PM
 AVERAGE    58

..........................................................


THE JOHN WAYNE AIRPORT CA CLIMATE NORMALS FOR TODAY
                         NORMAL    RECORD    YEAR
 MAXIMUM TEMPERATURE (F)   74        89      1999
 MINIMUM TEMPERATURE (F)   56        50      2009


SUNRISE AND SUNSET
OCTOBER 30 2014.......SUNRISE   709 AM PDT   SUNSET   601 PM PDT
OCTOBER 31 2014.......SUNRISE   710 AM PDT   SUNSET   600 PM PDT


-  INDICATES NEGATIVE NUMBERS.
R  INDICATES RECORD WAS SET OR TIED.
MM INDICATES DATA IS MISSING.
T  INDICATES TRACE AMOUNT.




$$





U.S. Dept. of Commerce
NOAA National Weather Service
1325 East West Highway
Silver Spring, MD 20910
E-mail: w-nws.webmaster@noaa.gov
Page last modified: May 16, 2007
NATIONAL WEATHER SERVICE: for Safety, for Work, for Fun - FOR LIFE