016
CDUS46 KLOX 290914
CLISMX


CLIMATE REPORT
NATIONAL WEATHER SERVICE LOS ANGELES/OXNARD CA
214 AM PDT TUE JUL 29 2014


...................................

...THE SANTA MARIA AIRPORT CA CLIMATE SUMMARY FOR JULY 28 2014...

CLIMATE NORMAL PERIOD 1981 TO 2010
CLIMATE RECORD PERIOD 1906 TO 2014


WEATHER ITEM   OBSERVED TIME   RECORD YEAR NORMAL DEPARTURE LAST
                VALUE   (LST)  VALUE       VALUE  FROM      YEAR
                                                  NORMAL
..................................................................
TEMPERATURE (F)
 YESTERDAY
  MAXIMUM         85   1252 PM  90    1996  73     12       73
  MINIMUM         64    949 PM  43    1932  54     10       58
  AVERAGE         75                        64     11       66

PRECIPITATION (IN)
  YESTERDAY        T   R         T    1993   0.00   0.00     0.00
  MONTH TO DATE    T                         0.03  -0.03     0.01
  SINCE JUL 1      T                         0.03  -0.03     0.01
  SINCE JAN 1      4.01                      9.74  -5.73     2.50

SNOWFALL (IN)
  YESTERDAY        0.0
  MONTH TO DATE    0.0
  SINCE JUN 1      0.0
  SINCE JUL 1      0.0

DEGREE DAYS
 HEATING
  YESTERDAY        0                         2     -2
  MONTH TO DATE    0                        67    -67
  SINCE JUN 1     60                       208   -148
  SINCE JUL 1      0                        67    -67

 COOLING
  YESTERDAY       10                         1      9
  MONTH TO DATE  103                        23     80
  SINCE JUN 1    111                        29     82
  SINCE JAN 1    217                        39    178
..................................................................


WIND (MPH)
  HIGHEST WIND SPEED    MM   HIGHEST WIND DIRECTION    MM
  HIGHEST GUST SPEED    MM   HIGHEST GUST DIRECTION    MM
  AVERAGE WIND SPEED     4.0


SKY COVER
  POSSIBLE SUNSHINE  MM
  AVERAGE SKY COVER 0.5


WEATHER CONDITIONS
 THE FOLLOWING WEATHER WAS RECORDED YESTERDAY.
  LIGHT RAIN
  FOG
  HAZE


RELATIVE HUMIDITY (PERCENT)
 HIGHEST    87           600 AM
 LOWEST     44           100 PM
 AVERAGE    66

..........................................................


THE SANTA MARIA AIRPORT CA CLIMATE NORMALS FOR TODAY
                         NORMAL    RECORD    YEAR
 MAXIMUM TEMPERATURE (F)   73        89      1996
 MINIMUM TEMPERATURE (F)   54        43      1932


SUNRISE AND SUNSET
JULY 29 2014..........SUNRISE   609 AM PDT   SUNSET   807 PM PDT
JULY 30 2014..........SUNRISE   610 AM PDT   SUNSET   806 PM PDT


-  INDICATES NEGATIVE NUMBERS.
R  INDICATES RECORD WAS SET OR TIED.
MM INDICATES DATA IS MISSING.
T  INDICATES TRACE AMOUNT.




$$





U.S. Dept. of Commerce
NOAA National Weather Service
1325 East West Highway
Silver Spring, MD 20910
E-mail: w-nws.webmaster@noaa.gov
Page last modified: May 16, 2007
NATIONAL WEATHER SERVICE: for Safety, for Work, for Fun - FOR LIFE