526
CDUS46 KLOX 180908
CLISMX


CLIMATE REPORT
NATIONAL WEATHER SERVICE LOS ANGELES/OXNARD CA
207 AM PDT THU SEP 18 2014


...................................

...THE SANTA MARIA AIRPORT CA CLIMATE SUMMARY FOR SEPTEMBER 17 2014...

CLIMATE NORMAL PERIOD 1981 TO 2010
CLIMATE RECORD PERIOD 1906 TO 2014


WEATHER ITEM   OBSERVED TIME   RECORD YEAR NORMAL DEPARTURE LAST
                VALUE   (LST)  VALUE       VALUE  FROM      YEAR
                                                  NORMAL
..................................................................
TEMPERATURE (F)
 YESTERDAY
  MAXIMUM         80    228 PM  98    1984  74      6       73
  MINIMUM         56    626 AM  39    1927  53      3       55
  AVERAGE         68                        63      5       64

PRECIPITATION (IN)
  YESTERDAY        0.00          0.32 1921   0.01  -0.01     0.00
  MONTH TO DATE    0.00                      0.06  -0.06     0.00
  SINCE JUL 1      T                         0.11  -0.11     0.01
  SINCE JAN 1      4.01                      9.82  -5.81     2.50

SNOWFALL (IN)
  YESTERDAY        0.0
  MONTH TO DATE    0.0
  SINCE SEP 1      0.0
  SINCE JUL 1      0.0

DEGREE DAYS
 HEATING
  YESTERDAY        0                         3     -3
  MONTH TO DATE    0                        41    -41
  SINCE SEP 1      0                        41    -41
  SINCE JUL 1      0                       177   -177

 COOLING
  YESTERDAY        3                         1      2
  MONTH TO DATE   48                        17     31
  SINCE SEP 1     48                        17     31
  SINCE JAN 1    393                        72    321
..................................................................


WIND (MPH)
  HIGHEST WIND SPEED    14   HIGHEST WIND DIRECTION     W (290)
  HIGHEST GUST SPEED    MM   HIGHEST GUST DIRECTION    MM
  AVERAGE WIND SPEED    MM


SKY COVER
  POSSIBLE SUNSHINE  MM
  AVERAGE SKY COVER 0.2


WEATHER CONDITIONS
 THE FOLLOWING WEATHER WAS RECORDED YESTERDAY.
  FOG
  FOG W/VISIBILITY <= 1/4 MILE
  HAZE


RELATIVE HUMIDITY (PERCENT)
 HIGHEST    93           700 AM
 LOWEST     48           100 PM
 AVERAGE    71

..........................................................


THE SANTA MARIA AIRPORT CA CLIMATE NORMALS FOR TODAY
                         NORMAL    RECORD    YEAR
 MAXIMUM TEMPERATURE (F)   74        95      1946
 MINIMUM TEMPERATURE (F)   53        39      1947


SUNRISE AND SUNSET
SEPTEMBER 18 2014.....SUNRISE   647 AM PDT   SUNSET   704 PM PDT
SEPTEMBER 19 2014.....SUNRISE   648 AM PDT   SUNSET   703 PM PDT


-  INDICATES NEGATIVE NUMBERS.
R  INDICATES RECORD WAS SET OR TIED.
MM INDICATES DATA IS MISSING.
T  INDICATES TRACE AMOUNT.




$$





U.S. Dept. of Commerce
NOAA National Weather Service
1325 East West Highway
Silver Spring, MD 20910
E-mail: w-nws.webmaster@noaa.gov
Page last modified: May 16, 2007
NATIONAL WEATHER SERVICE: for Safety, for Work, for Fun - FOR LIFE