882
CDUS43 KICT 150626
CLISLN


CLIMATE REPORT
NATIONAL WEATHER SERVICE WICHITA KS
125 AM CDT MON SEP 15 2014


...................................

...THE SALINA KS CLIMATE SUMMARY FOR SEPTEMBER 14 2014...

CLIMATE NORMAL PERIOD 1981 TO 2010
CLIMATE RECORD PERIOD 1894 TO 2014


WEATHER ITEM   OBSERVED TIME   RECORD YEAR NORMAL DEPARTURE LAST
                VALUE   (LST)  VALUE       VALUE  FROM      YEAR
                                                  NORMAL
..................................................................
TEMPERATURE (F)
 YESTERDAY
  MAXIMUM         79    350 PM 102    1911  83     -4       84
  MINIMUM         47    338 AM  37    1904  59    -12       58
  AVERAGE         63                        71     -8       71

PRECIPITATION (IN)
  YESTERDAY        0.00          1.02 1957   0.08  -0.08     0.00
  MONTH TO DATE    0.49                      1.31  -0.82     0.80
  SINCE SEP 1      0.49                      1.31  -0.82     0.80
  SINCE JAN 1     21.77                     25.65  -3.88    27.04

DEGREE DAYS
 HEATING
  YESTERDAY        2                         1      1        0
  MONTH TO DATE   37                         7     30        0
  SINCE SEP 1     37                         7     30        0
  SINCE JUL 1     37                         8     29        3

 COOLING
  YESTERDAY        0                         7     -7        6
  MONTH TO DATE   98                       129    -31      199
  SINCE SEP 1     98                       129    -31      199
  SINCE JAN 1   1656                      1536    120     1593
..................................................................


WIND (MPH)
  HIGHEST WIND SPEED    21   HIGHEST WIND DIRECTION    SE (150)
  HIGHEST GUST SPEED    26   HIGHEST GUST DIRECTION     S (190)
  AVERAGE WIND SPEED    11.5


SKY COVER
  POSSIBLE SUNSHINE  MM
  AVERAGE SKY COVER 0.1


WEATHER CONDITIONS
 THE FOLLOWING WEATHER WAS RECORDED YESTERDAY.
  NO SIGNIFICANT WEATHER WAS OBSERVED.


RELATIVE HUMIDITY (PERCENT)
 HIGHEST    86           400 AM
 LOWEST     48           400 PM
 AVERAGE    67

..........................................................


THE SALINA KS CLIMATE NORMALS FOR TODAY
                         NORMAL    RECORD    YEAR
 MAXIMUM TEMPERATURE (F)   82       101      1978
 MINIMUM TEMPERATURE (F)   59        34      1916


SUNRISE AND SUNSET
SEPTEMBER 15 2014.....SUNRISE   712 AM CDT   SUNSET   739 PM CDT
SEPTEMBER 16 2014.....SUNRISE   713 AM CDT   SUNSET   737 PM CDT


-  INDICATES NEGATIVE NUMBERS.
R  INDICATES RECORD WAS SET OR TIED.
MM INDICATES DATA IS MISSING.
T  INDICATES TRACE AMOUNT.




$$





U.S. Dept. of Commerce
NOAA National Weather Service
1325 East West Highway
Silver Spring, MD 20910
E-mail: w-nws.webmaster@noaa.gov
Page last modified: May 16, 2007
NATIONAL WEATHER SERVICE: for Safety, for Work, for Fun - FOR LIFE