312
CDUS41 KBTV 280546
CLISLK


CLIMATE REPORT
NATIONAL WEATHER SERVICE BURLINGTON VT
144 AM EDT MON JUL 28 2014


...................................

...THE SARANAC LAKE NY CLIMATE SUMMARY FOR JULY 27 2014...

CLIMATE NORMAL PERIOD 1981 TO 2010
CLIMATE RECORD PERIOD 9999 TO 9999


WEATHER ITEM   OBSERVED TIME   NORMAL DEPARTURE LAST
                VALUE   (LST)  VALUE  FROM      YEAR
                                      NORMAL
......................................................
TEMPERATURE (F)
 YESTERDAY
  MAXIMUM         74    359 PM  76     -2       80
  MINIMUM         53   1159 PM  51      2       39
  AVERAGE         64            63      1       60

PRECIPITATION (IN)
  YESTERDAY        0.36          0.13   0.23     0.00
  MONTH TO DATE    2.55          3.65  -1.10     5.12
  SINCE JUN 1      9.33          7.50   1.83    14.40
  SINCE JAN 1     21.49         19.85   1.64    25.40

DEGREE DAYS
 HEATING
  YESTERDAY        1             3     -2        5
  MONTH TO DATE   94            81     13       60
  SINCE JUN 1    261           265     -4      280
  SINCE JUL 1     94            81     13       60

 COOLING
  YESTERDAY        0             1     -1        0
  MONTH TO DATE   38            42     -4      100
  SINCE JUN 1     59            68     -9      136
  SINCE JAN 1     60            71    -11      146
......................................................


WIND (MPH)
  HIGHEST WIND SPEED    23   HIGHEST WIND DIRECTION     S (190)
  HIGHEST GUST SPEED    28   HIGHEST GUST DIRECTION    SW (210)
  AVERAGE WIND SPEED     6.0


SKY COVER
  AVERAGE SKY COVER 0.6


WEATHER CONDITIONS
 THE FOLLOWING WEATHER WAS RECORDED YESTERDAY.
  THUNDERSTORM
  RAIN
  LIGHT RAIN
  FOG
  HAZE


RELATIVE HUMIDITY (PERCENT)
 HIGHEST   100           700 AM
 LOWEST     61           600 PM
 AVERAGE    81

..........................................................


THE SARANAC LAKE NY CLIMATE NORMALS FOR TODAY
                         NORMAL    RECORD    YEAR
 MAXIMUM TEMPERATURE (F)   75        MM        MM
 MINIMUM TEMPERATURE (F)   51        MM        MM


SUNRISE AND SUNSET
JULY 28 2014..........SUNRISE   539 AM EDT   SUNSET   826 PM EDT
JULY 29 2014..........SUNRISE   541 AM EDT   SUNSET   825 PM EDT


-  INDICATES NEGATIVE NUMBERS.
R  INDICATES RECORD WAS SET OR TIED.
MM INDICATES DATA IS MISSING.
T  INDICATES TRACE AMOUNT.




$$





U.S. Dept. of Commerce
NOAA National Weather Service
1325 East West Highway
Silver Spring, MD 20910
E-mail: w-nws.webmaster@noaa.gov
Page last modified: May 16, 2007
NATIONAL WEATHER SERVICE: for Safety, for Work, for Fun - FOR LIFE