640
CDUS41 KBTV 020727
CLISLK


CLIMATE REPORT
NATIONAL WEATHER SERVICE BURLINGTON VT
326 AM EDT THU OCT 2 2014


...................................

...THE SARANAC LAKE NY CLIMATE SUMMARY FOR OCTOBER 1 2014...

CLIMATE NORMAL PERIOD 1981 TO 2010
CLIMATE RECORD PERIOD 9999 TO 9999


WEATHER ITEM   OBSERVED TIME   NORMAL DEPARTURE LAST
                VALUE   (LST)  VALUE  FROM      YEAR
                                      NORMAL
......................................................
TEMPERATURE (F)
 YESTERDAY
  MAXIMUM         66    147 PM  59      7       70
  MINIMUM         47    134 AM  36     11       37
  AVERAGE         57            47     10       54

PRECIPITATION (IN)
  YESTERDAY        0.00          0.10  -0.10     0.00
  MONTH TO DATE    0.00          0.10  -0.10     0.00
  SINCE SEP 1      2.00          3.39  -1.39     3.57
  SINCE JAN 1     27.96         27.93   0.03    32.45

DEGREE DAYS
 HEATING
  YESTERDAY        8            18    -10       11
  MONTH TO DATE    8            18    -10       11
  SINCE SEP 1    343           363    -20      396
  SINCE JUL 1    622           603     19      609

 COOLING
  YESTERDAY        0             0      0        0
  MONTH TO DATE    0             0      0        0
  SINCE SEP 1     13             7      6       16
  SINCE JAN 1     81           114    -33      187
......................................................


WIND (MPH)
  HIGHEST WIND SPEED    15   HIGHEST WIND DIRECTION    NE (40)
  HIGHEST GUST SPEED    18   HIGHEST GUST DIRECTION    NE (50)
  AVERAGE WIND SPEED     6.1


SKY COVER
  AVERAGE SKY COVER 0.6


WEATHER CONDITIONS
 THE FOLLOWING WEATHER WAS RECORDED YESTERDAY.
  FOG
  FOG W/VISIBILITY <= 1/4 MILE


RELATIVE HUMIDITY (PERCENT)
 HIGHEST   100          1200 AM
 LOWEST     67          1200 PM
 AVERAGE    84

..........................................................


THE SARANAC LAKE NY CLIMATE NORMALS FOR TODAY
                         NORMAL    RECORD    YEAR
 MAXIMUM TEMPERATURE (F)   59        MM        MM
 MINIMUM TEMPERATURE (F)   35        MM        MM


SUNRISE AND SUNSET
OCTOBER  2 2014.......SUNRISE   656 AM EDT   SUNSET   636 PM EDT
OCTOBER  3 2014.......SUNRISE   657 AM EDT   SUNSET   634 PM EDT


-  INDICATES NEGATIVE NUMBERS.
R  INDICATES RECORD WAS SET OR TIED.
MM INDICATES DATA IS MISSING.
T  INDICATES TRACE AMOUNT.




$$





U.S. Dept. of Commerce
NOAA National Weather Service
1325 East West Highway
Silver Spring, MD 20910
E-mail: w-nws.webmaster@noaa.gov
Page last modified: May 16, 2007
NATIONAL WEATHER SERVICE: for Safety, for Work, for Fun - FOR LIFE