029
CDUS41 KBTV 200535
CLISLK


CLIMATE REPORT
NATIONAL WEATHER SERVICE BURLINGTON VT
134 AM EDT MON OCT 20 2014


...................................

...THE SARANAC LAKE NY CLIMATE SUMMARY FOR OCTOBER 19 2014...

CLIMATE NORMAL PERIOD 1981 TO 2010
CLIMATE RECORD PERIOD 9999 TO 9999


WEATHER ITEM   OBSERVED TIME   NORMAL DEPARTURE LAST
                VALUE   (LST)  VALUE  FROM      YEAR
                                      NORMAL
......................................................
TEMPERATURE (F)
 YESTERDAY
  MAXIMUM         37        MM  52    -15       57
  MINIMUM         30        MM  30      0       29
  AVERAGE         34            41     -7       43

PRECIPITATION (IN)
  YESTERDAY        0.03          0.14  -0.11     0.10
  MONTH TO DATE    1.93          2.44  -0.51     1.87
  SINCE SEP 1      3.93          5.73  -1.80     5.44
  SINCE JAN 1     29.89         30.27  -0.38    34.32

DEGREE DAYS
 HEATING
  YESTERDAY       31            24      7       22
  MONTH TO DATE  296           399   -103      279
  SINCE SEP 1    631           744   -113      664
  SINCE JUL 1    910           984    -74      877

 COOLING
  YESTERDAY        0             0      0        0
  MONTH TO DATE    2             0      2        0
  SINCE SEP 1     15             7      8       16
  SINCE JAN 1     83           114    -31      187
......................................................


WIND (MPH)
  HIGHEST WIND SPEED    10   HIGHEST WIND DIRECTION     W (280)
  HIGHEST GUST SPEED    17   HIGHEST GUST DIRECTION     W (280)
  AVERAGE WIND SPEED     6.4


SKY COVER
  AVERAGE SKY COVER 1.0


WEATHER CONDITIONS
 THE FOLLOWING WEATHER WAS RECORDED YESTERDAY.
  LIGHT SNOW
  FOG


RELATIVE HUMIDITY (PERCENT)
 HIGHEST    96           400 AM
 LOWEST     64           800 PM
 AVERAGE    80

..........................................................


THE SARANAC LAKE NY CLIMATE NORMALS FOR TODAY
                         NORMAL    RECORD    YEAR
 MAXIMUM TEMPERATURE (F)   52        MM        MM
 MINIMUM TEMPERATURE (F)   30        MM        MM


SUNRISE AND SUNSET
OCTOBER 20 2014.......SUNRISE   718 AM EDT   SUNSET   604 PM EDT
OCTOBER 21 2014.......SUNRISE   719 AM EDT   SUNSET   603 PM EDT


-  INDICATES NEGATIVE NUMBERS.
R  INDICATES RECORD WAS SET OR TIED.
MM INDICATES DATA IS MISSING.
T  INDICATES TRACE AMOUNT.




$$





U.S. Dept. of Commerce
NOAA National Weather Service
1325 East West Highway
Silver Spring, MD 20910
E-mail: w-nws.webmaster@noaa.gov
Page last modified: May 16, 2007
NATIONAL WEATHER SERVICE: for Safety, for Work, for Fun - FOR LIFE