208
CDUS41 KBTV 240524
CLISLK


CLIMATE REPORT
NATIONAL WEATHER SERVICE BURLINGTON VT
123 AM EDT FRI OCT 24 2014


...................................

...THE SARANAC LAKE NY CLIMATE SUMMARY FOR OCTOBER 23 2014...

CLIMATE NORMAL PERIOD 1981 TO 2010
CLIMATE RECORD PERIOD 9999 TO 9999


WEATHER ITEM   OBSERVED TIME   NORMAL DEPARTURE LAST
                VALUE   (LST)  VALUE  FROM      YEAR
                                      NORMAL
......................................................
TEMPERATURE (F)
 YESTERDAY
  MAXIMUM         42    354 PM  51     -9       44
  MINIMUM         38    659 AM  29      9       28
  AVERAGE         40            40      0       36

PRECIPITATION (IN)
  YESTERDAY        0.05          0.14  -0.09     0.00
  MONTH TO DATE    2.24          2.98  -0.74     1.92
  SINCE SEP 1      4.24          6.27  -2.03     5.49
  SINCE JAN 1     30.20         30.81  -0.61    34.37

DEGREE DAYS
 HEATING
  YESTERDAY       25            25      0       29
  MONTH TO DATE  398           497    -99      379
  SINCE SEP 1    733           842   -109      764
  SINCE JUL 1   1012          1082    -70      977

 COOLING
  YESTERDAY        0             0      0        0
  MONTH TO DATE    2             0      2        0
  SINCE SEP 1     15             7      8       16
  SINCE JAN 1     83           114    -31      187
......................................................


WIND (MPH)
  HIGHEST WIND SPEED    15   HIGHEST WIND DIRECTION     N (20)
  HIGHEST GUST SPEED    20   HIGHEST GUST DIRECTION    NE (40)
  AVERAGE WIND SPEED     8.2


SKY COVER
  AVERAGE SKY COVER 1.0


WEATHER CONDITIONS
 THE FOLLOWING WEATHER WAS RECORDED YESTERDAY.
  LIGHT RAIN
  FOG


RELATIVE HUMIDITY (PERCENT)
 HIGHEST   100           700 PM
 LOWEST     79           100 AM
 AVERAGE    90

..........................................................


THE SARANAC LAKE NY CLIMATE NORMALS FOR TODAY
                         NORMAL    RECORD    YEAR
 MAXIMUM TEMPERATURE (F)   51        MM        MM
 MINIMUM TEMPERATURE (F)   29        MM        MM


SUNRISE AND SUNSET
OCTOBER 24 2014.......SUNRISE   723 AM EDT   SUNSET   558 PM EDT
OCTOBER 25 2014.......SUNRISE   725 AM EDT   SUNSET   556 PM EDT


-  INDICATES NEGATIVE NUMBERS.
R  INDICATES RECORD WAS SET OR TIED.
MM INDICATES DATA IS MISSING.
T  INDICATES TRACE AMOUNT.




$$





U.S. Dept. of Commerce
NOAA National Weather Service
1325 East West Highway
Silver Spring, MD 20910
E-mail: w-nws.webmaster@noaa.gov
Page last modified: May 16, 2007
NATIONAL WEATHER SERVICE: for Safety, for Work, for Fun - FOR LIFE