106
CDUS41 KBTV 210526
CLISLK


CLIMATE REPORT
NATIONAL WEATHER SERVICE BURLINGTON VT
125 AM EDT SUN SEP 21 2014


...................................

...THE SARANAC LAKE NY CLIMATE SUMMARY FOR SEPTEMBER 20 2014...

CLIMATE NORMAL PERIOD 1981 TO 2010
CLIMATE RECORD PERIOD 9999 TO 9999


WEATHER ITEM   OBSERVED TIME   NORMAL DEPARTURE LAST
                VALUE   (LST)  VALUE  FROM      YEAR
                                      NORMAL
......................................................
TEMPERATURE (F)
 YESTERDAY
  MAXIMUM         67    254 PM  64      3       78
  MINIMUM         30   1230 AM  40    -10       38
  AVERAGE         49            52     -3       58

PRECIPITATION (IN)
  YESTERDAY        0.00          0.11  -0.11     0.00
  MONTH TO DATE    1.88          2.27  -0.39     3.22
  SINCE SEP 1      1.88          2.27  -0.39     3.22
  SINCE JAN 1     27.84         26.81   1.03    32.10

DEGREE DAYS
 HEATING
  YESTERDAY       16            13      3        7
  MONTH TO DATE  238           193     45      230
  SINCE SEP 1    238           193     45      230
  SINCE JUL 1    517           433     84      443

 COOLING
  YESTERDAY        0             0      0        0
  MONTH TO DATE   12             7      5       16
  SINCE SEP 1     12             7      5       16
  SINCE JAN 1     80           114    -34      187
......................................................


WIND (MPH)
  HIGHEST WIND SPEED    25   HIGHEST WIND DIRECTION    SW (210)
  HIGHEST GUST SPEED    34   HIGHEST GUST DIRECTION    SW (220)
  AVERAGE WIND SPEED    14.6


SKY COVER
  AVERAGE SKY COVER 0.7


WEATHER CONDITIONS
 THE FOLLOWING WEATHER WAS RECORDED YESTERDAY.
  NO SIGNIFICANT WEATHER WAS OBSERVED.


RELATIVE HUMIDITY (PERCENT)
 HIGHEST    92          1200 AM
 LOWEST     68           300 PM
 AVERAGE    80

..........................................................


THE SARANAC LAKE NY CLIMATE NORMALS FOR TODAY
                         NORMAL    RECORD    YEAR
 MAXIMUM TEMPERATURE (F)   64        MM        MM
 MINIMUM TEMPERATURE (F)   39        MM        MM


SUNRISE AND SUNSET
SEPTEMBER 21 2014.....SUNRISE   643 AM EDT   SUNSET   656 PM EDT
SEPTEMBER 22 2014.....SUNRISE   644 AM EDT   SUNSET   654 PM EDT


-  INDICATES NEGATIVE NUMBERS.
R  INDICATES RECORD WAS SET OR TIED.
MM INDICATES DATA IS MISSING.
T  INDICATES TRACE AMOUNT.




$$





U.S. Dept. of Commerce
NOAA National Weather Service
1325 East West Highway
Silver Spring, MD 20910
E-mail: w-nws.webmaster@noaa.gov
Page last modified: May 16, 2007
NATIONAL WEATHER SERVICE: for Safety, for Work, for Fun - FOR LIFE