549
CDUS41 KBTV 010556
CLISLK


CLIMATE REPORT
NATIONAL WEATHER SERVICE BURLINGTON VT
1252 AM EST SUN FEB 1 2015


...................................

...THE SARANAC LAKE NY CLIMATE SUMMARY FOR JANUARY 31 2015...

CLIMATE NORMAL PERIOD 1981 TO 2010
CLIMATE RECORD PERIOD 9999 TO 9999


WEATHER ITEM   OBSERVED TIME   NORMAL DEPARTURE LAST
                VALUE   (LST)  VALUE  FROM      YEAR
                                      NORMAL
......................................................
TEMPERATURE (F)
 YESTERDAY
  MAXIMUM          6    348 PM  26    -20       26
  MINIMUM        -18    734 AM   1    -19       21
  AVERAGE         -6            13    -19       24

PRECIPITATION (IN)
  YESTERDAY        T             0.08  -0.08      T
  MONTH TO DATE    0.61          2.13  -1.52     1.55
  SINCE DEC 1      2.55          4.42  -1.87     3.92
  SINCE JAN 1      0.61          2.13  -1.52     1.55

DEGREE DAYS
 HEATING
  YESTERDAY       71            52     19       41
  MONTH TO DATE 1593          1603    -10     1668
  SINCE DEC 1   2842          3027   -185     3120
  SINCE JUL 1   5006          5302   -296     5506

 COOLING
  YESTERDAY        0             0      0        0
  MONTH TO DATE    0             0      0        0
  SINCE DEC 1      0             0      0        0
  SINCE JAN 1      0             0      0        0
......................................................


WIND (MPH)
  HIGHEST WIND SPEED    12   HIGHEST WIND DIRECTION     W (270)
  HIGHEST GUST SPEED    17   HIGHEST GUST DIRECTION    NW (330)
  AVERAGE WIND SPEED     5.0


SKY COVER
  AVERAGE SKY COVER 0.4


WEATHER CONDITIONS
 THE FOLLOWING WEATHER WAS RECORDED YESTERDAY.
  LIGHT SNOW
  FOG
  HAZE


RELATIVE HUMIDITY (PERCENT)
 HIGHEST    87          1100 PM
 LOWEST     49           300 PM
 AVERAGE    68

..........................................................


THE SARANAC LAKE NY CLIMATE NORMALS FOR TODAY
                         NORMAL    RECORD    YEAR
 MAXIMUM TEMPERATURE (F)   26        MM        MM
 MINIMUM TEMPERATURE (F)    1        MM        MM


SUNRISE AND SUNSET
FEBRUARY  1 2015......SUNRISE   715 AM EST   SUNSET   506 PM EST
FEBRUARY  2 2015......SUNRISE   714 AM EST   SUNSET   507 PM EST


-  INDICATES NEGATIVE NUMBERS.
R  INDICATES RECORD WAS SET OR TIED.
MM INDICATES DATA IS MISSING.
T  INDICATES TRACE AMOUNT.




$$





U.S. Dept. of Commerce
NOAA National Weather Service
1325 East West Highway
Silver Spring, MD 20910
E-mail: w-nws.webmaster@noaa.gov
Page last modified: May 16, 2007
NATIONAL WEATHER SERVICE: for Safety, for Work, for Fun - FOR LIFE