809
CDUS46 KPQR 240220
CLISLE


CLIMATE REPORT
NATIONAL WEATHER SERVICE PORTLAND OREGON
720 PM PDT THU OCT 23 2014


...................................

...THE SALEM OR CLIMATE SUMMARY FOR OCTOBER 23 2014...
VALID TODAY AS OF 0700 PM LOCAL TIME.

CLIMATE NORMAL PERIOD 1981 TO 2010
CLIMATE RECORD PERIOD 1892 TO 2014


WEATHER ITEM   OBSERVED TIME   RECORD YEAR NORMAL DEPARTURE LAST
                VALUE   (LST)  VALUE       VALUE  FROM      YEAR
                                                  NORMAL
..................................................................
TEMPERATURE (F)
 TODAY
  MAXIMUM         61    327 PM  82    1929  61      0       71
  MINIMUM         53   1254 AM  28    1935  41     12       43
  AVERAGE         57                        51      6       57

PRECIPITATION (IN)
  TODAY            0.48          0.96 1951   0.12   0.36     0.00
  MONTH TO DATE    3.52                      1.92   1.60     0.57
  SINCE OCT 1      3.52                      1.92   1.60     0.57
  SINCE JAN 1     27.54                     25.20   2.34    19.57

DEGREE DAYS
 HEATING
  TODAY            8                        14     -6        8
  MONTH TO DATE   99                       245   -146      285
  SINCE SEP 1    127                       354   -227      337
  SINCE JUL 1    131                       410   -279      342

 COOLING
  TODAY            0                         0      0        0
  MONTH TO DATE   14                         0     14        0
  SINCE SEP 1     87                        37     50       75
  SINCE JAN 1    605                       289    316      502
..................................................................


WIND (MPH)
  HIGHEST WIND SPEED    16   HIGHEST WIND DIRECTION     S (200)
  HIGHEST GUST SPEED    21   HIGHEST GUST DIRECTION     S (200)
  AVERAGE WIND SPEED     9.0


SKY COVER
  POSSIBLE SUNSHINE  MM
  AVERAGE SKY COVER 0.7


WEATHER CONDITIONS
 THE FOLLOWING WEATHER WAS RECORDED TODAY.
  HEAVY RAIN
  RAIN
  LIGHT RAIN
  FOG


RELATIVE HUMIDITY (PERCENT)
 HIGHEST    93           200 AM
 LOWEST     72           400 PM
 AVERAGE    83

..........................................................


THE SALEM OR CLIMATE NORMALS FOR TOMORROW
                         NORMAL    RECORD    YEAR
 MAXIMUM TEMPERATURE (F)   60        76      1900
 MINIMUM TEMPERATURE (F)   41        28      1935


SUNRISE AND SUNSET
OCTOBER 23 2014.......SUNRISE   738 AM PDT   SUNSET   614 PM PDT
OCTOBER 24 2014.......SUNRISE   740 AM PDT   SUNSET   612 PM PDT


-  INDICATES NEGATIVE NUMBERS.
R  INDICATES RECORD WAS SET OR TIED.
MM INDICATES DATA IS MISSING.
T  INDICATES TRACE AMOUNT.




$$





U.S. Dept. of Commerce
NOAA National Weather Service
1325 East West Highway
Silver Spring, MD 20910
E-mail: w-nws.webmaster@noaa.gov
Page last modified: May 16, 2007
NATIONAL WEATHER SERVICE: for Safety, for Work, for Fun - FOR LIFE