408
CDUS46 KPQR 181146
CLISLE


CLIMATE REPORT
NATIONAL WEATHER SERVICE PORTLAND OREGON
345 AM PST THU DEC 18 2014


...................................

...THE SALEM OR CLIMATE SUMMARY FOR DECEMBER 17 2014...

CLIMATE NORMAL PERIOD 1981 TO 2010
CLIMATE RECORD PERIOD 1892 TO 2014


WEATHER ITEM   OBSERVED TIME   RECORD YEAR NORMAL DEPARTURE LAST
                VALUE   (LST)  VALUE       VALUE  FROM      YEAR
                                                  NORMAL
..................................................................
TEMPERATURE (F)
 YESTERDAY
  MAXIMUM         50    521 PM  61    1979  46      4       40
  MINIMUM         36    459 AM   9    1964  34      2       36
  AVERAGE         43                        40      3       38

PRECIPITATION (IN)
  YESTERDAY        0.10          0.91 1979   0.21  -0.11     0.00
  MONTH TO DATE    3.02                      3.89  -0.87     1.09
  SINCE OCT 1     13.69                     13.42   0.27     4.40
  SINCE JAN 1     37.71                     36.70   1.01    23.40

DEGREE DAYS
 HEATING
  YESTERDAY       22                        25     -3       27
  MONTH TO DATE  335                       414    -79      530
  SINCE DEC 1    335                       414    -79      530
  SINCE JUL 1   1101                      1531   -430     1573

 COOLING
  YESTERDAY        0                         0      0        0
  MONTH TO DATE    0                         0      0        0
  SINCE DEC 1      0                         0      0        0
  SINCE JAN 1    605                       290    315      502
..................................................................


WIND (MPH)
  HIGHEST WIND SPEED    16   HIGHEST WIND DIRECTION     S (170)
  HIGHEST GUST SPEED    21   HIGHEST GUST DIRECTION     S (170)
  AVERAGE WIND SPEED     5.1


SKY COVER
  POSSIBLE SUNSHINE  MM
  AVERAGE SKY COVER 0.9


WEATHER CONDITIONS
 THE FOLLOWING WEATHER WAS RECORDED YESTERDAY.
  LIGHT RAIN
  FOG


RELATIVE HUMIDITY (PERCENT)
 HIGHEST    93           400 PM
 LOWEST     76          1200 PM
 AVERAGE    85

..........................................................


THE SALEM OR CLIMATE NORMALS FOR TODAY
                         NORMAL    RECORD    YEAR
 MAXIMUM TEMPERATURE (F)   46        59      1959
 MINIMUM TEMPERATURE (F)   34         6      1924


SUNRISE AND SUNSET
DECEMBER 18 2014......SUNRISE   745 AM PST   SUNSET   432 PM PST
DECEMBER 19 2014......SUNRISE   746 AM PST   SUNSET   433 PM PST


-  INDICATES NEGATIVE NUMBERS.
R  INDICATES RECORD WAS SET OR TIED.
MM INDICATES DATA IS MISSING.
T  INDICATES TRACE AMOUNT.




$$





U.S. Dept. of Commerce
NOAA National Weather Service
1325 East West Highway
Silver Spring, MD 20910
E-mail: w-nws.webmaster@noaa.gov
Page last modified: May 16, 2007
NATIONAL WEATHER SERVICE: for Safety, for Work, for Fun - FOR LIFE