395
CDUS46 KPQR 281146
CLISLE


CLIMATE REPORT
NATIONAL WEATHER SERVICE PORTLAND OREGON
345 AM PST FRI NOV 28 2014


...................................

...THE SALEM OR CLIMATE SUMMARY FOR NOVEMBER 27 2014...

CLIMATE NORMAL PERIOD 1981 TO 2010
CLIMATE RECORD PERIOD 1892 TO 2014


WEATHER ITEM   OBSERVED TIME   RECORD YEAR NORMAL DEPARTURE LAST
                VALUE   (LST)  VALUE       VALUE  FROM      YEAR
                                                  NORMAL
..................................................................
TEMPERATURE (F)
 YESTERDAY
  MAXIMUM         60    552 AM  67    1917  49     11       51
  MINIMUM         53   1159 PM  16    1896  37     16       30
  AVERAGE         57                        43     14       41

PRECIPITATION (IN)
  YESTERDAY        0.25          1.70 1984   0.24   0.01     0.00
  MONTH TO DATE    3.76                      5.75  -1.99     2.68
  SINCE OCT 1      9.56                      8.78   0.78     3.31
  SINCE JAN 1     33.58                     32.06   1.52    22.31

DEGREE DAYS
 HEATING
  YESTERDAY        8                        22    -14       24
  MONTH TO DATE  486                       516    -30      501
  SINCE SEP 1    691                       992   -301      966
  SINCE JUL 1    695                      1048   -353      971

 COOLING
  YESTERDAY        0                         0      0        0
  MONTH TO DATE    0                         0      0        0
  SINCE SEP 1     87                        38     49       75
  SINCE JAN 1    605                       290    315      502
..................................................................


WIND (MPH)
  HIGHEST WIND SPEED    23   HIGHEST WIND DIRECTION     S (180)
  HIGHEST GUST SPEED    29   HIGHEST GUST DIRECTION     S (180)
  AVERAGE WIND SPEED    12.9


SKY COVER
  POSSIBLE SUNSHINE  MM
  AVERAGE SKY COVER 1.0


WEATHER CONDITIONS
 THE FOLLOWING WEATHER WAS RECORDED YESTERDAY.
  RAIN
  LIGHT RAIN
  FOG
  HAZE


RELATIVE HUMIDITY (PERCENT)
 HIGHEST    89           900 AM
 LOWEST     51           500 AM
 AVERAGE    70

..........................................................


THE SALEM OR CLIMATE NORMALS FOR TODAY
                         NORMAL    RECORD    YEAR
 MAXIMUM TEMPERATURE (F)   49        65      1917
 MINIMUM TEMPERATURE (F)   36        14      1896


SUNRISE AND SUNSET
NOVEMBER 28 2014......SUNRISE   726 AM PST   SUNSET   433 PM PST
NOVEMBER 29 2014......SUNRISE   727 AM PST   SUNSET   433 PM PST


-  INDICATES NEGATIVE NUMBERS.
R  INDICATES RECORD WAS SET OR TIED.
MM INDICATES DATA IS MISSING.
T  INDICATES TRACE AMOUNT.




$$





U.S. Dept. of Commerce
NOAA National Weather Service
1325 East West Highway
Silver Spring, MD 20910
E-mail: w-nws.webmaster@noaa.gov
Page last modified: May 16, 2007
NATIONAL WEATHER SERVICE: for Safety, for Work, for Fun - FOR LIFE