511
CDUS46 KPQR 161145
CLISLE


CLIMATE REPORT
NATIONAL WEATHER SERVICE PORTLAND OREGON
444 AM PDT TUE SEP 16 2014


...................................

...THE SALEM OR CLIMATE SUMMARY FOR SEPTEMBER 15 2014...

CLIMATE NORMAL PERIOD 1981 TO 2010
CLIMATE RECORD PERIOD 1892 TO 2014


WEATHER ITEM   OBSERVED TIME   RECORD YEAR NORMAL DEPARTURE LAST
                VALUE   (LST)  VALUE       VALUE  FROM      YEAR
                                                  NORMAL
..................................................................
TEMPERATURE (F)
 YESTERDAY
  MAXIMUM         88    422 PM  98    1967  77     11       69
  MINIMUM         50    625 AM  34    1969  49      1       60
                                      1921
  AVERAGE         69                        63      6       65

PRECIPITATION (IN)
  YESTERDAY        0.00          1.20 1997   0.04  -0.04      T
  MONTH TO DATE    0.00                      0.51  -0.51     2.34
  SINCE OCT 1     27.40                     38.90 -11.50    36.56
  SINCE JAN 1     22.82                     22.51   0.31    14.30

DEGREE DAYS
 HEATING
  YESTERDAY        0                         3     -3        0
  MONTH TO DATE    3                        35    -32        1
  SINCE SEP 1      3                        35    -32        1
  SINCE JUL 1      7                        91    -84        6

 COOLING
  YESTERDAY        4                         1      3        0
  MONTH TO DATE   48                        26     22       74
  SINCE SEP 1     48                        26     22       74
  SINCE JAN 1    566                       278    288      501
..................................................................


WIND (MPH)
  HIGHEST WIND SPEED    12   HIGHEST WIND DIRECTION    SW (220)
  HIGHEST GUST SPEED    15   HIGHEST GUST DIRECTION    SW (210)
  AVERAGE WIND SPEED     3.0


SKY COVER
  POSSIBLE SUNSHINE  MM
  AVERAGE SKY COVER 0.2


WEATHER CONDITIONS
 THE FOLLOWING WEATHER WAS RECORDED YESTERDAY.
  HAZE


RELATIVE HUMIDITY (PERCENT)
 HIGHEST    71           400 AM
 LOWEST     20           200 PM
 AVERAGE    46

..........................................................


THE SALEM OR CLIMATE NORMALS FOR TODAY
                         NORMAL    RECORD    YEAR
 MAXIMUM TEMPERATURE (F)   77        93      1994
                                             1929
 MINIMUM TEMPERATURE (F)   48        33      1965


SUNRISE AND SUNSET
SEPTEMBER 16 2014.....SUNRISE   652 AM PDT   SUNSET   721 PM PDT
SEPTEMBER 17 2014.....SUNRISE   653 AM PDT   SUNSET   719 PM PDT


-  INDICATES NEGATIVE NUMBERS.
R  INDICATES RECORD WAS SET OR TIED.
MM INDICATES DATA IS MISSING.
T  INDICATES TRACE AMOUNT.




$$





U.S. Dept. of Commerce
NOAA National Weather Service
1325 East West Highway
Silver Spring, MD 20910
E-mail: w-nws.webmaster@noaa.gov
Page last modified: May 16, 2007
NATIONAL WEATHER SERVICE: for Safety, for Work, for Fun - FOR LIFE