366
CDUS46 KPQR 302323
CLISLE


CLIMATE REPORT
NATIONAL WEATHER SERVICE PORTLAND OREGON
423 PM PDT SAT AUG 30 2014


...................................

...THE SALEM OR CLIMATE SUMMARY FOR AUGUST 30 2014...
VALID TODAY AS OF 0400 PM LOCAL TIME.

CLIMATE NORMAL PERIOD 1981 TO 2010
CLIMATE RECORD PERIOD 1892 TO 2014


WEATHER ITEM   OBSERVED TIME   RECORD YEAR NORMAL DEPARTURE LAST
                VALUE   (LST)  VALUE       VALUE  FROM      YEAR
                                                  NORMAL
..................................................................
TEMPERATURE (F)
 TODAY
  MAXIMUM         69    138 PM  97    1987  81    -12       85
  MINIMUM         61    911 AM  30    1920  51     10       61
  AVERAGE         65                        66     -1       73

PRECIPITATION (IN)
  TODAY            0.07          0.40 1896   0.02   0.05      T
  MONTH TO DATE    0.35                      0.42  -0.07     0.35
  SINCE OCT 1     27.40                     38.36 -10.96    34.22
  SINCE JAN 1     22.82                     21.97   0.85    11.96

DEGREE DAYS
 HEATING
  TODAY            0                         1     -1        0
  MONTH TO DATE    0                        27    -27        3
  SINCE JUN 1     69                       187   -118       84
  SINCE JUL 1      3                        57    -54        5

 COOLING
  TODAY            0                         2     -2        8
  MONTH TO DATE  239                       103    136      180
  SINCE JUN 1    500                       240    260      409
  SINCE JAN 1    516                       249    267      419
..................................................................


WIND (MPH)
  HIGHEST WIND SPEED    16   HIGHEST WIND DIRECTION     W (290)
  HIGHEST GUST SPEED    19   HIGHEST GUST DIRECTION    NW (300)
  AVERAGE WIND SPEED     4.7


SKY COVER
  POSSIBLE SUNSHINE  MM
  AVERAGE SKY COVER 0.9


WEATHER CONDITIONS
 THE FOLLOWING WEATHER WAS RECORDED TODAY.
  RAIN
  LIGHT RAIN
  FOG


RELATIVE HUMIDITY (PERCENT)
 HIGHEST    87          1100 AM
 LOWEST     67          1200 AM
 AVERAGE    77

..........................................................


THE SALEM OR CLIMATE NORMALS FOR TOMORROW
                         NORMAL    RECORD    YEAR
 MAXIMUM TEMPERATURE (F)   81       100      1987
 MINIMUM TEMPERATURE (F)   51        37      1920


SUNRISE AND SUNSET
AUGUST 30 2014........SUNRISE   632 AM PDT   SUNSET   752 PM PDT
AUGUST 31 2014........SUNRISE   633 AM PDT   SUNSET   751 PM PDT


-  INDICATES NEGATIVE NUMBERS.
R  INDICATES RECORD WAS SET OR TIED.
MM INDICATES DATA IS MISSING.
T  INDICATES TRACE AMOUNT.




$$





U.S. Dept. of Commerce
NOAA National Weather Service
1325 East West Highway
Silver Spring, MD 20910
E-mail: w-nws.webmaster@noaa.gov
Page last modified: May 16, 2007
NATIONAL WEATHER SERVICE: for Safety, for Work, for Fun - FOR LIFE