996
CDUS46 KPQR 260220
CLISLE


CLIMATE REPORT
NATIONAL WEATHER SERVICE PORTLAND OREGON
620 PM PST SUN JAN 25 2015


...................................

...THE SALEM OR CLIMATE SUMMARY FOR JANUARY 25 2015...
VALID TODAY AS OF 0600 PM LOCAL TIME.

CLIMATE NORMAL PERIOD 1981 TO 2010
CLIMATE RECORD PERIOD 1892 TO 2015


WEATHER ITEM   OBSERVED TIME   RECORD YEAR NORMAL DEPARTURE LAST
                VALUE   (LST)  VALUE       VALUE  FROM      YEAR
                                                  NORMAL
..................................................................
TEMPERATURE (F)
 TODAY
  MAXIMUM         52    343 PM  63    1993  49      3       50
  MINIMUM         45   1019 AM   2    1930  35     10       25
  AVERAGE         49                        42      7       38

PRECIPITATION (IN)
  TODAY            0.00          1.87 1920   0.18  -0.18     0.00
  MONTH TO DATE    3.21                      4.91  -1.70     1.79
  SINCE OCT 1     20.75                     21.30  -0.55     6.37
  SINCE JAN 1      3.21                      4.91  -1.70     1.79

DEGREE DAYS
 HEATING
  TODAY           16                        23     -7       27
  MONTH TO DATE  528                       600    -72      597
  SINCE DEC 1   1142                      1372   -230     1484
  SINCE JUL 1   1908                      2489   -581     2527

 COOLING
  TODAY            0                         0      0        0
  MONTH TO DATE    0                         0      0        0
  SINCE DEC 1      0                         0      0        0
  SINCE JAN 1      0                         0      0        0
..................................................................


WIND (MPH)
  HIGHEST WIND SPEED     6   HIGHEST WIND DIRECTION     E (100)
  HIGHEST GUST SPEED     7   HIGHEST GUST DIRECTION     N (340)
  AVERAGE WIND SPEED     1.0


SKY COVER
  POSSIBLE SUNSHINE  MM
  AVERAGE SKY COVER 1.0


WEATHER CONDITIONS
 THE FOLLOWING WEATHER WAS RECORDED TODAY.
  FOG
  FOG W/VISIBILITY <= 1/4 MILE
  HAZE


RELATIVE HUMIDITY (PERCENT)
 HIGHEST   100          1200 AM
 LOWEST     83           300 PM
 AVERAGE    92

..........................................................


THE SALEM OR CLIMATE NORMALS FOR TOMORROW
                         NORMAL    RECORD    YEAR
 MAXIMUM TEMPERATURE (F)   49        62      1924
 MINIMUM TEMPERATURE (F)   35         9      1930


SUNRISE AND SUNSET
JANUARY 25 2015.......SUNRISE   739 AM PST   SUNSET   510 PM PST
JANUARY 26 2015.......SUNRISE   738 AM PST   SUNSET   512 PM PST


-  INDICATES NEGATIVE NUMBERS.
R  INDICATES RECORD WAS SET OR TIED.
MM INDICATES DATA IS MISSING.
T  INDICATES TRACE AMOUNT.




$$





U.S. Dept. of Commerce
NOAA National Weather Service
1325 East West Highway
Silver Spring, MD 20910
E-mail: w-nws.webmaster@noaa.gov
Page last modified: May 16, 2007
NATIONAL WEATHER SERVICE: for Safety, for Work, for Fun - FOR LIFE