582
CDUS45 KSLC 261243
CLISLC


CLIMATE REPORT
NATIONAL WEATHER SERVICE SALT LAKE CITY UT
542 AM MST WED NOV 26 2014


...................................

...THE SALT LAKE CITY UT CLIMATE SUMMARY FOR NOVEMBER 25 2014...

CLIMATE NORMAL PERIOD 1981 TO 2010
CLIMATE RECORD PERIOD 1874 TO 2014


WEATHER ITEM   OBSERVED TIME   RECORD YEAR NORMAL DEPARTURE LAST
                VALUE   (LST)  VALUE       VALUE  FROM      YEAR
                                                  NORMAL
..................................................................
TEMPERATURE (F)
 YESTERDAY
  MAXIMUM         45   1028 PM  69    1995  44      1       48
                                      1960
  MINIMUM         30    320 AM   1    1931  27      3       29
  AVERAGE         38                        36      2       39

PRECIPITATION (IN)
  YESTERDAY        T             0.90 2001   0.04  -0.04     0.00
  MONTH TO DATE    0.60                      1.22  -0.62     0.62
  SINCE OCT 1      0.61                      2.74  -2.13     1.36
  SINCE JAN 1     13.06                     14.46  -1.40     9.97

SNOWFALL (IN)
  YESTERDAY        0.0          10.4  2001   0.3   -0.3      0.0
  MONTH TO DATE    0.8                       5.7   -4.9      3.5
  SINCE OCT 1      0.8                       7.1   -6.3      3.5
  SINCE JUL 1      0.8                       7.1   -6.3      3.5
  SNOW DEPTH       0

DEGREE DAYS
 HEATING
  YESTERDAY       27                        29     -2       26
  MONTH TO DATE  635                       597     38      489
  SINCE SEP 1    901                      1060   -159      927
  SINCE JUL 1    902                      1065   -163      927

 COOLING
  YESTERDAY        0                         0      0        0
  MONTH TO DATE    0                         0      0        0
  SINCE SEP 1    191                       124     67      222
  SINCE JAN 1   1244                      1160     84     1768
..................................................................


WIND (MPH)
  RESULTANT WIND SPEED  10   RESULTANT WIND DIRECTION  SE (140)
  HIGHEST WIND SPEED    17   HIGHEST WIND DIRECTION    SE (140)
  HIGHEST GUST SPEED    23   HIGHEST GUST DIRECTION    SE (140)
  AVERAGE WIND SPEED     9.5


SKY COVER
  POSSIBLE SUNSHINE  MM
  AVERAGE SKY COVER 0.8


WEATHER CONDITIONS
 THE FOLLOWING WEATHER WAS RECORDED YESTERDAY.
  LIGHT RAIN


RELATIVE HUMIDITY (PERCENT)
 HIGHEST    69          1200 AM
 LOWEST     36           100 PM
 AVERAGE    53

..........................................................


THE SALT LAKE CITY UT CLIMATE NORMALS FOR TODAY
                         NORMAL    RECORD    YEAR
 MAXIMUM TEMPERATURE (F)   44        68      1949
 MINIMUM TEMPERATURE (F)   27         2      1952


SUNRISE AND SUNSET
NOVEMBER 26 2014......SUNRISE   727 AM MST   SUNSET   503 PM MST
NOVEMBER 27 2014......SUNRISE   728 AM MST   SUNSET   502 PM MST


-  INDICATES NEGATIVE NUMBERS.
R  INDICATES RECORD WAS SET OR TIED.
MM INDICATES DATA IS MISSING.
T  INDICATES TRACE AMOUNT.




$$






U.S. Dept. of Commerce
NOAA National Weather Service
1325 East West Highway
Silver Spring, MD 20910
E-mail: w-nws.webmaster@noaa.gov
Page last modified: May 16, 2007
NATIONAL WEATHER SERVICE: for Safety, for Work, for Fun - FOR LIFE