180
CDUS45 KSLC 230056
CLISLC


CLIMATE REPORT
NATIONAL WEATHER SERVICE SALT LAKE CITY UT
656 PM MDT TUE APR 22 2014


...................................

...THE SALT LAKE CITY UT CLIMATE SUMMARY FOR APRIL 22 2014...
VALID TODAY AS OF 0500 PM LOCAL TIME.

CLIMATE NORMAL PERIOD 1981 TO 2010
CLIMATE RECORD PERIOD 1874 TO 2014


WEATHER ITEM   OBSERVED TIME   RECORD YEAR NORMAL DEPARTURE LAST
                VALUE   (LST)  VALUE       VALUE  FROM      YEAR
                                                  NORMAL
..................................................................
TEMPERATURE (F)
 TODAY
  MAXIMUM         77    458 PM  86    2012  63     14       56
  MINIMUM         63    612 AM  26    1963  41     22       38
  AVERAGE         70                        52     18       47

PRECIPITATION (IN)
  TODAY            T             1.00 1957   0.07  -0.07     0.00
  MONTH TO DATE    0.26                      1.45  -1.19     1.95
  SINCE OCT 1      7.15                     10.12  -2.97     9.43
  SINCE JAN 1      4.14                      5.74  -1.60     4.86

SNOWFALL (IN)
  TODAY            0.0           1.8  1970   0.1   -0.1      0.0
  MONTH TO DATE    T                         3.4   -3.4      0.1
  SINCE OCT 1     35.5                      55.3  -19.8     69.9
  SINCE JUL 1     35.5                      55.3  -19.8     69.9
  SNOW DEPTH       0

DEGREE DAYS
 HEATING
  TODAY            0                        13    -13       18
  MONTH TO DATE  236                       343   -107      374
  SINCE MAR 1    723                      1005   -282     1000
  SINCE JUL 1   4710                      5261   -551     5232

 COOLING
  TODAY            5                         0      5        0
  MONTH TO DATE    5                         0      5        0
  SINCE MAR 1      5                         0      5        0
  SINCE JAN 1      5                         0      5        0
..................................................................


WIND (MPH)
  RESULTANT WIND SPEED  20   RESULTANT WIND DIRECTION   S (170)
  HIGHEST WIND SPEED    44   HIGHEST WIND DIRECTION     S (200)
  HIGHEST GUST SPEED    55   HIGHEST GUST DIRECTION     S (180)
  AVERAGE WIND SPEED    20.8


SKY COVER
  POSSIBLE SUNSHINE  MM
  AVERAGE SKY COVER 0.2


WEATHER CONDITIONS
 THE FOLLOWING WEATHER WAS RECORDED TODAY.
  HAZE
  SANDSTORM


RELATIVE HUMIDITY (PERCENT)
 HIGHEST    28           100 AM
 LOWEST     16           400 PM
 AVERAGE    22

..........................................................


THE SALT LAKE CITY UT CLIMATE NORMALS FOR TOMORROW
                         NORMAL    RECORD    YEAR
 MAXIMUM TEMPERATURE (F)   64        88      2012
 MINIMUM TEMPERATURE (F)   41        27      1968


SUNRISE AND SUNSET
APRIL 22 2014.........SUNRISE   639 AM MDT   SUNSET   815 PM MDT
APRIL 23 2014.........SUNRISE   637 AM MDT   SUNSET   816 PM MDT


-  INDICATES NEGATIVE NUMBERS.
R  INDICATES RECORD WAS SET OR TIED.
MM INDICATES DATA IS MISSING.
T  INDICATES TRACE AMOUNT.




$$





U.S. Dept. of Commerce
NOAA National Weather Service
1325 East West Highway
Silver Spring, MD 20910
E-mail: w-nws.webmaster@noaa.gov
Page last modified: May 16, 2007
NATIONAL WEATHER SERVICE: for Safety, for Work, for Fun - FOR LIFE