888
CDUS45 KSLC 011237
CLISLC


CLIMATE REPORT
NATIONAL WEATHER SERVICE SALT LAKE CITY UT
637 AM MDT WED OCT 1 2014


...................................

...THE SALT LAKE CITY UT CLIMATE SUMMARY FOR SEPTEMBER 30 2014...

CLIMATE NORMAL PERIOD 1981 TO 2010
CLIMATE RECORD PERIOD 1874 TO 2014


WEATHER ITEM   OBSERVED TIME   RECORD YEAR NORMAL DEPARTURE LAST
                VALUE   (LST)  VALUE       VALUE  FROM      YEAR
                                                  NORMAL
..................................................................
TEMPERATURE (F)
 YESTERDAY
  MAXIMUM         63    113 PM  91    2011  72     -9       84
  MINIMUM         51   1159 PM  30    1954  47      4       57
  AVERAGE         57                        60     -3       71

PRECIPITATION (IN)
  YESTERDAY        0.11          1.39 1878   0.05   0.06     0.00
  MONTH TO DATE    2.51                      1.21   1.30     1.17
  SINCE OCT 1     15.46                     16.10  -0.64    13.18
  SINCE JAN 1     12.45                     11.72   0.73     8.61

SNOWFALL (IN)
  YESTERDAY        0.0           4.0  1971   0.0    0.0      0.0
  MONTH TO DATE    0.0                       0.0    0.0      0.0
  SINCE OCT 1     35.5                      56.2  -20.7     69.9
  SINCE JUL 1      0.0                       0.0    0.0      0.0
  SNOW DEPTH       0

DEGREE DAYS
 HEATING
  YESTERDAY        8                         6      2        0
  MONTH TO DATE   32                        84    -52       55
  SINCE SEP 1     32                        84    -52       55
  SINCE JUL 1     33                        89    -56       55

 COOLING
  YESTERDAY        0                         1     -1        6
  MONTH TO DATE  189                       117     72      222
  SINCE SEP 1    189                       117     72      222
  SINCE JAN 1   1242                      1153     89     1768
..................................................................


WIND (MPH)
  RESULTANT WIND SPEED   2   RESULTANT WIND DIRECTION  SE (120)
  HIGHEST WIND SPEED    22   HIGHEST WIND DIRECTION     N (10)
  HIGHEST GUST SPEED    26   HIGHEST GUST DIRECTION     N (10)
  AVERAGE WIND SPEED     6.1


SKY COVER
  POSSIBLE SUNSHINE  MM
  AVERAGE SKY COVER 0.9


WEATHER CONDITIONS
 THE FOLLOWING WEATHER WAS RECORDED YESTERDAY.
  THUNDERSTORM
  HEAVY RAIN
  RAIN
  LIGHT RAIN
  FOG


RELATIVE HUMIDITY (PERCENT)
 HIGHEST    89           200 AM
 LOWEST     52          1100 AM
 AVERAGE    71

..........................................................


THE SALT LAKE CITY UT CLIMATE NORMALS FOR TODAY
                         NORMAL    RECORD    YEAR
 MAXIMUM TEMPERATURE (F)   72        89      2010
 MINIMUM TEMPERATURE (F)   47        31      1950


SUNRISE AND SUNSET
OCTOBER  1 2014.......SUNRISE   724 AM MDT   SUNSET   710 PM MDT
OCTOBER  2 2014.......SUNRISE   725 AM MDT   SUNSET   708 PM MDT


-  INDICATES NEGATIVE NUMBERS.
R  INDICATES RECORD WAS SET OR TIED.
MM INDICATES DATA IS MISSING.
T  INDICATES TRACE AMOUNT.




$$





U.S. Dept. of Commerce
NOAA National Weather Service
1325 East West Highway
Silver Spring, MD 20910
E-mail: w-nws.webmaster@noaa.gov
Page last modified: May 16, 2007
NATIONAL WEATHER SERVICE: for Safety, for Work, for Fun - FOR LIFE