266
CDUS45 KSLC 010016
CLISLC


CLIMATE REPORT
NATIONAL WEATHER SERVICE SALT LAKE CITY UT
515 PM MST SAT JAN 31 2015


...................................

...THE SALT LAKE CITY UT CLIMATE SUMMARY FOR JANUARY 31 2015...
VALID TODAY AS OF 0500 PM LOCAL TIME.

CLIMATE NORMAL PERIOD 1981 TO 2010
CLIMATE RECORD PERIOD 1874 TO 2015


WEATHER ITEM   OBSERVED TIME   RECORD YEAR NORMAL DEPARTURE LAST
                VALUE   (LST)  VALUE       VALUE  FROM      YEAR
                                                  NORMAL
..................................................................
TEMPERATURE (F)
 TODAY
  MAXIMUM         47    319 PM  63    2003  39      8       36
  MINIMUM         34    711 AM  -8    1979  22     12       29
  AVERAGE         41                        30     11       33

PRECIPITATION (IN)
  TODAY            0.00          0.48 1939   0.04  -0.04     0.00
  MONTH TO DATE    0.86                      1.25  -0.39     1.20
  SINCE OCT 1      2.87                      5.63  -2.76     4.21
  SINCE JAN 1      0.86                      1.25  -0.39     1.20

SNOWFALL (IN)
  TODAY            0.0           6.8  1939   0.4   -0.4      0.0
  MONTH TO DATE    0.3                      12.5  -12.2     10.1
  SINCE OCT 1      6.8                      34.7  -27.9     32.8
  SINCE JUL 1      6.8                      34.7  -27.9     32.8
  SNOW DEPTH       0

DEGREE DAYS
 HEATING
  TODAY           24                        35    -11       32
  MONTH TO DATE  942                      1104   -162     1063
  SINCE DEC 1   1792                      2176   -384     2307
  SINCE JUL 1   2762                      3394   -632     3354

 COOLING
  TODAY            0                         0      0        0
  MONTH TO DATE    0                         0      0        0
  SINCE DEC 1      0                         0      0        0
  SINCE JAN 1      0                         0      0        0
..................................................................


WIND (MPH)
  RESULTANT WIND SPEED   8   RESULTANT WIND DIRECTION  NW (310)
  HIGHEST WIND SPEED    17   HIGHEST WIND DIRECTION    NW (320)
  HIGHEST GUST SPEED    21   HIGHEST GUST DIRECTION    NW (310)
  AVERAGE WIND SPEED     8.5


SKY COVER
  POSSIBLE SUNSHINE  MM
  AVERAGE SKY COVER 0.3


WEATHER CONDITIONS
 THE FOLLOWING WEATHER WAS RECORDED TODAY.
  NO SIGNIFICANT WEATHER WAS OBSERVED.


RELATIVE HUMIDITY (PERCENT)
 HIGHEST    85           200 AM
 LOWEST     49           300 PM
 AVERAGE    67

..........................................................


THE SALT LAKE CITY UT CLIMATE NORMALS FOR TOMORROW
                         NORMAL    RECORD    YEAR
 MAXIMUM TEMPERATURE (F)   39        63      2003
 MINIMUM TEMPERATURE (F)   22        -9      1985


SUNRISE AND SUNSET
JANUARY 31 2015.......SUNRISE   739 AM MST   SUNSET   544 PM MST
FEBRUARY  1 2015......SUNRISE   738 AM MST   SUNSET   545 PM MST


-  INDICATES NEGATIVE NUMBERS.
R  INDICATES RECORD WAS SET OR TIED.
MM INDICATES DATA IS MISSING.
T  INDICATES TRACE AMOUNT.




$$





U.S. Dept. of Commerce
NOAA National Weather Service
1325 East West Highway
Silver Spring, MD 20910
E-mail: w-nws.webmaster@noaa.gov
Page last modified: May 16, 2007
NATIONAL WEATHER SERVICE: for Safety, for Work, for Fun - FOR LIFE