625
CDUS44 KSJT 220651
CLISJT


CLIMATE REPORT
NATIONAL WEATHER SERVICE SAN ANGELO TX
151 AM CDT WED OCT 22 2014


...................................

...THE SAN ANGELO CLIMATE SUMMARY FOR OCTOBER 21 2014...

CLIMATE NORMAL PERIOD 1981 TO 2010
CLIMATE RECORD PERIOD 1907 TO 2014


WEATHER ITEM   OBSERVED TIME   RECORD YEAR NORMAL DEPARTURE LAST
                VALUE   (LST)  VALUE       VALUE  FROM      YEAR
                                                  NORMAL
..................................................................
TEMPERATURE (F)
 YESTERDAY
  MAXIMUM         81    130 PM  95    1914  77      4       71
  MINIMUM         53    628 AM  30    1911  52      1       52
  AVERAGE         67                        65      2       62

PRECIPITATION (IN)
  YESTERDAY        0.00          1.74 1972   0.09  -0.09     0.00
  MONTH TO DATE    0.41                      1.94  -1.53     1.39
  SINCE SEP 1      1.30                      4.40  -3.10     6.01
  SINCE JAN 1     13.28                     18.47  -5.19    17.77

SNOWFALL (IN)
  YESTERDAY        0.0           0.0  2002   0.0    0.0      0.0
  MONTH TO DATE    0.0                       0.0    0.0      0.0
  SINCE NOV 1      1.6                       2.2   -0.6      2.8
  SINCE JUL 1      0.0                       0.0    0.0      0.0
  SNOW DEPTH       0

DEGREE DAYS
 HEATING
  YESTERDAY        0                         3     -3        3
  MONTH TO DATE   10                        38    -28       55
  SINCE SEP 1     15                        47    -32       55
  SINCE JUL 1     15                        47    -32       55

 COOLING
  YESTERDAY        2                         3     -1        0
  MONTH TO DATE  159                        96     63      112
  SINCE SEP 1    553                       425    128      500
  SINCE JAN 1   2811                      2461    350     2826
..................................................................


WIND (MPH)
  HIGHEST WIND SPEED    13   HIGHEST WIND DIRECTION     E (110)
  HIGHEST GUST SPEED    17   HIGHEST GUST DIRECTION     E (80)
  AVERAGE WIND SPEED     4.5


SKY COVER
  POSSIBLE SUNSHINE  MM
  AVERAGE SKY COVER 0.4


WEATHER CONDITIONS
 THE FOLLOWING WEATHER WAS RECORDED YESTERDAY.
  NO SIGNIFICANT WEATHER WAS OBSERVED.


RELATIVE HUMIDITY (PERCENT)
 HIGHEST    89           600 AM
 LOWEST     39           300 PM
 AVERAGE    64

..........................................................


THE SAN ANGELO CLIMATE NORMALS FOR TODAY
                         NORMAL    RECORD    YEAR
 MAXIMUM TEMPERATURE (F)   77        92      1940
 MINIMUM TEMPERATURE (F)   52        33      1993
                                             1990


SUNRISE AND SUNSET
OCTOBER 22 2014.......SUNRISE   750 AM CDT   SUNSET   702 PM CDT
OCTOBER 23 2014.......SUNRISE   751 AM CDT   SUNSET   701 PM CDT


-  INDICATES NEGATIVE NUMBERS.
R  INDICATES RECORD WAS SET OR TIED.
MM INDICATES DATA IS MISSING.
T  INDICATES TRACE AMOUNT.




$$






U.S. Dept. of Commerce
NOAA National Weather Service
1325 East West Highway
Silver Spring, MD 20910
E-mail: w-nws.webmaster@noaa.gov
Page last modified: May 16, 2007
NATIONAL WEATHER SERVICE: for Safety, for Work, for Fun - FOR LIFE