886
CDUS44 KSJT 310651
CLISJT


CLIMATE REPORT
NATIONAL WEATHER SERVICE SAN ANGELO TX
151 AM CDT FRI OCT 31 2014


...................................

...THE SAN ANGELO CLIMATE SUMMARY FOR OCTOBER 30 2014...

CLIMATE NORMAL PERIOD 1981 TO 2010
CLIMATE RECORD PERIOD 1907 TO 2014


WEATHER ITEM   OBSERVED TIME   RECORD YEAR NORMAL DEPARTURE LAST
                VALUE   (LST)  VALUE       VALUE  FROM      YEAR
                                                  NORMAL
..................................................................
TEMPERATURE (F)
 YESTERDAY
  MAXIMUM         88    348 PM  90    1968  75     13       74
  MINIMUM         52    633 AM  19    1917  49      3       70
  AVERAGE         70                        62      8       72

PRECIPITATION (IN)
  YESTERDAY        0.00          0.65 1942   0.07  -0.07     0.05
  MONTH TO DATE    0.44                      2.66  -2.22     1.46
  SINCE SEP 1      1.33                      5.12  -3.79     6.08
  SINCE JAN 1     13.31                     19.19  -5.88    17.84

SNOWFALL (IN)
  YESTERDAY        0.0           0.0  2002   0.0    0.0      0.0
  MONTH TO DATE    0.0                       0.0    0.0      0.0
  SINCE NOV 1      1.6                       2.2   -0.6      2.8
  SINCE JUL 1      0.0                       0.0    0.0      0.0
  SNOW DEPTH       0

DEGREE DAYS
 HEATING
  YESTERDAY        0                         5     -5        0
  MONTH TO DATE   10                        75    -65       78
  SINCE SEP 1     15                        84    -69       78
  SINCE JUL 1     15                        84    -69       78

 COOLING
  YESTERDAY        5                         2      3        7
  MONTH TO DATE  210                       116     94      137
  SINCE SEP 1    604                       445    159      525
  SINCE JAN 1   2862                      2481    381     2851
..................................................................


WIND (MPH)
  HIGHEST WIND SPEED    20   HIGHEST WIND DIRECTION    NE (50)
  HIGHEST GUST SPEED    24   HIGHEST GUST DIRECTION    NE (40)
  AVERAGE WIND SPEED     6.4


SKY COVER
  POSSIBLE SUNSHINE  MM
  AVERAGE SKY COVER 0.2


WEATHER CONDITIONS
 THE FOLLOWING WEATHER WAS RECORDED YESTERDAY.
  FOG
  HAZE


RELATIVE HUMIDITY (PERCENT)
 HIGHEST    93           500 AM
 LOWEST     29           400 PM
 AVERAGE    61

..........................................................


THE SAN ANGELO CLIMATE NORMALS FOR TODAY
                         NORMAL    RECORD    YEAR
 MAXIMUM TEMPERATURE (F)   74        95      2010
 MINIMUM TEMPERATURE (F)   49        21      1917


SUNRISE AND SUNSET
OCTOBER 31 2014.......SUNRISE   757 AM CDT   SUNSET   654 PM CDT
NOVEMBER  1 2014......SUNRISE   758 AM CDT   SUNSET   653 PM CDT


-  INDICATES NEGATIVE NUMBERS.
R  INDICATES RECORD WAS SET OR TIED.
MM INDICATES DATA IS MISSING.
T  INDICATES TRACE AMOUNT.




$$






U.S. Dept. of Commerce
NOAA National Weather Service
1325 East West Highway
Silver Spring, MD 20910
E-mail: w-nws.webmaster@noaa.gov
Page last modified: May 16, 2007
NATIONAL WEATHER SERVICE: for Safety, for Work, for Fun - FOR LIFE