637
CDUS44 KSJT 012325
CLISJT


CLIMATE REPORT
NATIONAL WEATHER SERVICE SAN ANGELO TX
525 PM CST SUN FEB 1 2015


...................................

...THE SAN ANGELO CLIMATE SUMMARY FOR FEBRUARY 1 2015...
VALID TODAY AS OF 0500 PM LOCAL TIME.

CLIMATE NORMAL PERIOD 1981 TO 2010
CLIMATE RECORD PERIOD 1907 TO 2015


WEATHER ITEM   OBSERVED TIME   RECORD YEAR NORMAL DEPARTURE LAST
                VALUE   (LST)  VALUE       VALUE  FROM      YEAR
                                                  NORMAL
..................................................................
TEMPERATURE (F)
 TODAY
  MAXIMUM         57    312 PM  90    1911  61     -4       71
  MINIMUM         44    722 AM   5    1985  34     10       43
                                      1951
  AVERAGE         51                        48      3       57

PRECIPITATION (IN)
  TODAY            0.00          0.76 1975   0.04  -0.04     0.00
  MONTH TO DATE    0.00                      0.04  -0.04     0.00
  SINCE DEC 1      2.39                      1.82   0.57     1.15
  SINCE JAN 1      2.03                      0.97   1.06      T

SNOWFALL (IN)
  TODAY            0.0           0.6  2011   0.0    0.0      0.0
  MONTH TO DATE    0.0                       0.0    0.0      0.0
  SINCE NOV 1      T                         1.8   -1.8      1.5
  SINCE JUL 1      T                         1.8   -1.8      1.5

DEGREE DAYS
 HEATING
  TODAY           14                        17     -3        8
  MONTH TO DATE   14                        17     -3        8
  SINCE DEC 1   1035                      1161   -126     1220
  SINCE JUL 1   1405                      1561   -156     1696

 COOLING
  TODAY            0                         0      0        0
  MONTH TO DATE    0                         0      0        0
  SINCE DEC 1      1                         2     -1        3
  SINCE JAN 1      0                         1     -1        0
..................................................................


WIND (MPH)
  HIGHEST WIND SPEED    21   HIGHEST WIND DIRECTION     N (20)
  HIGHEST GUST SPEED    25   HIGHEST GUST DIRECTION    NE (30)
  AVERAGE WIND SPEED     9.8


SKY COVER
  POSSIBLE SUNSHINE  MM
  AVERAGE SKY COVER 0.5


WEATHER CONDITIONS
 THE FOLLOWING WEATHER WAS RECORDED TODAY.
  FOG


RELATIVE HUMIDITY (PERCENT)
 HIGHEST   100           400 AM
 LOWEST     59           400 PM
 AVERAGE    80

..........................................................


THE SAN ANGELO CLIMATE NORMALS FOR TOMORROW
                         NORMAL    RECORD    YEAR
 MAXIMUM TEMPERATURE (F)   61        82      1995
 MINIMUM TEMPERATURE (F)   35        -1      1985


SUNRISE AND SUNSET
FEBRUARY  1 2015......SUNRISE   735 AM CST   SUNSET   617 PM CST
FEBRUARY  2 2015......SUNRISE   734 AM CST   SUNSET   618 PM CST


-  INDICATES NEGATIVE NUMBERS.
R  INDICATES RECORD WAS SET OR TIED.
MM INDICATES DATA IS MISSING.
T  INDICATES TRACE AMOUNT.




$$





U.S. Dept. of Commerce
NOAA National Weather Service
1325 East West Highway
Silver Spring, MD 20910
E-mail: w-nws.webmaster@noaa.gov
Page last modified: May 16, 2007
NATIONAL WEATHER SERVICE: for Safety, for Work, for Fun - FOR LIFE