425
CDUS44 KSJT 232330
CLISJT


CLIMATE REPORT
NATIONAL WEATHER SERVICE SAN ANGELO TX
529 PM CST SUN NOV 23 2014


...................................

...THE SAN ANGELO CLIMATE SUMMARY FOR NOVEMBER 23 2014...
VALID TODAY AS OF 0500 PM LOCAL TIME.

CLIMATE NORMAL PERIOD 1981 TO 2010
CLIMATE RECORD PERIOD 1907 TO 2014


WEATHER ITEM   OBSERVED TIME   RECORD YEAR NORMAL DEPARTURE LAST
                VALUE   (LST)  VALUE       VALUE  FROM      YEAR
                                                  NORMAL
..................................................................
TEMPERATURE (F)
 TODAY
  MAXIMUM         77    324 PM  85    1965  65     12       35
  MINIMUM         45    520 AM  22    1937  39      6       31
  AVERAGE         61                        52      9       33

PRECIPITATION (IN)
  TODAY            0.00          3.15 1913   0.03  -0.03     0.02
  MONTH TO DATE    3.04                      0.95   2.09     0.28
  SINCE SEP 1      4.37                      6.14  -1.77     6.36
  SINCE JAN 1     16.35                     20.21  -3.86    18.12

SNOWFALL (IN)
  TODAY            0.0           0.1  1957   0.0    0.0       T
  MONTH TO DATE    T                         0.2   -0.2       T
  SINCE NOV 1      T                         0.2   -0.2       T
  SINCE JUL 1      T                         0.2   -0.2       T

DEGREE DAYS
 HEATING
  TODAY            4                        13     -9       32
  MONTH TO DATE  279                       209     70      233
  SINCE SEP 1    300                       300      0      315
  SINCE JUL 1    300                       300      0      315

 COOLING
  TODAY            0                         0      0        0
  MONTH TO DATE   10                        15     -5        9
  SINCE SEP 1    614                       463    151      534
  SINCE JAN 1   2872                      2499    373     2860
..................................................................


WIND (MPH)
  HIGHEST WIND SPEED    32   HIGHEST WIND DIRECTION     W (270)
  HIGHEST GUST SPEED    40   HIGHEST GUST DIRECTION     W (280)
  AVERAGE WIND SPEED    14.1


SKY COVER
  POSSIBLE SUNSHINE  MM
  AVERAGE SKY COVER 0.0


WEATHER CONDITIONS
 THE FOLLOWING WEATHER WAS RECORDED TODAY.
  FOG


RELATIVE HUMIDITY (PERCENT)
 HIGHEST   100           100 AM
 LOWEST     15           300 PM
 AVERAGE    58

..........................................................


THE SAN ANGELO CLIMATE NORMALS FOR TOMORROW
                         NORMAL    RECORD    YEAR
 MAXIMUM TEMPERATURE (F)   65        88      1965
 MINIMUM TEMPERATURE (F)   39        18      2003
                                             1938


SUNRISE AND SUNSET
NOVEMBER 23 2014......SUNRISE   716 AM CST   SUNSET   540 PM CST
NOVEMBER 24 2014......SUNRISE   717 AM CST   SUNSET   540 PM CST


-  INDICATES NEGATIVE NUMBERS.
R  INDICATES RECORD WAS SET OR TIED.
MM INDICATES DATA IS MISSING.
T  INDICATES TRACE AMOUNT.




$$






U.S. Dept. of Commerce
NOAA National Weather Service
1325 East West Highway
Silver Spring, MD 20910
E-mail: w-nws.webmaster@noaa.gov
Page last modified: May 16, 2007
NATIONAL WEATHER SERVICE: for Safety, for Work, for Fun - FOR LIFE