580
CDUS44 KSJT 240657
CLISJT


CLIMATE REPORT
NATIONAL WEATHER SERVICE SAN ANGELO TX
156 AM CDT THU APR 24 2014


...................................

...THE SAN ANGELO CLIMATE SUMMARY FOR APRIL 23 2014...

CLIMATE NORMAL PERIOD 1981 TO 2010
CLIMATE RECORD PERIOD 1907 TO 2014


WEATHER ITEM   OBSERVED TIME   RECORD YEAR NORMAL DEPARTURE LAST
                VALUE   (LST)  VALUE       VALUE  FROM      YEAR
                                                  NORMAL
..................................................................
TEMPERATURE (F)
 YESTERDAY
  MAXIMUM         95    301 PM  99    1943  82     13       73
  MINIMUM         66    634 AM  38    1928  54     12       45
  AVERAGE         81                        68     13       59

PRECIPITATION (IN)
  YESTERDAY        T             1.55 1913   0.05  -0.05     0.00
  MONTH TO DATE    0.41                      1.02  -0.61     0.98
  SINCE MAR 1      0.46                      2.52  -2.06     0.99
  SINCE JAN 1      0.52                      4.80  -4.28     2.81

SNOWFALL (IN)
  YESTERDAY        0.0           0.0  2002   0.0    0.0      0.0
  MONTH TO DATE    0.0                       0.0    0.0       T
  SINCE NOV 1      1.6                       2.2   -0.6      2.8
  SINCE JUL 1      1.6                       2.2   -0.6      2.8
  SNOW DEPTH       0

DEGREE DAYS
 HEATING
  YESTERDAY        0                         2     -2        6
  MONTH TO DATE   65                        79    -14       85
  SINCE MAR 1    347                       336     11      272
  SINCE JUL 1   2467                      2297    170     1874

 COOLING
  YESTERDAY       16                         5     11        0
  MONTH TO DATE  140                        78     62      127
  SINCE MAR 1    195                       111     84      190
  SINCE JAN 1    198                       116     82      202
..................................................................


WIND (MPH)
  HIGHEST WIND SPEED    26   HIGHEST WIND DIRECTION     S (190)
  HIGHEST GUST SPEED    35   HIGHEST GUST DIRECTION     S (190)
  AVERAGE WIND SPEED    15.4


SKY COVER
  POSSIBLE SUNSHINE  MM
  AVERAGE SKY COVER 0.0


WEATHER CONDITIONS
 THE FOLLOWING WEATHER WAS RECORDED YESTERDAY.
  LIGHT RAIN


RELATIVE HUMIDITY (PERCENT)
 HIGHEST    73           600 AM
 LOWEST     20           300 PM
 AVERAGE    47

..........................................................


THE SAN ANGELO CLIMATE NORMALS FOR TODAY
                         NORMAL    RECORD    YEAR
 MAXIMUM TEMPERATURE (F)   83       101      2002
 MINIMUM TEMPERATURE (F)   54        35      1995
                                             1913


SUNRISE AND SUNSET
APRIL 24 2014.........SUNRISE   704 AM CDT   SUNSET   817 PM CDT
APRIL 25 2014.........SUNRISE   703 AM CDT   SUNSET   817 PM CDT


-  INDICATES NEGATIVE NUMBERS.
R  INDICATES RECORD WAS SET OR TIED.
MM INDICATES DATA IS MISSING.
T  INDICATES TRACE AMOUNT.




$$





U.S. Dept. of Commerce
NOAA National Weather Service
1325 East West Highway
Silver Spring, MD 20910
E-mail: w-nws.webmaster@noaa.gov
Page last modified: May 16, 2007
NATIONAL WEATHER SERVICE: for Safety, for Work, for Fun - FOR LIFE