899
CDUS44 KSJT 240658
CLISJT


CLIMATE REPORT
NATIONAL WEATHER SERVICE SAN ANGELO TX
158 AM CDT FRI OCT 24 2014


...................................

...THE SAN ANGELO CLIMATE SUMMARY FOR OCTOBER 23 2014...

CLIMATE NORMAL PERIOD 1981 TO 2010
CLIMATE RECORD PERIOD 1907 TO 2014


WEATHER ITEM   OBSERVED TIME   RECORD YEAR NORMAL DEPARTURE LAST
                VALUE   (LST)  VALUE       VALUE  FROM      YEAR
                                                  NORMAL
..................................................................
TEMPERATURE (F)
 YESTERDAY
  MAXIMUM         78    359 PM  92    1989  77      1       78
  MINIMUM         52    707 AM  30    2008  52      0       41
                                      1911
  AVERAGE         65                        64      1       60

PRECIPITATION (IN)
  YESTERDAY        0.00          2.51 2010   0.09  -0.09     0.00
  MONTH TO DATE    0.44                      2.12  -1.68     1.39
  SINCE SEP 1      1.33                      4.58  -3.25     6.01
  SINCE JAN 1     13.31                     18.65  -5.34    17.77

SNOWFALL (IN)
  YESTERDAY        0.0           0.0  2002   0.0    0.0      0.0
  MONTH TO DATE    0.0                       0.0    0.0      0.0
  SINCE NOV 1      1.6                       2.2   -0.6      2.8
  SINCE JUL 1      0.0                       0.0    0.0      0.0
  SNOW DEPTH       0

DEGREE DAYS
 HEATING
  YESTERDAY        0                         3     -3        5
  MONTH TO DATE   10                        44    -34       67
  SINCE SEP 1     15                        53    -38       67
  SINCE JUL 1     15                        53    -38       67

 COOLING
  YESTERDAY        0                         3     -3        0
  MONTH TO DATE  161                       102     59      112
  SINCE SEP 1    555                       431    124      500
  SINCE JAN 1   2813                      2467    346     2826
..................................................................


WIND (MPH)
  HIGHEST WIND SPEED    17   HIGHEST WIND DIRECTION     S (180)
  HIGHEST GUST SPEED    22   HIGHEST GUST DIRECTION     S (200)
  AVERAGE WIND SPEED     6.4


SKY COVER
  POSSIBLE SUNSHINE  MM
  AVERAGE SKY COVER 0.3


WEATHER CONDITIONS
 THE FOLLOWING WEATHER WAS RECORDED YESTERDAY.
  FOG


RELATIVE HUMIDITY (PERCENT)
 HIGHEST    93           400 AM
 LOWEST     56           400 PM
 AVERAGE    75

..........................................................


THE SAN ANGELO CLIMATE NORMALS FOR TODAY
                         NORMAL    RECORD    YEAR
 MAXIMUM TEMPERATURE (F)   77        92      1943
 MINIMUM TEMPERATURE (F)   51        29      1917


SUNRISE AND SUNSET
OCTOBER 24 2014.......SUNRISE   751 AM CDT   SUNSET   700 PM CDT
OCTOBER 25 2014.......SUNRISE   752 AM CDT   SUNSET   659 PM CDT


-  INDICATES NEGATIVE NUMBERS.
R  INDICATES RECORD WAS SET OR TIED.
MM INDICATES DATA IS MISSING.
T  INDICATES TRACE AMOUNT.




$$






U.S. Dept. of Commerce
NOAA National Weather Service
1325 East West Highway
Silver Spring, MD 20910
E-mail: w-nws.webmaster@noaa.gov
Page last modified: May 16, 2007
NATIONAL WEATHER SERVICE: for Safety, for Work, for Fun - FOR LIFE