882
CDUS44 KSJT 020656
CLISJT


CLIMATE REPORT
NATIONAL WEATHER SERVICE SAN ANGELO TX
155 AM CDT THU OCT 2 2014


...................................

...THE SAN ANGELO CLIMATE SUMMARY FOR OCTOBER 1 2014...

CLIMATE NORMAL PERIOD 1981 TO 2010
CLIMATE RECORD PERIOD 1907 TO 2014


WEATHER ITEM   OBSERVED TIME   RECORD YEAR NORMAL DEPARTURE LAST
                VALUE   (LST)  VALUE       VALUE  FROM      YEAR
                                                  NORMAL
..................................................................
TEMPERATURE (F)
 YESTERDAY
  MAXIMUM         97    416 PM  98    1979  83     14       90
  MINIMUM         70    710 AM  42    1984  58     12       65
                                      1916
  AVERAGE         84                        71     13       78

PRECIPITATION (IN)
  YESTERDAY        0.00          3.52 1927   0.09  -0.09     0.00
  MONTH TO DATE    0.00                      0.09  -0.09     0.00
  SINCE SEP 1      0.89                      2.55  -1.66     4.62
  SINCE JAN 1     12.87                     16.62  -3.75    16.38

DEGREE DAYS
 HEATING
  YESTERDAY        0                         1     -1        0
  MONTH TO DATE    0                         1     -1        0
  SINCE SEP 1      5                        10     -5        0
  SINCE JUL 1      5                        10     -5        0

 COOLING
  YESTERDAY       19                         7     12       13
  MONTH TO DATE   19                         7     12       13
  SINCE SEP 1    413                       336     77      401
  SINCE JAN 1   2671                      2372    299     2727
..................................................................


WIND (MPH)
  HIGHEST WIND SPEED    20   HIGHEST WIND DIRECTION    SW (210)
  HIGHEST GUST SPEED    24   HIGHEST GUST DIRECTION    SW (240)
  AVERAGE WIND SPEED    10.7


SKY COVER
  POSSIBLE SUNSHINE  MM
  AVERAGE SKY COVER 0.2


WEATHER CONDITIONS
 THE FOLLOWING WEATHER WAS RECORDED YESTERDAY.
  NO SIGNIFICANT WEATHER WAS OBSERVED.


RELATIVE HUMIDITY (PERCENT)
 HIGHEST    90           700 AM
 LOWEST     30           400 PM
 AVERAGE    60

..........................................................


THE SAN ANGELO CLIMATE NORMALS FOR TODAY
                         NORMAL    RECORD    YEAR
 MAXIMUM TEMPERATURE (F)   83       100      1951
 MINIMUM TEMPERATURE (F)   58        37      1935


SUNRISE AND SUNSET
OCTOBER  2 2014.......SUNRISE   736 AM CDT   SUNSET   726 PM CDT
OCTOBER  3 2014.......SUNRISE   737 AM CDT   SUNSET   724 PM CDT


-  INDICATES NEGATIVE NUMBERS.
R  INDICATES RECORD WAS SET OR TIED.
MM INDICATES DATA IS MISSING.
T  INDICATES TRACE AMOUNT.




$$






U.S. Dept. of Commerce
NOAA National Weather Service
1325 East West Highway
Silver Spring, MD 20910
E-mail: w-nws.webmaster@noaa.gov
Page last modified: May 16, 2007
NATIONAL WEATHER SERVICE: for Safety, for Work, for Fun - FOR LIFE