334
CDUS46 KMTR 210847
CLISJC


CLIMATE REPORT
NATIONAL WEATHER SERVICE SAN FRANCISCO BAY AREA
147 AM PDT MON APR 21 2014


...................................

...THE SAN JOSE AIRPORT CLIMATE SUMMARY FOR APRIL 20 2014...

CLIMATE NORMAL PERIOD 1981 TO 2010
CLIMATE RECORD PERIOD 1893 TO 2014


WEATHER ITEM   OBSERVED TIME   RECORD YEAR NORMAL DEPARTURE LAST
                VALUE   (LST)  VALUE       VALUE  FROM      YEAR
                                                  NORMAL
..................................................................
TEMPERATURE (F)
 YESTERDAY
  MAXIMUM         80    319 PM  95    2009  71      9       79
  MINIMUM         50    606 AM  28    1896  49      1       51
  AVERAGE         65                        60      5       65

PRECIPITATION (IN)
  YESTERDAY        0.00          0.57 1963   0.04  -0.04     0.00
  MONTH TO DATE    0.39                      0.78  -0.39     0.26
  SINCE JUL 1      6.07                     14.14  -8.07     9.38
  SINCE JAN 1      4.51                      9.13  -4.62     2.19

SNOWFALL (IN)
  YESTERDAY        0.0                      MM     MM        0.0
  MONTH TO DATE    0.0                      MM     MM        0.0
  SINCE MAR 1      0.0                      MM     MM        0.0
  SINCE JUL 1      0.0                      MM     MM        0.0

DEGREE DAYS
 HEATING
  YESTERDAY        0                         6     -6        0
  MONTH TO DATE   83                       136    -53      102
  SINCE MAR 1    253                       391   -138      354
  SINCE JUL 1   1794                      1854    -60     1960

 COOLING
  YESTERDAY        0                         1     -1        0
  MONTH TO DATE   11                         5      6        3
  SINCE MAR 1     15                         9      6        4
  SINCE JAN 1     15                         9      6        4
..................................................................


WIND (MPH)
  RESULTANT WIND SPEED   5   RESULTANT WIND DIRECTION  NW (300)
  HIGHEST WIND SPEED    20   HIGHEST WIND DIRECTION    NW (300)
  HIGHEST GUST SPEED    25   HIGHEST GUST DIRECTION    NW (300)
  AVERAGE WIND SPEED     5.4


SKY COVER
  POSSIBLE SUNSHINE  MM
  AVERAGE SKY COVER 0.1


WEATHER CONDITIONS
 THE FOLLOWING WEATHER WAS RECORDED YESTERDAY.
  NO SIGNIFICANT WEATHER WAS OBSERVED.


RELATIVE HUMIDITY (PERCENT)
 HIGHEST    89           100 AM
 LOWEST     21           300 PM
 AVERAGE    55

..........................................................


THE SAN JOSE AIRPORT CLIMATE NORMALS FOR TODAY
                         NORMAL    RECORD    YEAR
 MAXIMUM TEMPERATURE (F)   71        92      2009
 MINIMUM TEMPERATURE (F)   49        34      1897


SUNRISE AND SUNSET
APRIL 21 2014.........SUNRISE   625 AM PDT   SUNSET   748 PM PDT
APRIL 22 2014.........SUNRISE   624 AM PDT   SUNSET   749 PM PDT


-  INDICATES NEGATIVE NUMBERS.
R  INDICATES RECORD WAS SET OR TIED.
MM INDICATES DATA IS MISSING.
T  INDICATES TRACE AMOUNT.




$$





U.S. Dept. of Commerce
NOAA National Weather Service
1325 East West Highway
Silver Spring, MD 20910
E-mail: w-nws.webmaster@noaa.gov
Page last modified: May 16, 2007
NATIONAL WEATHER SERVICE: for Safety, for Work, for Fun - FOR LIFE