055
CDUS46 KMTR 250826
CLISJC


CLIMATE REPORT
NATIONAL WEATHER SERVICE SAN FRANCISCO BAY AREA
126 AM PDT FRI APR 25 2014


...................................

...THE SAN JOSE AIRPORT CLIMATE SUMMARY FOR APRIL 24 2014...

CLIMATE NORMAL PERIOD 1981 TO 2010
CLIMATE RECORD PERIOD 1893 TO 2014


WEATHER ITEM   OBSERVED TIME   RECORD YEAR NORMAL DEPARTURE LAST
                VALUE   (LST)  VALUE       VALUE  FROM      YEAR
                                                  NORMAL
..................................................................
TEMPERATURE (F)
 YESTERDAY
  MAXIMUM         68    227 PM  92    1966  72     -4       69
  MINIMUM         50    526 AM  34    1894  50      0       48
  AVERAGE         59                        61     -2       59

PRECIPITATION (IN)
  YESTERDAY        T             0.38 1974   0.03  -0.03     0.00
  MONTH TO DATE    0.39                      0.91  -0.52     0.26
  SINCE JUL 1      6.07                     14.27  -8.20     9.38
  SINCE JAN 1      4.51                      9.26  -4.75     2.19

SNOWFALL (IN)
  YESTERDAY        0.0                      MM     MM        0.0
  MONTH TO DATE    0.0                      MM     MM        0.0
  SINCE MAR 1      0.0                      MM     MM        0.0
  SINCE JUL 1      0.0                      MM     MM        0.0

DEGREE DAYS
 HEATING
  YESTERDAY        6                         5      1        6
  MONTH TO DATE  107                       157    -50      108
  SINCE MAR 1    277                       412   -135      360
  SINCE JUL 1   1818                      1875    -57     1966

 COOLING
  YESTERDAY        0                         1     -1        0
  MONTH TO DATE   11                         9      2       13
  SINCE MAR 1     15                        13      2       14
  SINCE JAN 1     15                        13      2       14
..................................................................


WIND (MPH)
  RESULTANT WIND SPEED   7   RESULTANT WIND DIRECTION  NW (310)
  HIGHEST WIND SPEED    21   HIGHEST WIND DIRECTION    NW (320)
  HIGHEST GUST SPEED    25   HIGHEST GUST DIRECTION    NW (320)
  AVERAGE WIND SPEED     6.9


SKY COVER
  POSSIBLE SUNSHINE  MM
  AVERAGE SKY COVER 0.6


WEATHER CONDITIONS
 THE FOLLOWING WEATHER WAS RECORDED YESTERDAY.
  LIGHT RAIN


RELATIVE HUMIDITY (PERCENT)
 HIGHEST    83          1200 AM
 LOWEST     48           300 PM
 AVERAGE    66

..........................................................


THE SAN JOSE AIRPORT CLIMATE NORMALS FOR TODAY
                         NORMAL    RECORD    YEAR
 MAXIMUM TEMPERATURE (F)   72        90      2004
 MINIMUM TEMPERATURE (F)   50        32      1893


SUNRISE AND SUNSET
APRIL 25 2014.........SUNRISE   620 AM PDT   SUNSET   752 PM PDT
APRIL 26 2014.........SUNRISE   619 AM PDT   SUNSET   753 PM PDT


-  INDICATES NEGATIVE NUMBERS.
R  INDICATES RECORD WAS SET OR TIED.
MM INDICATES DATA IS MISSING.
T  INDICATES TRACE AMOUNT.




$$





U.S. Dept. of Commerce
NOAA National Weather Service
1325 East West Highway
Silver Spring, MD 20910
E-mail: w-nws.webmaster@noaa.gov
Page last modified: May 16, 2007
NATIONAL WEATHER SERVICE: for Safety, for Work, for Fun - FOR LIFE