687
CDUS46 KMFR 230839
CLISIY


CLIMATE REPORT
NATIONAL WEATHER SERVICE MEDFORD, OR
139 AM PDT TUE SEP 23 2014


...................................

...THE MONTAGUE CA CLIMATE SUMMARY FOR SEPTEMBER 22 2014...

CLIMATE NORMAL PERIOD 1981 TO 2010
CLIMATE RECORD PERIOD 1948 TO 2014


WEATHER ITEM   OBSERVED TIME   RECORD YEAR NORMAL DEPARTURE LAST
                VALUE   (LST)  VALUE       VALUE  FROM      YEAR
                                                  NORMAL
..................................................................
TEMPERATURE (F)
 YESTERDAY
  MAXIMUM         86    340 PM  95    2009  80      6       62
                                      1974
  MINIMUM         53    548 AM  32    1968  41     12       42
  AVERAGE         70                        60     10       52

PRECIPITATION (IN)
  YESTERDAY        0.00          0.16 1967   0.03  -0.03    MM
  MONTH TO DATE    T                         0.39  -0.39     0.02
  SINCE SEP 1      T                         0.39  -0.39     0.02
  SINCE JAN 1      6.17                     11.39  -5.22     4.35

SNOWFALL (IN)
  YESTERDAY       MM                        MM     MM       MM
  MONTH TO DATE   MM                        MM     MM       MM
  SINCE JUL 1     MM                        MM     MM       MM
  SNOW DEPTH      MM

DEGREE DAYS
 HEATING
  YESTERDAY        0                         5     -5       13
  MONTH TO DATE    0                        71    -71       56
  SINCE SEP 1      0                        71    -71       56
  SINCE JUL 1      0                        88    -88       56

 COOLING
  YESTERDAY        5                         1      4        0
  MONTH TO DATE  108                        38     70       87
  SINCE SEP 1    108                        38     70       87
  SINCE JAN 1    909                       539    370      776
..................................................................


WIND (MPH)
  HIGHEST WIND SPEED    25   HIGHEST WIND DIRECTION     S (170)
  HIGHEST GUST SPEED    31   HIGHEST GUST DIRECTION     S (160)
  AVERAGE WIND SPEED     8.2


SKY COVER
  POSSIBLE SUNSHINE  MM
  AVERAGE SKY COVER 0.0


WEATHER CONDITIONS
 THE FOLLOWING WEATHER WAS RECORDED YESTERDAY.
  NO SIGNIFICANT WEATHER WAS OBSERVED.


RELATIVE HUMIDITY (PERCENT)
 HIGHEST    54           500 AM
 LOWEST     22           300 PM

..........................................................


THE MONTAGUE CA CLIMATE NORMALS FOR TODAY
                         NORMAL    RECORD    YEAR
 MAXIMUM TEMPERATURE (F)   79        98      2009
 MINIMUM TEMPERATURE (F)   41        32      1955


SUNRISE AND SUNSET
SEPTEMBER 23 2014.....SUNRISE   658 AM PDT   SUNSET   705 PM PDT
SEPTEMBER 24 2014.....SUNRISE   659 AM PDT   SUNSET   703 PM PDT


-  INDICATES NEGATIVE NUMBERS.
R  INDICATES RECORD WAS SET OR TIED.
MM INDICATES DATA IS MISSING.
T  INDICATES TRACE AMOUNT.




$$





U.S. Dept. of Commerce
NOAA National Weather Service
1325 East West Highway
Silver Spring, MD 20910
E-mail: w-nws.webmaster@noaa.gov
Page last modified: May 16, 2007
NATIONAL WEATHER SERVICE: for Safety, for Work, for Fun - FOR LIFE