573
CDUS46 KMFR 230041
CLISIY


CLIMATE REPORT
NATIONAL WEATHER SERVICE MEDFORD, OR
441 PM PST SAT NOV 22 2014


...................................

...THE MONTAGUE CA CLIMATE SUMMARY FOR NOVEMBER 22 2014...
VALID TODAY AS OF 0400 PM LOCAL TIME.

CLIMATE NORMAL PERIOD 1981 TO 2010
CLIMATE RECORD PERIOD 1948 TO 2014


WEATHER ITEM   OBSERVED TIME   RECORD YEAR NORMAL DEPARTURE LAST
                VALUE   (LST)  VALUE       VALUE  FROM      YEAR
                                                  NORMAL
..................................................................
TEMPERATURE (F)
 TODAY
  MAXIMUM         53    149 PM  62    1971  47      6       57
  MINIMUM         43    719 AM  15    1994  28     15       21
  AVERAGE         48                        38     10       39

PRECIPITATION (IN)
  TODAY            0.12          1.10 1988   0.11   0.01     0.00
  MONTH TO DATE    0.74                      2.08  -1.34     0.47
  SINCE SEP 1      4.15                      3.92   0.23     1.29
  SINCE JAN 1     10.32                     14.92  -4.60     5.62

SNOWFALL (IN)
  TODAY           MM                        MM     MM       MM
  MONTH TO DATE   MM                        MM     MM       MM
  SINCE JUL 1     MM                        MM     MM        0.0
  SNOW DEPTH      MM

DEGREE DAYS
 HEATING
  TODAY           17                        27    -10       26
  MONTH TO DATE  468                       525    -57      459
  SINCE SEP 1    803                      1061   -258     1099
  SINCE JUL 1    803                      1078   -275     1099

 COOLING
  TODAY            0                         0      0        0
  MONTH TO DATE    0                         0      0        0
  SINCE SEP 1    112                        43     69       87
  SINCE JAN 1    913                       544    369      776
..................................................................


WIND (MPH)
  HIGHEST WIND SPEED    29   HIGHEST WIND DIRECTION     W (290)
  HIGHEST GUST SPEED    35   HIGHEST GUST DIRECTION     W (280)
  AVERAGE WIND SPEED    15.0


SKY COVER
  POSSIBLE SUNSHINE  MM
  AVERAGE SKY COVER 0.7


WEATHER CONDITIONS
 THE FOLLOWING WEATHER WAS RECORDED TODAY.
  RAIN
  LIGHT RAIN
  FOG


RELATIVE HUMIDITY (PERCENT)
 HIGHEST    86           100 AM
 LOWEST     50           200 PM

..........................................................


THE MONTAGUE CA CLIMATE NORMALS FOR TOMORROW
                         NORMAL    RECORD    YEAR
 MAXIMUM TEMPERATURE (F)   47        64      1995
 MINIMUM TEMPERATURE (F)   28        15      2007
                                             1993


SUNRISE AND SUNSET
NOVEMBER 22 2014......SUNRISE   708 AM PST   SUNSET   444 PM PST
NOVEMBER 23 2014......SUNRISE   709 AM PST   SUNSET   443 PM PST


-  INDICATES NEGATIVE NUMBERS.
R  INDICATES RECORD WAS SET OR TIED.
MM INDICATES DATA IS MISSING.
T  INDICATES TRACE AMOUNT.




$$





U.S. Dept. of Commerce
NOAA National Weather Service
1325 East West Highway
Silver Spring, MD 20910
E-mail: w-nws.webmaster@noaa.gov
Page last modified: May 16, 2007
NATIONAL WEATHER SERVICE: for Safety, for Work, for Fun - FOR LIFE