305
CDUS44 KSHV 240844
CLISHV


CLIMATE REPORT
NATIONAL WEATHER SERVICE SHREVEPORT, LA
243 AM CST MON NOV 24 2014


...................................

...THE SHREVEPORT CLIMATE SUMMARY FOR NOVEMBER 23 2014...

CLIMATE NORMAL PERIOD 1981 TO 2010
CLIMATE RECORD PERIOD 1874 TO 2014


WEATHER ITEM   OBSERVED TIME   RECORD YEAR NORMAL DEPARTURE LAST
                VALUE   (LST)  VALUE       VALUE  FROM      YEAR
                                                  NORMAL
..................................................................
TEMPERATURE (F)
 YESTERDAY
  MAXIMUM         73    259 PM  84    1973  65      8       48
  MINIMUM         58   1159 PM  24    1975  43     15       40
  AVERAGE         66                        54     12       44

PRECIPITATION (IN)
  YESTERDAY        0.84          3.85 1873   0.14   0.70     0.25
  MONTH TO DATE    4.43                      3.47   0.96     3.76
  SINCE DEC 1     42.45                     50.35  -7.90    52.71
  SINCE JAN 1     37.47                     45.58  -8.11    47.05

SNOWFALL (IN)
  YESTERDAY        0.0
  MONTH TO DATE    T
  SINCE SEP 1      T
  SINCE JUL 1      T
  SNOW DEPTH       0

DEGREE DAYS
 HEATING
  YESTERDAY        0                        12    -12       21
  MONTH TO DATE  308                       194    114      197
  SINCE SEP 1    331                       280     51      235
  SINCE JUL 1    331                       280     51      235

 COOLING
  YESTERDAY        1                         0      1        0
  MONTH TO DATE    4                        23    -19       14
  SINCE SEP 1    597                       510     87      661
  SINCE JAN 1   2489                      2472     17     2706
..................................................................


WIND (MPH)
  HIGHEST WIND SPEED    20   HIGHEST WIND DIRECTION     W (290)
  HIGHEST GUST SPEED    27   HIGHEST GUST DIRECTION    SW (210)
  AVERAGE WIND SPEED    10.4


SKY COVER
  POSSIBLE SUNSHINE  MM
  AVERAGE SKY COVER 0.6


WEATHER CONDITIONS
 THE FOLLOWING WEATHER WAS RECORDED YESTERDAY.
  HEAVY RAIN
  RAIN
  LIGHT RAIN
  FOG


RELATIVE HUMIDITY (PERCENT)
 HIGHEST   100           500 AM
 LOWEST     57           300 PM
 AVERAGE    79

..........................................................


THE SHREVEPORT CLIMATE NORMALS FOR TODAY
                         NORMAL    RECORD    YEAR
 MAXIMUM TEMPERATURE (F)   64        84      1973
 MINIMUM TEMPERATURE (F)   43        26      1970


SUNRISE AND SUNSET
NOVEMBER 24 2014......SUNRISE   653 AM CST   SUNSET   511 PM CST
NOVEMBER 25 2014......SUNRISE   654 AM CST   SUNSET   511 PM CST


-  INDICATES NEGATIVE NUMBERS.
R  INDICATES RECORD WAS SET OR TIED.
MM INDICATES DATA IS MISSING.
T  INDICATES TRACE AMOUNT.




$$





U.S. Dept. of Commerce
NOAA National Weather Service
1325 East West Highway
Silver Spring, MD 20910
E-mail: w-nws.webmaster@noaa.gov
Page last modified: May 16, 2007
NATIONAL WEATHER SERVICE: for Safety, for Work, for Fun - FOR LIFE