165
CDUS44 KSHV 210737
CLISHV


CLIMATE REPORT
NATIONAL WEATHER SERVICE SHREVEPORT, LA
233 AM CDT TUE OCT 21 2014


...................................

...THE SHREVEPORT CLIMATE SUMMARY FOR OCTOBER 20 2014...

CLIMATE NORMAL PERIOD 1981 TO 2010
CLIMATE RECORD PERIOD 1874 TO 2014


WEATHER ITEM   OBSERVED TIME   RECORD YEAR NORMAL DEPARTURE LAST
                VALUE   (LST)  VALUE       VALUE  FROM      YEAR
                                                  NORMAL
..................................................................
TEMPERATURE (F)
 YESTERDAY
  MAXIMUM         79    333 PM  91    1941  77      2       71
  MINIMUM         49    701 AM  29    1989  53     -4       42
  AVERAGE         64                        65     -1       57

PRECIPITATION (IN)
  YESTERDAY        0.00          2.62 1984   0.18  -0.18     0.00
  MONTH TO DATE    5.71                      3.08   2.63     3.90
  SINCE DEC 1     37.89                     45.00  -7.11    45.83
  SINCE JAN 1     32.91                     40.23  -7.32    40.17

SNOWFALL (IN)
  YESTERDAY        0.0
  MONTH TO DATE    T
  SINCE SEP 1      T
  SINCE JUL 1      T
  SNOW DEPTH       0

DEGREE DAYS
 HEATING
  YESTERDAY        1                         3     -2        8
  MONTH TO DATE    6                        35    -29       22
  SINCE SEP 1      6                        41    -35       22
  SINCE JUL 1      6                        41    -35       22

 COOLING
  YESTERDAY        0                         3     -3        0
  MONTH TO DATE  125                        98     27      117
  SINCE SEP 1    565                       461    104      633
  SINCE JAN 1   2457                      2423     34     2678
..................................................................


WIND (MPH)
  HIGHEST WIND SPEED     9   HIGHEST WIND DIRECTION    NE (30)
  HIGHEST GUST SPEED    11   HIGHEST GUST DIRECTION    NE (30)
  AVERAGE WIND SPEED     1.6


SKY COVER
  POSSIBLE SUNSHINE  MM
  AVERAGE SKY COVER 0.2


WEATHER CONDITIONS
 THE FOLLOWING WEATHER WAS RECORDED YESTERDAY.
  FOG


RELATIVE HUMIDITY (PERCENT)
 HIGHEST   100           500 AM
 LOWEST     39           300 PM
 AVERAGE    70

..........................................................


THE SHREVEPORT CLIMATE NORMALS FOR TODAY
                         NORMAL    RECORD    YEAR
 MAXIMUM TEMPERATURE (F)   77        91      1941
                                             1934
 MINIMUM TEMPERATURE (F)   53        31      1976


SUNRISE AND SUNSET
OCTOBER 21 2014.......SUNRISE   724 AM CDT   SUNSET   636 PM CDT
OCTOBER 22 2014.......SUNRISE   724 AM CDT   SUNSET   635 PM CDT


-  INDICATES NEGATIVE NUMBERS.
R  INDICATES RECORD WAS SET OR TIED.
MM INDICATES DATA IS MISSING.
T  INDICATES TRACE AMOUNT.




$$





U.S. Dept. of Commerce
NOAA National Weather Service
1325 East West Highway
Silver Spring, MD 20910
E-mail: w-nws.webmaster@noaa.gov
Page last modified: May 16, 2007
NATIONAL WEATHER SERVICE: for Safety, for Work, for Fun - FOR LIFE