144
CDUS44 KSHV 180735
CLISHV


CLIMATE REPORT
NATIONAL WEATHER SERVICE SHREVEPORT, LA
233 AM CDT FRI APR 18 2014


...................................

...THE SHREVEPORT CLIMATE SUMMARY FOR APRIL 17 2014...

CLIMATE NORMAL PERIOD 1981 TO 2010
CLIMATE RECORD PERIOD 1874 TO 2014


WEATHER ITEM   OBSERVED TIME   RECORD YEAR NORMAL DEPARTURE LAST
                VALUE   (LST)  VALUE       VALUE  FROM      YEAR
                                                  NORMAL
..................................................................
TEMPERATURE (F)
 YESTERDAY
  MAXIMUM         68    508 PM  91    2006  77     -9       88
                                      1987
  MINIMUM         43    227 AM  35    1921  54    -11       72
  AVERAGE         56                        66    -10       80

PRECIPITATION (IN)
  YESTERDAY        0.00          3.70 1991   0.13  -0.13     0.00
  MONTH TO DATE    3.82                      2.34   1.48     2.61
  SINCE DEC 1     16.26                     20.20  -3.94    19.29
  SINCE JAN 1     11.28                     15.43  -4.15    13.63

SNOWFALL (IN)
  YESTERDAY        0.0
  MONTH TO DATE    0.0
  SINCE MAR 1      T
  SINCE JUL 1      1.0
  SNOW DEPTH       0

DEGREE DAYS
 HEATING
  YESTERDAY        9                         3      6        0
  MONTH TO DATE  101                        66     35       74
  SINCE MAR 1    423                       317    106      380
  SINCE JUL 1   2534                      2199    335     1994

 COOLING
  YESTERDAY        0                         3     -3       15
  MONTH TO DATE   43                        42      1       64
  SINCE MAR 1     56                        73    -17       81
  SINCE JAN 1     62                        83    -21       89
..................................................................


WIND (MPH)
  HIGHEST WIND SPEED    11   HIGHEST WIND DIRECTION     E (100)
  HIGHEST GUST SPEED    12   HIGHEST GUST DIRECTION     E (110)
  AVERAGE WIND SPEED     4.2


SKY COVER
  POSSIBLE SUNSHINE  MM
  AVERAGE SKY COVER 0.6


WEATHER CONDITIONS
 THE FOLLOWING WEATHER WAS RECORDED YESTERDAY.
  NO SIGNIFICANT WEATHER WAS OBSERVED.


RELATIVE HUMIDITY (PERCENT)
 HIGHEST    89           300 AM
 LOWEST     45           300 PM
 AVERAGE    67

..........................................................


THE SHREVEPORT CLIMATE NORMALS FOR TODAY
                         NORMAL    RECORD    YEAR
 MAXIMUM TEMPERATURE (F)   77        93      2006
 MINIMUM TEMPERATURE (F)   54        37      1999


SUNRISE AND SUNSET
APRIL 18 2014.........SUNRISE   642 AM CDT   SUNSET   747 PM CDT
APRIL 19 2014.........SUNRISE   641 AM CDT   SUNSET   748 PM CDT


-  INDICATES NEGATIVE NUMBERS.
R  INDICATES RECORD WAS SET OR TIED.
MM INDICATES DATA IS MISSING.
T  INDICATES TRACE AMOUNT.




$$





U.S. Dept. of Commerce
NOAA National Weather Service
1325 East West Highway
Silver Spring, MD 20910
E-mail: w-nws.webmaster@noaa.gov
Page last modified: May 16, 2007
NATIONAL WEATHER SERVICE: for Safety, for Work, for Fun - FOR LIFE