198
CDUS45 KBYZ 252227
CLISHR


CLIMATE REPORT
NATIONAL WEATHER SERVICE BILLINGS MT
426 PM MDT SAT OCT 25 2014


...................................

...THE SHERIDAN WY CLIMATE SUMMARY FOR OCTOBER 25 2014...
VALID TODAY AS OF 0400 PM LOCAL TIME.

CLIMATE NORMAL PERIOD 1981 TO 2010
CLIMATE RECORD PERIOD 1907 TO 2014


WEATHER ITEM   OBSERVED TIME   RECORD YEAR NORMAL DEPARTURE LAST
                VALUE   (LST)  VALUE       VALUE  FROM      YEAR
                                                  NORMAL
..................................................................
TEMPERATURE (F)
 TODAY
  MAXIMUM         74    321 PM  81    1990  57     17       66
                                      1977
  MINIMUM         26    602 AM   8    1997  28     -2       28
                                      1919
  AVERAGE         50                        42      8       47

PRECIPITATION (IN)
  TODAY            0.00          0.50 1913   0.04  -0.04     0.00
  MONTH TO DATE    0.16                      1.22  -1.06     2.36
  SINCE OCT 1      0.16                      1.22  -1.06     2.36
  SINCE JAN 1     12.86                     12.70   0.16    16.61

SNOWFALL (IN)
  TODAY           MM             5.3  1954   0.2   MM       MM
  MONTH TO DATE   MM                         4.3   MM       MM
  SINCE SEP 1     MM                         7.1   MM       MM
  SINCE JUL 1     MM                         7.1   MM       MM
  SNOW DEPTH      MM

DEGREE DAYS
 HEATING
  TODAY           15                        23     -8       18
  MONTH TO DATE  326                       461   -135      556
  SINCE SEP 1    556                       702   -146      710
  SINCE JUL 1    606                       764   -158      711

 COOLING
  TODAY            0                         0      0        0
  MONTH TO DATE    0                         0      0        0
  SINCE SEP 1     28                        28      0       82
  SINCE JAN 1    346                       418    -72      592
..................................................................


WIND (MPH)
  HIGHEST WIND SPEED     9   HIGHEST WIND DIRECTION    NW (310)
  HIGHEST GUST SPEED    12   HIGHEST GUST DIRECTION    NW (330)
  AVERAGE WIND SPEED     3.6


SKY COVER
  POSSIBLE SUNSHINE  MM
  AVERAGE SKY COVER 0.0


WEATHER CONDITIONS
 THE FOLLOWING WEATHER WAS RECORDED TODAY.
  NO SIGNIFICANT WEATHER WAS OBSERVED.


RELATIVE HUMIDITY (PERCENT)
 HIGHEST    85           400 AM
 LOWEST     25           300 PM
 AVERAGE    55

..........................................................


THE SHERIDAN WY CLIMATE NORMALS FOR TOMORROW
                         NORMAL    RECORD    YEAR
 MAXIMUM TEMPERATURE (F)   56        81      1983
 MINIMUM TEMPERATURE (F)   28         5      1913


SUNRISE AND SUNSET
OCTOBER 25 2014.......SUNRISE   736 AM MDT   SUNSET   607 PM MDT
OCTOBER 26 2014.......SUNRISE   738 AM MDT   SUNSET   605 PM MDT


-  INDICATES NEGATIVE NUMBERS.
R  INDICATES RECORD WAS SET OR TIED.
MM INDICATES DATA IS MISSING.
T  INDICATES TRACE AMOUNT.




$$






U.S. Dept. of Commerce
NOAA National Weather Service
1325 East West Highway
Silver Spring, MD 20910
E-mail: w-nws.webmaster@noaa.gov
Page last modified: May 16, 2007
NATIONAL WEATHER SERVICE: for Safety, for Work, for Fun - FOR LIFE