857
CDUS45 KBYZ 220937
CLISHR


CLIMATE REPORT
NATIONAL WEATHER SERVICE BILLINGS MT
335 AM MDT WED OCT 22 2014


...................................

...THE SHERIDAN WY CLIMATE SUMMARY FOR OCTOBER 21 2014...

CLIMATE NORMAL PERIOD 1981 TO 2010
CLIMATE RECORD PERIOD 1907 TO 2014


WEATHER ITEM   OBSERVED TIME   RECORD YEAR NORMAL DEPARTURE LAST
                VALUE   (LST)  VALUE       VALUE  FROM      YEAR
                                                  NORMAL
..................................................................
TEMPERATURE (F)
 YESTERDAY
  MAXIMUM         82   1232 PM  84    2003  58     24       58
  MINIMUM         37    515 AM  17    1984  29      8       37
                                      1932
  AVERAGE         60                        44     16       48

PRECIPITATION (IN)
  YESTERDAY        0.00          0.91 1953   0.04  -0.04     0.00
  MONTH TO DATE    0.16                      1.07  -0.91     2.36
  SINCE OCT 1      0.16                      1.07  -0.91     2.36
  SINCE JAN 1     12.86                     12.55   0.31    16.61

SNOWFALL (IN)
  YESTERDAY       MM             2.1  1936   0.2   MM       MM
  MONTH TO DATE   MM                         3.5   MM       MM
  SINCE SEP 1     MM                         6.3   MM       MM
  SINCE JUL 1     MM                         6.3   MM       MM
  SNOW DEPTH      MM

DEGREE DAYS
 HEATING
  YESTERDAY        5                        21    -16       17
  MONTH TO DATE  268                       372   -104      484
  SINCE SEP 1    498                       613   -115      638
  SINCE JUL 1    548                       675   -127      639

 COOLING
  YESTERDAY        0                         0      0        0
  MONTH TO DATE    0                         0      0        0
  SINCE SEP 1     28                        28      0       82
  SINCE JAN 1    346                       418    -72      592
..................................................................


WIND (MPH)
  HIGHEST WIND SPEED    30   HIGHEST WIND DIRECTION    NW (320)
  HIGHEST GUST SPEED    36   HIGHEST GUST DIRECTION     N (340)
  AVERAGE WIND SPEED    10.3


SKY COVER
  POSSIBLE SUNSHINE  MM
  AVERAGE SKY COVER 0.0


WEATHER CONDITIONS
 THE FOLLOWING WEATHER WAS RECORDED YESTERDAY.
  NO SIGNIFICANT WEATHER WAS OBSERVED.


RELATIVE HUMIDITY (PERCENT)
 HIGHEST    76           300 AM
 LOWEST     19           100 PM
 AVERAGE    48

..........................................................


THE SHERIDAN WY CLIMATE NORMALS FOR TODAY
                         NORMAL    RECORD    YEAR
 MAXIMUM TEMPERATURE (F)   58        84      2003
 MINIMUM TEMPERATURE (F)   29        12      1936


SUNRISE AND SUNSET
OCTOBER 22 2014.......SUNRISE   733 AM MDT   SUNSET   611 PM MDT
OCTOBER 23 2014.......SUNRISE   734 AM MDT   SUNSET   610 PM MDT


-  INDICATES NEGATIVE NUMBERS.
R  INDICATES RECORD WAS SET OR TIED.
MM INDICATES DATA IS MISSING.
T  INDICATES TRACE AMOUNT.




$$






U.S. Dept. of Commerce
NOAA National Weather Service
1325 East West Highway
Silver Spring, MD 20910
E-mail: w-nws.webmaster@noaa.gov
Page last modified: May 16, 2007
NATIONAL WEATHER SERVICE: for Safety, for Work, for Fun - FOR LIFE