592
CDUS45 KBYZ 231042
CLISHR


CLIMATE REPORT
NATIONAL WEATHER SERVICE BILLINGS MT
333 AM MST SUN NOV 23 2014


...................................

...THE SHERIDAN WY CLIMATE SUMMARY FOR NOVEMBER 22 2014...

CLIMATE NORMAL PERIOD 1981 TO 2010
CLIMATE RECORD PERIOD 1907 TO 2014


WEATHER ITEM   OBSERVED TIME   RECORD YEAR NORMAL DEPARTURE LAST
                VALUE   (LST)  VALUE       VALUE  FROM      YEAR
                                                  NORMAL
..................................................................
TEMPERATURE (F)
 YESTERDAY
  MAXIMUM         63   1200 PM  74    1954  42     21       35
  MINIMUM         23    500 AM -12    1985  17      6       -3
  AVERAGE         43                        29     14       16

PRECIPITATION (IN)
  YESTERDAY        T             0.23        0.02  -0.02     0.00
  MONTH TO DATE    0.73                      0.54   0.19     0.17
  SINCE OCT 1      0.89                      1.95  -1.06     2.64
  SINCE JAN 1     13.59                     13.43   0.16    16.89

DEGREE DAYS
 HEATING
  YESTERDAY       22                        36    -14       49
  MONTH TO DATE  822                       671    151      686
  SINCE SEP 1   1501                      1517    -16     1547
  SINCE JUL 1   1551                      1579    -28     1548

 COOLING
  YESTERDAY        0                         0      0        0
  MONTH TO DATE    0                         0      0        0
  SINCE SEP 1     28                        29     -1       82
  SINCE JAN 1    346                       419    -73      592
..................................................................


WIND (MPH)
  HIGHEST WIND SPEED    44   HIGHEST WIND DIRECTION    NW (320)
  HIGHEST GUST SPEED    59   HIGHEST GUST DIRECTION    SW (230)
  AVERAGE WIND SPEED     9.4


SKY COVER
  POSSIBLE SUNSHINE  MM
  AVERAGE SKY COVER 0.3


WEATHER CONDITIONS
 THE FOLLOWING WEATHER WAS RECORDED YESTERDAY.
  LIGHT RAIN
  LIGHT SNOW


RELATIVE HUMIDITY (PERCENT)
 HIGHEST    88           500 AM
 LOWEST     23          1200 PM
 AVERAGE    56

..........................................................


THE SHERIDAN WY CLIMATE NORMALS FOR TODAY
                         NORMAL    RECORD    YEAR
 MAXIMUM TEMPERATURE (F)   42        67      1988
 MINIMUM TEMPERATURE (F)   16       -18      1985


SUNRISE AND SUNSET
NOVEMBER 23 2014......SUNRISE   715 AM MST   SUNSET   433 PM MST
NOVEMBER 24 2014......SUNRISE   717 AM MST   SUNSET   432 PM MST


-  INDICATES NEGATIVE NUMBERS.
R  INDICATES RECORD WAS SET OR TIED.
MM INDICATES DATA IS MISSING.
T  INDICATES TRACE AMOUNT.




$$





U.S. Dept. of Commerce
NOAA National Weather Service
1325 East West Highway
Silver Spring, MD 20910
E-mail: w-nws.webmaster@noaa.gov
Page last modified: May 16, 2007
NATIONAL WEATHER SERVICE: for Safety, for Work, for Fun - FOR LIFE