508
CDUS45 KBYZ 210950
CLISHR


CLIMATE REPORT
NATIONAL WEATHER SERVICE BILLINGS MT
348 AM MDT THU AUG 21 2014


...................................

...THE SHERIDAN WY CLIMATE SUMMARY FOR AUGUST 20 2014...

CLIMATE NORMAL PERIOD 1981 TO 2010
CLIMATE RECORD PERIOD 1907 TO 2014


WEATHER ITEM   OBSERVED TIME   RECORD YEAR NORMAL DEPARTURE LAST
                VALUE   (LST)  VALUE       VALUE  FROM      YEAR
                                                  NORMAL
..................................................................
TEMPERATURE (F)
 YESTERDAY
  MAXIMUM         82    401 PM 100    1988  86     -4       92
  MINIMUM         58   1033 PM  35    1939  51      7       57
  AVERAGE         70                        68      2       75

PRECIPITATION (IN)
  YESTERDAY        T             0.50 1916   0.02  -0.02     0.00
  MONTH TO DATE    0.14                      0.45  -0.31     0.04
  SINCE OCT 1     13.92                     12.46   1.46    12.52
  SINCE JAN 1     10.16                      9.78   0.38     9.98

SNOWFALL (IN)
  YESTERDAY       MM             0.0  2000   0.0   MM       MM
  MONTH TO DATE   MM                         0.0   MM       MM
  SINCE JUN 1     MM                         T     MM       MM
  SINCE JUL 1     MM                         0.0   MM       MM
  SNOW DEPTH      MM

DEGREE DAYS
 HEATING
  YESTERDAY        0                         1     -1        0
  MONTH TO DATE    0                        14    -14        0
  SINCE JUN 1    191                       189      2      121
  SINCE JUL 1      9                        40    -31        1

 COOLING
  YESTERDAY        5                         5      0       10
  MONTH TO DATE  123                       121      2      117
  SINCE JUN 1    306                       349    -43      387
  SINCE JAN 1    314                       353    -39      395
..................................................................


WIND (MPH)
  HIGHEST WIND SPEED    23   HIGHEST WIND DIRECTION    NW (330)
  HIGHEST GUST SPEED    28   HIGHEST GUST DIRECTION    NW (310)
  AVERAGE WIND SPEED     9.5


SKY COVER
  POSSIBLE SUNSHINE  MM
  AVERAGE SKY COVER 0.5


WEATHER CONDITIONS
 THE FOLLOWING WEATHER WAS RECORDED YESTERDAY.
  LIGHT RAIN


RELATIVE HUMIDITY (PERCENT)
 HIGHEST    67           900 PM
 LOWEST     28           400 PM
 AVERAGE    48

..........................................................


THE SHERIDAN WY CLIMATE NORMALS FOR TODAY
                         NORMAL    RECORD    YEAR
 MAXIMUM TEMPERATURE (F)   86       101      2010
 MINIMUM TEMPERATURE (F)   51        38      1974
                                             1907


SUNRISE AND SUNSET
AUGUST 21 2014........SUNRISE   617 AM MDT   SUNSET   804 PM MDT
AUGUST 22 2014........SUNRISE   618 AM MDT   SUNSET   802 PM MDT


-  INDICATES NEGATIVE NUMBERS.
R  INDICATES RECORD WAS SET OR TIED.
MM INDICATES DATA IS MISSING.
T  INDICATES TRACE AMOUNT.




$$






U.S. Dept. of Commerce
NOAA National Weather Service
1325 East West Highway
Silver Spring, MD 20910
E-mail: w-nws.webmaster@noaa.gov
Page last modified: May 16, 2007
NATIONAL WEATHER SERVICE: for Safety, for Work, for Fun - FOR LIFE