037
CDUS45 KBYZ 301046
CLISHR


CLIMATE REPORT
NATIONAL WEATHER SERVICE BILLINGS MT
335 AM MST FRI JAN 30 2015


...................................

...THE SHERIDAN WY CLIMATE SUMMARY FOR JANUARY 29 2015...

CLIMATE NORMAL PERIOD 1981 TO 2010
CLIMATE RECORD PERIOD 1907 TO 2015


WEATHER ITEM   OBSERVED TIME   RECORD YEAR NORMAL DEPARTURE LAST
                VALUE   (LST)  VALUE       VALUE  FROM      YEAR
                                                  NORMAL
..................................................................
TEMPERATURE (F)
 YESTERDAY
  MAXIMUM         49    243 PM  71    1931  37     12       39
  MINIMUM         20    652 AM -30    1951  12      8       13
  AVERAGE         35                        24     11       26

PRECIPITATION (IN)
  YESTERDAY        0.00          0.36        0.02  -0.02     0.01
  MONTH TO DATE    0.45                      0.52  -0.07     0.60
  SINCE OCT 1      2.84                      3.20  -0.36     4.36
  SINCE JAN 1      0.45                      0.52  -0.07     0.60

DEGREE DAYS
 HEATING
  YESTERDAY       30                        41    -11       39
  MONTH TO DATE 1132                      1198    -66     1083
  SINCE DEC 1   2361                      2503   -142     2498
  SINCE JUL 1   4187                      4381   -194     4303

 COOLING
  YESTERDAY        0                         0      0        0
  MONTH TO DATE    0                         0      0        0
  SINCE DEC 1      0                         0      0        0
  SINCE JAN 1      0                         0      0        0
..................................................................


WIND (MPH)
  HIGHEST WIND SPEED    15   HIGHEST WIND DIRECTION    SE (140)
  HIGHEST GUST SPEED    19   HIGHEST GUST DIRECTION    SE (130)
  AVERAGE WIND SPEED     3.6


SKY COVER
  POSSIBLE SUNSHINE  MM
  AVERAGE SKY COVER 0.0


WEATHER CONDITIONS
 THE FOLLOWING WEATHER WAS RECORDED YESTERDAY.
  NO SIGNIFICANT WEATHER WAS OBSERVED.


RELATIVE HUMIDITY (PERCENT)
 HIGHEST    85          1200 AM
 LOWEST     34           300 PM
 AVERAGE    60

..........................................................


THE SHERIDAN WY CLIMATE NORMALS FOR TODAY
                         NORMAL    RECORD    YEAR
 MAXIMUM TEMPERATURE (F)   37        64      1989
 MINIMUM TEMPERATURE (F)   12       -29      1922


SUNRISE AND SUNSET
JANUARY 30 2015.......SUNRISE   729 AM MST   SUNSET   513 PM MST
JANUARY 31 2015.......SUNRISE   728 AM MST   SUNSET   515 PM MST


-  INDICATES NEGATIVE NUMBERS.
R  INDICATES RECORD WAS SET OR TIED.
MM INDICATES DATA IS MISSING.
T  INDICATES TRACE AMOUNT.




$$





U.S. Dept. of Commerce
NOAA National Weather Service
1325 East West Highway
Silver Spring, MD 20910
E-mail: w-nws.webmaster@noaa.gov
Page last modified: May 16, 2007
NATIONAL WEATHER SERVICE: for Safety, for Work, for Fun - FOR LIFE