555
CDUS43 KSGF 300626
CLISGF


CLIMATE REPORT
NATIONAL WEATHER SERVICE SPRINGFIELD MO
125 AM CDT THU OCT 30 2014


...................................

...THE SPRINGFIELD MO CLIMATE SUMMARY FOR OCTOBER 29 2014...

CLIMATE NORMAL PERIOD 1981 TO 2010
CLIMATE RECORD PERIOD 1888 TO 2014


WEATHER ITEM   OBSERVED TIME   RECORD YEAR NORMAL DEPARTURE LAST
                VALUE   (LST)  VALUE       VALUE  FROM      YEAR
                                                  NORMAL
..................................................................
TEMPERATURE (F)
 YESTERDAY
  MAXIMUM         64    250 PM  86    1950  65     -1       65
  MINIMUM         38    625 AM  21    1952  43     -5       55
  AVERAGE         51                        54     -3       60

PRECIPITATION (IN)
  YESTERDAY        0.00          2.35 2013   0.12  -0.12     2.35
  MONTH TO DATE    7.49                      3.36   4.13     5.99
  SINCE SEP 1     12.49                      7.97   4.52     8.17
  SINCE JAN 1     34.46                     38.08  -3.62    46.32

SNOWFALL (IN)
  YESTERDAY        0.0
  MONTH TO DATE    0.0
  SINCE SEP 1      0.0
  SINCE JUL 1      0.0
  SNOW DEPTH       0

DEGREE DAYS
 HEATING
  YESTERDAY       14                        12      2        5
  MONTH TO DATE  166                       228    -62      281
  SINCE SEP 1    197                       281    -84      295
  SINCE JUL 1    197                       283    -86      295

 COOLING
  YESTERDAY        0                         0      0        0
  MONTH TO DATE   45                        27     18       44
  SINCE SEP 1    224                       200     24      274
  SINCE JAN 1   1470                      1386     84     1417
..................................................................


WIND (MPH)
  HIGHEST WIND SPEED    12   HIGHEST WIND DIRECTION     N (350)
  HIGHEST GUST SPEED    14   HIGHEST GUST DIRECTION     N (350)
  AVERAGE WIND SPEED     3.4


SKY COVER
  AVERAGE SKY COVER 0.0


WEATHER CONDITIONS
 THE FOLLOWING WEATHER WAS RECORDED YESTERDAY.
  HAZE


RELATIVE HUMIDITY (PERCENT)
 HIGHEST    92           500 AM
 LOWEST     34           200 PM
 AVERAGE    63

..........................................................


THE SPRINGFIELD MO CLIMATE NORMALS FOR TODAY
                         NORMAL    RECORD    YEAR
 MAXIMUM TEMPERATURE (F)   64        88      1937
 MINIMUM TEMPERATURE (F)   42        19      1917


SUNRISE AND SUNSET
OCTOBER 30 2014.......SUNRISE   736 AM CDT   SUNSET   618 PM CDT
OCTOBER 31 2014.......SUNRISE   737 AM CDT   SUNSET   617 PM CDT


-  INDICATES NEGATIVE NUMBERS.
R  INDICATES RECORD WAS SET OR TIED.
MM INDICATES DATA IS MISSING.
T  INDICATES TRACE AMOUNT.




$$





U.S. Dept. of Commerce
NOAA National Weather Service
1325 East West Highway
Silver Spring, MD 20910
E-mail: w-nws.webmaster@noaa.gov
Page last modified: May 16, 2007
NATIONAL WEATHER SERVICE: for Safety, for Work, for Fun - FOR LIFE