382
CDUS43 KSGF 290628
CLISGF


CLIMATE REPORT
NATIONAL WEATHER SERVICE SPRINGFIELD MO
1227 AM CST THU JAN 29 2015


...................................

...THE SPRINGFIELD MO CLIMATE SUMMARY FOR JANUARY 28 2015...

CLIMATE NORMAL PERIOD 1981 TO 2010
CLIMATE RECORD PERIOD 1888 TO 2015


WEATHER ITEM   OBSERVED TIME   RECORD YEAR NORMAL DEPARTURE LAST
                VALUE   (LST)  VALUE       VALUE  FROM      YEAR
                                                  NORMAL
..................................................................
TEMPERATURE (F)
 YESTERDAY
  MAXIMUM         68    447 PM  74    2013  44     24       23
  MINIMUM         38    744 AM  -4    1977  23     15        8
                                      1948
  AVERAGE         53                        33     20       16

PRECIPITATION (IN)
  YESTERDAY        0.00          0.83 2006   0.08  -0.08     0.00
  MONTH TO DATE    0.78                      2.24  -1.46     1.26
  SINCE DEC 1      2.55                      5.28  -2.73     3.82
  SINCE JAN 1      0.78                      2.24  -1.46     1.26

SNOWFALL (IN)
  YESTERDAY        0.0
  MONTH TO DATE    0.3
  SINCE DEC 1      0.8
  SINCE JUL 1      2.5
  SNOW DEPTH       0

DEGREE DAYS
 HEATING
  YESTERDAY       12                        32    -20       49
  MONTH TO DATE  862                       911    -49     1007
  SINCE DEC 1   1682                      1842   -160     1993
  SINCE JUL 1   2632                      2721    -89     2930

 COOLING
  YESTERDAY        0                         0      0        0
  MONTH TO DATE    0                         0      0        0
  SINCE DEC 1      0                         0      0        0
  SINCE JAN 1      0                         0      0        0
..................................................................


WIND (MPH)
  HIGHEST WIND SPEED    28   HIGHEST WIND DIRECTION    SE (140)
  HIGHEST GUST SPEED    32   HIGHEST GUST DIRECTION     S (160)
  AVERAGE WIND SPEED    17.7


SKY COVER
  AVERAGE SKY COVER 0.0


WEATHER CONDITIONS
 THE FOLLOWING WEATHER WAS RECORDED YESTERDAY.
  NO SIGNIFICANT WEATHER WAS OBSERVED.


RELATIVE HUMIDITY (PERCENT)
 HIGHEST    79           500 AM
 LOWEST     42           700 PM
 AVERAGE    61

..........................................................


THE SPRINGFIELD MO CLIMATE NORMALS FOR TODAY
                         NORMAL    RECORD    YEAR
 MAXIMUM TEMPERATURE (F)   44        74      1947
 MINIMUM TEMPERATURE (F)   23       -12      1979


SUNRISE AND SUNSET
JANUARY 29 2015.......SUNRISE   719 AM CST   SUNSET   535 PM CST
JANUARY 30 2015.......SUNRISE   718 AM CST   SUNSET   536 PM CST


-  INDICATES NEGATIVE NUMBERS.
R  INDICATES RECORD WAS SET OR TIED.
MM INDICATES DATA IS MISSING.
T  INDICATES TRACE AMOUNT.




$$






U.S. Dept. of Commerce
NOAA National Weather Service
1325 East West Highway
Silver Spring, MD 20910
E-mail: w-nws.webmaster@noaa.gov
Page last modified: May 16, 2007
NATIONAL WEATHER SERVICE: for Safety, for Work, for Fun - FOR LIFE