996
CDUS46 KOTX 010820
CLISFF


CLIMATE REPORT
NATIONAL WEATHER SERVICE SPOKANE, WA
120 AM PDT FRI AUG 1 2014


...................................

...THE SPOKANE WA FELTS AIRPORT CLIMATE SUMMARY FOR JULY 31 2014...

CLIMATE NORMAL PERIOD 1981 TO 2010
CLIMATE RECORD PERIOD 9999 TO 9999


WEATHER ITEM   OBSERVED TIME   RECORD YEAR NORMAL DEPARTURE LAST
                VALUE   (LST)  VALUE       VALUE  FROM      YEAR
                                                  NORMAL
..................................................................
TEMPERATURE (F)
 YESTERDAY
  MAXIMUM        101    350 PM  MM      MM  87     14       91
  MINIMUM         62    432 AM  MM      MM  56      6       56
  AVERAGE         82                        72     10       74

PRECIPITATION (IN)
  YESTERDAY        0.00         MM      MM   0.01  -0.01      T
  MONTH TO DATE    0.44                      0.82  -0.38      T
  SINCE OCT 1     12.92                     16.24  -3.32    14.60
  SINCE JAN 1     10.64                     10.04   0.60     7.96

SNOWFALL (IN)
  YESTERDAY       MM            MM      MM  MM     MM       MM
  MONTH TO DATE   MM                        MM     MM       MM
  SINCE JUN 1     MM                        MM     MM       MM
  SINCE JUL 1     MM                        MM     MM       MM
  SNOW DEPTH      MM

DEGREE DAYS
 HEATING
  YESTERDAY        0                         0      0        0
  MONTH TO DATE    4                        18    -14        0
  SINCE JUN 1     83                       139    -56      105
  SINCE JUL 1      4                        21    -17        0

 COOLING
  YESTERDAY       17                         7     10        9
  MONTH TO DATE  344                       171    173      282
  SINCE JUN 1    359                       211    148      339
  SINCE JAN 1    364                       218    146      365
..................................................................


WIND (MPH)
  HIGHEST WIND SPEED    21   HIGHEST WIND DIRECTION    SW (230)
  HIGHEST GUST SPEED    25   HIGHEST GUST DIRECTION    SW (220)
  AVERAGE WIND SPEED     5.0


SKY COVER
  POSSIBLE SUNSHINE  MM
  AVERAGE SKY COVER 0.0


WEATHER CONDITIONS
 THE FOLLOWING WEATHER WAS RECORDED YESTERDAY.
  NO SIGNIFICANT WEATHER WAS OBSERVED.


RELATIVE HUMIDITY (PERCENT)
 HIGHEST    60           500 AM
 LOWEST      7           200 PM
 AVERAGE    34

..........................................................


THE SPOKANE WA FELTS AIRPORT CLIMATE NORMALS FOR TODAY
                         NORMAL    RECORD    YEAR
 MAXIMUM TEMPERATURE (F)   87        MM        MM
 MINIMUM TEMPERATURE (F)   56        MM        MM


SUNRISE AND SUNSET
AUGUST  1 2014........SUNRISE   527 AM PDT   SUNSET   824 PM PDT
AUGUST  2 2014........SUNRISE   528 AM PDT   SUNSET   822 PM PDT


-  INDICATES NEGATIVE NUMBERS.
R  INDICATES RECORD WAS SET OR TIED.
MM INDICATES DATA IS MISSING.
T  INDICATES TRACE AMOUNT.




$$





U.S. Dept. of Commerce
NOAA National Weather Service
1325 East West Highway
Silver Spring, MD 20910
E-mail: w-nws.webmaster@noaa.gov
Page last modified: May 16, 2007
NATIONAL WEATHER SERVICE: for Safety, for Work, for Fun - FOR LIFE