481
CDUS46 KOTX 220828
CLISFF


CLIMATE REPORT
NATIONAL WEATHER SERVICE SPOKANE, WA
1227 AM PST SAT NOV 22 2014


...................................

...THE SPOKANE WA FELTS AIRPORT CLIMATE SUMMARY FOR NOVEMBER 21 2014...

CLIMATE NORMAL PERIOD 1981 TO 2010
CLIMATE RECORD PERIOD 9999 TO 9999


WEATHER ITEM   OBSERVED TIME   RECORD YEAR NORMAL DEPARTURE LAST
                VALUE   (LST)  VALUE       VALUE  FROM      YEAR
                                                  NORMAL
..................................................................
TEMPERATURE (F)
 YESTERDAY
  MAXIMUM         45   1159 PM  MM      MM  41      4       36
  MINIMUM         32    645 AM  MM      MM  29      3       15
  AVERAGE         39                        35      4       26

PRECIPITATION (IN)
  YESTERDAY        0.22         MM      MM   0.09   0.13     0.00
  MONTH TO DATE    1.14                      1.52  -0.38     1.34
  SINCE OCT 1      2.40                      2.89  -0.49     1.52
  SINCE JAN 1     13.81                     14.47  -0.66    13.20

SNOWFALL (IN)
  YESTERDAY       MM

DEGREE DAYS
 HEATING
  YESTERDAY       26                        30     -4       39
  MONTH TO DATE  599                       553     46      526
  SINCE SEP 1   1005                      1244   -239     1215
  SINCE JUL 1   1011                      1290   -279     1220

 COOLING
  YESTERDAY        0                         0      0        0
  MONTH TO DATE    0                         0      0        0
  SINCE SEP 1     34                        30      4      101
  SINCE JAN 1    639                       406    233      704
..................................................................


WIND (MPH)
  HIGHEST WIND SPEED    20   HIGHEST WIND DIRECTION    SW (210)
  HIGHEST GUST SPEED    32   HIGHEST GUST DIRECTION     S (200)
  AVERAGE WIND SPEED     3.1


SKY COVER
  POSSIBLE SUNSHINE  MM
  AVERAGE SKY COVER 1.0


WEATHER CONDITIONS
 THE FOLLOWING WEATHER WAS RECORDED YESTERDAY.
  RAIN
  LIGHT RAIN
  FOG
  HAZE


RELATIVE HUMIDITY (PERCENT)
 HIGHEST    89          1200 AM
 LOWEST     79           300 PM
 AVERAGE    84

..........................................................


THE SPOKANE WA FELTS AIRPORT CLIMATE NORMALS FOR TODAY
                         NORMAL    RECORD    YEAR
 MAXIMUM TEMPERATURE (F)   41        MM        MM
 MINIMUM TEMPERATURE (F)   29        MM        MM


SUNRISE AND SUNSET
NOVEMBER 22 2014......SUNRISE   705 AM PST   SUNSET   406 PM PST
NOVEMBER 23 2014......SUNRISE   706 AM PST   SUNSET   405 PM PST


-  INDICATES NEGATIVE NUMBERS.
R  INDICATES RECORD WAS SET OR TIED.
MM INDICATES DATA IS MISSING.
T  INDICATES TRACE AMOUNT.




$$





U.S. Dept. of Commerce
NOAA National Weather Service
1325 East West Highway
Silver Spring, MD 20910
E-mail: w-nws.webmaster@noaa.gov
Page last modified: May 16, 2007
NATIONAL WEATHER SERVICE: for Safety, for Work, for Fun - FOR LIFE