338
CDUS46 KMTR 220029
CLISFD


CLIMATE REPORT
NATIONAL WEATHER SERVICE SAN FRANCISCO BAY AREA
529 PM PDT TUE OCT 21 2014


...................................

...THE SAN FRANCISCO DWTN CA CLIMATE SUMMARY FOR OCTOBER 21 2014...
VALID TODAY AS OF 0500 PM LOCAL TIME.

CLIMATE NORMAL PERIOD 1981 TO 2010
CLIMATE RECORD PERIOD 1850 TO 2014


WEATHER ITEM   OBSERVED TIME   RECORD YEAR NORMAL DEPARTURE LAST
                VALUE   (LST)  VALUE       VALUE  FROM      YEAR
                                                  NORMAL
..................................................................
TEMPERATURE (F)
 TODAY
  MAXIMUM         67    143 PM  89    1929  69     -2       57
  MINIMUM         55    643 AM  47    1892  53      2       49
  AVERAGE         61                        61      0       53

PRECIPITATION (IN)
  TODAY            0.00          2.06 1858   0.04  -0.04     0.00
  MONTH TO DATE    0.05                      0.55  -0.50     0.00
  SINCE JUL 1      0.69                      0.82  -0.13     0.43
  SINCE JAN 1     11.15                     15.36  -4.21     3.94

DEGREE DAYS
 HEATING
  TODAY            4                        MM     MM       12
  MONTH TO DATE   34                        MM     MM       93
  SINCE SEP 1     65                        MM     MM      146
  SINCE JUL 1    195                        MM     MM      416

 COOLING
  TODAY            0                        MM     MM        0
  MONTH TO DATE   63                         0     63       27
  SINCE SEP 1     89                         0     89       43
  SINCE JAN 1    156                         0    156       71
..................................................................







THE SAN FRANCISCO DWTN CA CLIMATE NORMALS FOR TOMORROW
                         NORMAL    RECORD    YEAR
 MAXIMUM TEMPERATURE (F)   69        90      1929
 MINIMUM TEMPERATURE (F)   53        47      1949


SUNRISE AND SUNSET
OCTOBER 21 2014.......SUNRISE   724 AM PDT   SUNSET   624 PM PDT
OCTOBER 22 2014.......SUNRISE   725 AM PDT   SUNSET   623 PM PDT


-  INDICATES NEGATIVE NUMBERS.
R  INDICATES RECORD WAS SET OR TIED.
MM INDICATES DATA IS MISSING.
T  INDICATES TRACE AMOUNT.




$$





U.S. Dept. of Commerce
NOAA National Weather Service
1325 East West Highway
Silver Spring, MD 20910
E-mail: w-nws.webmaster@noaa.gov
Page last modified: May 16, 2007
NATIONAL WEATHER SERVICE: for Safety, for Work, for Fun - FOR LIFE