363
CDUS46 KMTR 230825
CLISFD


CLIMATE REPORT
NATIONAL WEATHER SERVICE SAN FRANCISCO BAY AREA
125 AM PDT THU OCT 23 2014


...................................

...THE SAN FRANCISCO DWTN CA CLIMATE SUMMARY FOR OCTOBER 22 2014...

CLIMATE NORMAL PERIOD 1981 TO 2010
CLIMATE RECORD PERIOD 1850 TO 2014


WEATHER ITEM   OBSERVED TIME   RECORD YEAR NORMAL DEPARTURE LAST
                VALUE   (LST)  VALUE       VALUE  FROM      YEAR
                                                  NORMAL
..................................................................
TEMPERATURE (F)
 YESTERDAY
  MAXIMUM         70    143 PM  90    1929  69      1       63
  MINIMUM         56    343 AM  47    1949  53      3       49
  AVERAGE         63                        61      2       56

PRECIPITATION (IN)
  YESTERDAY        0.00          0.91 2012   0.05  -0.05     0.00
  MONTH TO DATE    0.05                      0.60  -0.55     0.00
  SINCE JUL 1      0.69                      0.87  -0.18     0.43
  SINCE JAN 1     11.15                     15.41  -4.26     3.94

DEGREE DAYS
 HEATING
  YESTERDAY        2                        MM     MM        9
  MONTH TO DATE   36                        MM     MM      102
  SINCE SEP 1     67                        MM     MM      155
  SINCE JUL 1    197                        MM     MM      425

 COOLING
  YESTERDAY        0                        MM     MM        0
  MONTH TO DATE   63                         0     63       27
  SINCE SEP 1     89                         0     89       43
  SINCE JAN 1    156                         0    156       71
..................................................................







THE SAN FRANCISCO DWTN CA CLIMATE NORMALS FOR TODAY
                         NORMAL    RECORD    YEAR
 MAXIMUM TEMPERATURE (F)   69        88      1965
 MINIMUM TEMPERATURE (F)   53        45      1949


SUNRISE AND SUNSET
OCTOBER 23 2014.......SUNRISE   726 AM PDT   SUNSET   622 PM PDT
OCTOBER 24 2014.......SUNRISE   727 AM PDT   SUNSET   620 PM PDT


-  INDICATES NEGATIVE NUMBERS.
R  INDICATES RECORD WAS SET OR TIED.
MM INDICATES DATA IS MISSING.
T  INDICATES TRACE AMOUNT.




$$





U.S. Dept. of Commerce
NOAA National Weather Service
1325 East West Highway
Silver Spring, MD 20910
E-mail: w-nws.webmaster@noaa.gov
Page last modified: May 16, 2007
NATIONAL WEATHER SERVICE: for Safety, for Work, for Fun - FOR LIFE