261
CDUS46 KMTR 240836
CLISFD


CLIMATE REPORT
NATIONAL WEATHER SERVICE SAN FRANCISCO BAY AREA
135 AM PDT FRI OCT 24 2014


...................................

...THE SAN FRANCISCO DWTN CA CLIMATE SUMMARY FOR OCTOBER 23 2014...

CLIMATE NORMAL PERIOD 1981 TO 2010
CLIMATE RECORD PERIOD 1850 TO 2014


WEATHER ITEM   OBSERVED TIME   RECORD YEAR NORMAL DEPARTURE LAST
                VALUE   (LST)  VALUE       VALUE  FROM      YEAR
                                                  NORMAL
..................................................................
TEMPERATURE (F)
 YESTERDAY
  MAXIMUM         71    243 PM  88    1965  69      2       61
  MINIMUM         60    543 AM  45    1949  53      7       48
  AVERAGE         66                        61      5       55

PRECIPITATION (IN)
  YESTERDAY        0.00          1.41 1897   0.04  -0.04     0.00
  MONTH TO DATE    0.05                      0.64  -0.59     0.00
  SINCE JUL 1      0.69                      0.91  -0.22     0.43
  SINCE JAN 1     11.15                     15.45  -4.30     3.94

DEGREE DAYS
 HEATING
  YESTERDAY        0                        MM     MM       10
  MONTH TO DATE   36                        MM     MM      112
  SINCE SEP 1     67                        MM     MM      165
  SINCE JUL 1    197                        MM     MM      435

 COOLING
  YESTERDAY        1                        MM     MM        0
  MONTH TO DATE   64                         0     64       27
  SINCE SEP 1     90                         0     90       43
  SINCE JAN 1    157                         0    157       71
..................................................................







THE SAN FRANCISCO DWTN CA CLIMATE NORMALS FOR TODAY
                         NORMAL    RECORD    YEAR
 MAXIMUM TEMPERATURE (F)   68        90      1965
 MINIMUM TEMPERATURE (F)   53        48      1881


SUNRISE AND SUNSET
OCTOBER 24 2014.......SUNRISE   727 AM PDT   SUNSET   620 PM PDT
OCTOBER 25 2014.......SUNRISE   728 AM PDT   SUNSET   619 PM PDT


-  INDICATES NEGATIVE NUMBERS.
R  INDICATES RECORD WAS SET OR TIED.
MM INDICATES DATA IS MISSING.
T  INDICATES TRACE AMOUNT.




$$





U.S. Dept. of Commerce
NOAA National Weather Service
1325 East West Highway
Silver Spring, MD 20910
E-mail: w-nws.webmaster@noaa.gov
Page last modified: May 16, 2007
NATIONAL WEATHER SERVICE: for Safety, for Work, for Fun - FOR LIFE