592
CDUS46 KSEW 230828
CLISEW


CLIMATE REPORT
NATIONAL WEATHER SERVICE SEATTLE WA
1228 AM PST SUN NOV 23 2014


...................................

...THE SEATTLE WA WFO CLIMATE SUMMARY FOR NOVEMBER 22 2014...

CLIMATE NORMAL PERIOD 1981 TO 2010
CLIMATE RECORD PERIOD 1986 TO 2014


WEATHER ITEM   OBSERVED TIME   RECORD YEAR     LAST
                VALUE   (LST)  VALUE           YEAR
....................................................
TEMPERATURE (F)
 YESTERDAY
  MAXIMUM         50        MM  57    1995    47
  MINIMUM         44        MM  24    2010    31
  AVERAGE         47                          39

PRECIPITATION (IN)
  YESTERDAY        0.05          1.84 2011     0.00
  MONTH TO DATE    2.06                        3.01
  SINCE OCT 1      8.83                        4.12
  SINCE JAN 1     39.04                       28.03

SNOWFALL (IN)
  YESTERDAY        0.0                         0.0
  MONTH TO DATE    0.0                         0.0
  SINCE OCT 1      0.0                         0.0
  SINCE JUL 1      0.0                         0.0
  SNOW DEPTH       0

DEGREE DAYS
 HEATING
  YESTERDAY       18                          26
  MONTH TO DATE  408                         390
  SINCE SEP 1    641                         906
  SINCE JUL 1    660                         927

 COOLING
  YESTERDAY        0                           0
  MONTH TO DATE    0                           0
  SINCE SEP 1     42                          47
  SINCE JAN 1    366                         314
....................................................


WIND (MPH)
  HIGHEST WIND SPEED    MM   HIGHEST WIND DIRECTION    MM
  HIGHEST GUST SPEED    MM   HIGHEST GUST DIRECTION    MM
  AVERAGE WIND SPEED    MM



WEATHER CONDITIONS
 THE FOLLOWING WEATHER WAS RECORDED YESTERDAY.
  LIGHT RAIN






-  INDICATES NEGATIVE NUMBERS.
R  INDICATES RECORD WAS SET OR TIED.
MM INDICATES DATA IS MISSING.
T  INDICATES TRACE AMOUNT.




$$





U.S. Dept. of Commerce
NOAA National Weather Service
1325 East West Highway
Silver Spring, MD 20910
E-mail: w-nws.webmaster@noaa.gov
Page last modified: May 16, 2007
NATIONAL WEATHER SERVICE: for Safety, for Work, for Fun - FOR LIFE