959
CDUS46 KSEW 010827
CLISEW


CLIMATE REPORT
NATIONAL WEATHER SERVICE SEATTLE WA
1227 AM PST SUN FEB 1 2015


...................................

...THE SEATTLE WA WFO CLIMATE SUMMARY FOR JANUARY 31 2015...

CLIMATE NORMAL PERIOD 1981 TO 2010
CLIMATE RECORD PERIOD 1986 TO 2015


WEATHER ITEM   OBSERVED TIME   RECORD YEAR     LAST
                VALUE   (LST)  VALUE           YEAR
....................................................
TEMPERATURE (F)
 YESTERDAY
  MAXIMUM         45        MM  63    1998    44
  MINIMUM         36        MM  20    1996    37
  AVERAGE         41                          41

PRECIPITATION (IN)
  YESTERDAY        0.00          1.54 1987     0.10
  MONTH TO DATE    2.66                        4.02
  SINCE OCT 1     19.22                        9.87
  SINCE JAN 1      2.66                        4.02

SNOWFALL (IN)
  YESTERDAY        0.0                         0.0
  MONTH TO DATE    0.0                         0.0
  SINCE OCT 1      T                           0.9
  SINCE JUL 1      T                           0.9
  SNOW DEPTH       0

DEGREE DAYS
 HEATING
  YESTERDAY       24                          24
  MONTH TO DATE  600                         677
  SINCE DEC 1   1208                        1494
  SINCE JUL 1   2020                        2590

 COOLING
  YESTERDAY        0                           0
  MONTH TO DATE    0                           0
  SINCE DEC 1      0                           0
  SINCE JAN 1      0                           0
....................................................


WIND (MPH)
  HIGHEST WIND SPEED    MM   HIGHEST WIND DIRECTION    MM
  HIGHEST GUST SPEED    MM   HIGHEST GUST DIRECTION    MM
  AVERAGE WIND SPEED    MM



WEATHER CONDITIONS
 THE FOLLOWING WEATHER WAS RECORDED YESTERDAY.
  FOG
  FOG W/VISIBILITY <= 1/4 MILE






-  INDICATES NEGATIVE NUMBERS.
R  INDICATES RECORD WAS SET OR TIED.
MM INDICATES DATA IS MISSING.
T  INDICATES TRACE AMOUNT.




$$





U.S. Dept. of Commerce
NOAA National Weather Service
1325 East West Highway
Silver Spring, MD 20910
E-mail: w-nws.webmaster@noaa.gov
Page last modified: May 16, 2007
NATIONAL WEATHER SERVICE: for Safety, for Work, for Fun - FOR LIFE