094
CDUS46 KSEW 220829
CLISEA


CLIMATE REPORT
NATIONAL WEATHER SERVICE SEATTLE WA
1228 AM PST MON DEC 22 2014


...................................

...THE SEATTLE-TACOMA WA AIRPORT CLIMATE SUMMARY FOR DECEMBER 21 2014...

CLIMATE NORMAL PERIOD 1981 TO 2010
CLIMATE RECORD PERIOD 1945 TO 2014


WEATHER ITEM   OBSERVED TIME   RECORD YEAR NORMAL DEPARTURE LAST
                VALUE   (LST)  VALUE       VALUE  FROM      YEAR
                                                  NORMAL
..................................................................
TEMPERATURE (F)
 YESTERDAY
  MAXIMUM         55    239 PM  56    2005  45     10       48
  MINIMUM         50   1159 PM  12    1990  35     15       42
  AVERAGE         53                        40     13       45

PRECIPITATION (IN)
  YESTERDAY        0.00          0.99 1964   0.17  -0.17     0.22
  MONTH TO DATE    3.48                      3.69  -0.21     1.14
  SINCE OCT 1     15.07                     13.74   1.33     6.47
  SINCE JAN 1     47.19                     35.83  11.36    32.04

SNOWFALL (IN)
  YESTERDAY        0.0           3.0  2008                   0.0
  MONTH TO DATE    0.0                                       1.1
  SINCE OCT 1      0.8                                       1.1
  SINCE JUL 1      0.8                                       1.1
  SNOW DEPTH       0

DEGREE DAYS
 HEATING
  YESTERDAY       12                        25    -13       20
  MONTH TO DATE  361                       510   -149      558
  SINCE DEC 1    361                       510   -149      558
  SINCE JUL 1   1201                      1693   -492     1580

 COOLING
  YESTERDAY        0                         0      0        0
  MONTH TO DATE    0                         0      0        0
  SINCE DEC 1      0                         0      0        0
  SINCE JAN 1    369                       189    180      385
..................................................................


WIND (MPH)
  RESULTANT WIND SPEED  12   RESULTANT WIND DIRECTION  SW (220)
  HIGHEST WIND SPEED    24   HIGHEST WIND DIRECTION    SW (230)
  HIGHEST GUST SPEED    33   HIGHEST GUST DIRECTION    SW (220)
  AVERAGE WIND SPEED    11.6


SKY COVER
  AVERAGE SKY COVER 0.8


WEATHER CONDITIONS
 THE FOLLOWING WEATHER WAS RECORDED YESTERDAY.
  NO SIGNIFICANT WEATHER WAS OBSERVED.


RELATIVE HUMIDITY (PERCENT)
 HIGHEST    86          1000 PM
 LOWEST     71           200 PM
 AVERAGE    79

..........................................................


THE SEATTLE-TACOMA WA AIRPORT CLIMATE NORMALS FOR TODAY
                         NORMAL    RECORD    YEAR
 MAXIMUM TEMPERATURE (F)   45        57      2005
 MINIMUM TEMPERATURE (F)   35        14      1983


SUNRISE AND SUNSET
DECEMBER 22 2014......SUNRISE   754 AM PST   SUNSET   421 PM PST
DECEMBER 23 2014......SUNRISE   755 AM PST   SUNSET   422 PM PST


-  INDICATES NEGATIVE NUMBERS.
R  INDICATES RECORD WAS SET OR TIED.
MM INDICATES DATA IS MISSING.
T  INDICATES TRACE AMOUNT.




$$





U.S. Dept. of Commerce
NOAA National Weather Service
1325 East West Highway
Silver Spring, MD 20910
E-mail: w-nws.webmaster@noaa.gov
Page last modified: May 16, 2007
NATIONAL WEATHER SERVICE: for Safety, for Work, for Fun - FOR LIFE