381
CDUS46 KSEW 290120
CLISEA


CLIMATE REPORT
NATIONAL WEATHER SERVICE SEATTLE WA
520 PM PST FRI NOV 28 2014


...................................

...THE SEATTLE-TACOMA WA AIRPORT CLIMATE SUMMARY FOR NOVEMBER 28 2014...
VALID TODAY AS OF 0500 PM LOCAL TIME.

CLIMATE NORMAL PERIOD 1981 TO 2010
CLIMATE RECORD PERIOD 1945 TO 2014


WEATHER ITEM   OBSERVED TIME   RECORD YEAR NORMAL DEPARTURE LAST
                VALUE   (LST)  VALUE       VALUE  FROM      YEAR
                                                  NORMAL
..................................................................
TEMPERATURE (F)
 TODAY
  MAXIMUM         55    945 AM  59    1999  48      7       53
  MINIMUM         38    459 PM  17    1952  37      1       38
  AVERAGE         47                        43      4       46

PRECIPITATION (IN)
  TODAY            1.31          1.55 1995   0.21   1.10     0.00
  MONTH TO DATE    4.66                      6.12  -1.46     3.68
  SINCE OCT 1     11.41                      9.60   1.81     5.22
  SINCE JAN 1     43.53                     31.69  11.84    30.79

SNOWFALL (IN)
  TODAY            0.0           T    2006                   0.0
                                      1985
  MONTH TO DATE    0.0                                       0.0
  SINCE OCT 1      0.0                                       0.0
  SINCE JUL 1      0.0                                       0.0
  SNOW DEPTH       0

DEGREE DAYS
 HEATING
  TODAY           18                        22     -4       19
  MONTH TO DATE  495                       541    -46      470
  SINCE SEP 1    749                      1053   -304      971
  SINCE JUL 1    772                      1138   -366      986

 COOLING
  TODAY            0                         0      0        0
  MONTH TO DATE    0                         0      0        0
  SINCE SEP 1     46                        21     25       55
  SINCE JAN 1    369                       189    180      385
..................................................................


WIND (MPH)
  RESULTANT WIND SPEED   0   RESULTANT WIND DIRECTION   S (200)
  HIGHEST WIND SPEED    23   HIGHEST WIND DIRECTION     N (10)
  HIGHEST GUST SPEED    32   HIGHEST GUST DIRECTION     N (10)
  AVERAGE WIND SPEED    15.3


SKY COVER
  AVERAGE SKY COVER 0.8


WEATHER CONDITIONS
 THE FOLLOWING WEATHER WAS RECORDED TODAY.
  HEAVY RAIN
  RAIN
  LIGHT RAIN
  FOG


RELATIVE HUMIDITY (PERCENT)
 HIGHEST    96          1200 PM
 LOWEST     77           500 AM
 AVERAGE    87

..........................................................


THE SEATTLE-TACOMA WA AIRPORT CLIMATE NORMALS FOR TOMORROW
                         NORMAL    RECORD    YEAR
 MAXIMUM TEMPERATURE (F)   48        59      1999
 MINIMUM TEMPERATURE (F)   37        18      2006


SUNRISE AND SUNSET
NOVEMBER 28 2014......SUNRISE   732 AM PST   SUNSET   422 PM PST
NOVEMBER 29 2014......SUNRISE   733 AM PST   SUNSET   421 PM PST


-  INDICATES NEGATIVE NUMBERS.
R  INDICATES RECORD WAS SET OR TIED.
MM INDICATES DATA IS MISSING.
T  INDICATES TRACE AMOUNT.




$$





U.S. Dept. of Commerce
NOAA National Weather Service
1325 East West Highway
Silver Spring, MD 20910
E-mail: w-nws.webmaster@noaa.gov
Page last modified: May 16, 2007
NATIONAL WEATHER SERVICE: for Safety, for Work, for Fun - FOR LIFE