693
CDUS43 KLMK 240629
CLISDF


CLIMATE REPORT
NATIONAL WEATHER SERVICE LOUISVILLE KY
128 AM EST MON NOV 24 2014


...................................

...THE LOUISVILLE KY CLIMATE SUMMARY FOR NOVEMBER 23 2014...

CLIMATE NORMAL PERIOD 1981 TO 2010
CLIMATE RECORD PERIOD 1871 TO 2014


WEATHER ITEM   OBSERVED TIME   RECORD YEAR NORMAL DEPARTURE LAST
                VALUE   (LST)  VALUE       VALUE  FROM      YEAR
                                                  NORMAL
..................................................................
TEMPERATURE (F)
 YESTERDAY
  MAXIMUM         61   1159 PM  75    1931  54      7       46
  MINIMUM         48   1257 AM  11    1880  37     11       25
  AVERAGE         55                        46      9       36

PRECIPITATION (IN)
  YESTERDAY        0.81          1.69 1983   0.13   0.68     0.00
  MONTH TO DATE    1.61                      2.69  -1.08     3.64
  SINCE SEP 1      8.43                      8.96  -0.53    16.28
  SINCE JAN 1     39.60                     40.18  -0.58    48.09

SNOWFALL (IN)
  YESTERDAY        0.0           2.2  1971   0.0    0.0      0.0
  MONTH TO DATE    3.3                       0.0    3.3      0.3
  SINCE SEP 1      3.3                       0.1    3.2      0.3
  SINCE JUL 1      3.3                       0.1    3.2      0.3
  SNOW DEPTH       0

DEGREE DAYS
 HEATING
  YESTERDAY       10                        19     -9       29
  MONTH TO DATE  537                       344    193      376
  SINCE SEP 1    738                       586    152      609
  SINCE JUL 1    738                       586    152      609

 COOLING
  YESTERDAY        0                         0      0        0
  MONTH TO DATE    0                         0      0        0
  SINCE SEP 1    233                       252    -19      288
  SINCE JAN 1   1625                      1609     16     1628
..................................................................


WIND (MPH)
  HIGHEST WIND SPEED    24   HIGHEST WIND DIRECTION     S (180)
  HIGHEST GUST SPEED    32   HIGHEST GUST DIRECTION     S (190)
  AVERAGE WIND SPEED    11.3


SKY COVER
  POSSIBLE SUNSHINE  MM
  AVERAGE SKY COVER 0.9


WEATHER CONDITIONS
 THE FOLLOWING WEATHER WAS RECORDED YESTERDAY.
  HEAVY RAIN
  RAIN
  LIGHT RAIN
  FOG


RELATIVE HUMIDITY (PERCENT)
 HIGHEST    93           400 PM
 LOWEST     51           300 AM
 AVERAGE    72

..........................................................


THE LOUISVILLE KY CLIMATE NORMALS FOR TODAY
                         NORMAL    RECORD    YEAR
 MAXIMUM TEMPERATURE (F)   54        70      1908
                                             1896
 MINIMUM TEMPERATURE (F)   37         4      1950


SUNRISE AND SUNSET
NOVEMBER 24 2014......SUNRISE   734 AM EST   SUNSET   525 PM EST
NOVEMBER 25 2014......SUNRISE   735 AM EST   SUNSET   525 PM EST


-  INDICATES NEGATIVE NUMBERS.
R  INDICATES RECORD WAS SET OR TIED.
MM INDICATES DATA IS MISSING.
T  INDICATES TRACE AMOUNT.




$$





U.S. Dept. of Commerce
NOAA National Weather Service
1325 East West Highway
Silver Spring, MD 20910
E-mail: w-nws.webmaster@noaa.gov
Page last modified: May 16, 2007
NATIONAL WEATHER SERVICE: for Safety, for Work, for Fun - FOR LIFE