804
CDUS43 KLMK 220628
CLISDF


CLIMATE REPORT
NATIONAL WEATHER SERVICE LOUISVILLE KY
228 AM EDT MON SEP 22 2014


...................................

...THE LOUISVILLE KY CLIMATE SUMMARY FOR SEPTEMBER 21 2014...

CLIMATE NORMAL PERIOD 1981 TO 2010
CLIMATE RECORD PERIOD 1871 TO 2014


WEATHER ITEM   OBSERVED TIME   RECORD YEAR NORMAL DEPARTURE LAST
                VALUE   (LST)  VALUE       VALUE  FROM      YEAR
                                                  NORMAL
..................................................................
TEMPERATURE (F)
 YESTERDAY
  MAXIMUM         82   1232 PM  98    2010  79      3       75
  MINIMUM         60   1159 PM  42    1962  58      2       58
                                      1897
  AVERAGE         71                        69      2       67

PRECIPITATION (IN)
  YESTERDAY        0.00          4.30 1979   0.10  -0.10     0.65
  MONTH TO DATE    3.31                      2.08   1.23     2.66
  SINCE SEP 1      3.31                      2.08   1.23     2.66
  SINCE JAN 1     34.48                     33.30   1.18    34.47

SNOWFALL (IN)
  YESTERDAY        0.0          MM      MM   0.0    0.0      0.0
  MONTH TO DATE    0.0                       0.0    0.0      0.0
  SINCE SEP 1      0.0                       0.0    0.0      0.0
  SINCE JUL 1      0.0                       0.0    0.0      0.0
  SNOW DEPTH       0

DEGREE DAYS
 HEATING
  YESTERDAY        0                         1     -1        0
  MONTH TO DATE    8                         7      1        2
  SINCE SEP 1      8                         7      1        2
  SINCE JUL 1      8                         7      1        2

 COOLING
  YESTERDAY        6                         5      1        2
  MONTH TO DATE  155                       174    -19      204
  SINCE SEP 1    155                       174    -19      204
  SINCE JAN 1   1547                      1531     16     1544
..................................................................


WIND (MPH)
  HIGHEST WIND SPEED    23   HIGHEST WIND DIRECTION     N (350)
  HIGHEST GUST SPEED    33   HIGHEST GUST DIRECTION     W (280)
  AVERAGE WIND SPEED    13.3


SKY COVER
  POSSIBLE SUNSHINE  MM
  AVERAGE SKY COVER 0.5


WEATHER CONDITIONS
 THE FOLLOWING WEATHER WAS RECORDED YESTERDAY.
  NO SIGNIFICANT WEATHER WAS OBSERVED.


RELATIVE HUMIDITY (PERCENT)
 HIGHEST    79           200 AM
 LOWEST     30           300 PM
 AVERAGE    55

..........................................................


THE LOUISVILLE KY CLIMATE NORMALS FOR TODAY
                         NORMAL    RECORD    YEAR
 MAXIMUM TEMPERATURE (F)   79        99      2010
 MINIMUM TEMPERATURE (F)   58        40      1983


SUNRISE AND SUNSET
SEPTEMBER 22 2014.....SUNRISE   731 AM EDT   SUNSET   740 PM EDT
SEPTEMBER 23 2014.....SUNRISE   732 AM EDT   SUNSET   738 PM EDT


-  INDICATES NEGATIVE NUMBERS.
R  INDICATES RECORD WAS SET OR TIED.
MM INDICATES DATA IS MISSING.
T  INDICATES TRACE AMOUNT.




$$






U.S. Dept. of Commerce
NOAA National Weather Service
1325 East West Highway
Silver Spring, MD 20910
E-mail: w-nws.webmaster@noaa.gov
Page last modified: May 16, 2007
NATIONAL WEATHER SERVICE: for Safety, for Work, for Fun - FOR LIFE