896
CDUS43 KLMK 260629
CLISDF


CLIMATE REPORT
NATIONAL WEATHER SERVICE LOUISVILLE KY
128 AM EST MON JAN 26 2015


...................................

...THE LOUISVILLE KY CLIMATE SUMMARY FOR JANUARY 25 2015...

CLIMATE NORMAL PERIOD 1981 TO 2010
CLIMATE RECORD PERIOD 1871 TO 2015


WEATHER ITEM   OBSERVED TIME   RECORD YEAR NORMAL DEPARTURE LAST
                VALUE   (LST)  VALUE       VALUE  FROM      YEAR
                                                  NORMAL
..................................................................
TEMPERATURE (F)
 YESTERDAY
  MAXIMUM         45    322 PM  77    1950  43      2       40
  MINIMUM         36   1233 AM  -6    1963  27      9       18
  AVERAGE         41                        35      6       29

PRECIPITATION (IN)
  YESTERDAY        0.08          1.10 1976   0.10  -0.02     0.12
  MONTH TO DATE    0.82                      2.60  -1.78     2.41
  SINCE DEC 1      4.39                      6.43  -2.04     7.84
  SINCE JAN 1      0.82                      2.60  -1.78     2.41

SNOWFALL (IN)
  YESTERDAY        0.0           6.4  1907   0.1   -0.1      2.4
  MONTH TO DATE    1.0                       2.8   -1.8      8.3
  SINCE DEC 1      1.0                       5.4   -4.4     13.6
  SINCE JUL 1      4.7                       5.6   -0.9     14.1
  SNOW DEPTH       0

DEGREE DAYS
 HEATING
  YESTERDAY       24                        30     -6       36
  MONTH TO DATE  776                       750     26      884
  SINCE DEC 1   1512                      1591    -79     1695
  SINCE JUL 1   2398                      2326     72     2525

 COOLING
  YESTERDAY        0                         0      0        0
  MONTH TO DATE    0                         0      0        0
  SINCE DEC 1      0                         1     -1        0
  SINCE JAN 1      0                         0      0        0
..................................................................


WIND (MPH)
  HIGHEST WIND SPEED    20   HIGHEST WIND DIRECTION     N (350)
  HIGHEST GUST SPEED    24   HIGHEST GUST DIRECTION     N (340)
  AVERAGE WIND SPEED     6.9


SKY COVER
  POSSIBLE SUNSHINE  MM
  AVERAGE SKY COVER 1.0


WEATHER CONDITIONS
 THE FOLLOWING WEATHER WAS RECORDED YESTERDAY.
  LIGHT RAIN
  FOG


RELATIVE HUMIDITY (PERCENT)
 HIGHEST    93          1000 PM
 LOWEST     65           200 AM
 AVERAGE    79

..........................................................


THE LOUISVILLE KY CLIMATE NORMALS FOR TODAY
                         NORMAL    RECORD    YEAR
 MAXIMUM TEMPERATURE (F)   44        72      1950
 MINIMUM TEMPERATURE (F)   27        -6      1948


SUNRISE AND SUNSET
JANUARY 26 2015.......SUNRISE   753 AM EST   SUNSET   559 PM EST
JANUARY 27 2015.......SUNRISE   752 AM EST   SUNSET   600 PM EST


-  INDICATES NEGATIVE NUMBERS.
R  INDICATES RECORD WAS SET OR TIED.
MM INDICATES DATA IS MISSING.
T  INDICATES TRACE AMOUNT.




$$





U.S. Dept. of Commerce
NOAA National Weather Service
1325 East West Highway
Silver Spring, MD 20910
E-mail: w-nws.webmaster@noaa.gov
Page last modified: May 16, 2007
NATIONAL WEATHER SERVICE: for Safety, for Work, for Fun - FOR LIFE