843
CDUS43 KLMK 260626
CLISDF


CLIMATE REPORT
NATIONAL WEATHER SERVICE LOUISVILLE KY
226 AM EDT SUN OCT 26 2014


...................................

...THE LOUISVILLE KY CLIMATE SUMMARY FOR OCTOBER 25 2014...

CLIMATE NORMAL PERIOD 1981 TO 2010
CLIMATE RECORD PERIOD 1871 TO 2014


WEATHER ITEM   OBSERVED TIME   RECORD YEAR NORMAL DEPARTURE LAST
                VALUE   (LST)  VALUE       VALUE  FROM      YEAR
                                                  NORMAL
..................................................................
TEMPERATURE (F)
 YESTERDAY
  MAXIMUM         77    410 PM  84    1902  67     10       51
  MINIMUM         48    307 AM  28    1960  46      2       30
  AVERAGE         63                        57      6       41

PRECIPITATION (IN)
  YESTERDAY        0.00          1.40 1905   0.10  -0.10     0.00
  MONTH TO DATE    3.22                      2.60   0.62     7.86
  SINCE SEP 1      6.53                      5.65   0.88    10.56
  SINCE JAN 1     37.70                     36.87   0.83    42.37

SNOWFALL (IN)
  YESTERDAY        0.0           T    1962   0.0    0.0      0.0
                                      1926
  MONTH TO DATE    0.0                       0.1   -0.1       T
  SINCE SEP 1      0.0                       0.1   -0.1       T
  SINCE JUL 1      0.0                       0.1   -0.1       T
  SNOW DEPTH       0

DEGREE DAYS
 HEATING
  YESTERDAY        2                         9     -7       24
  MONTH TO DATE  139                       152    -13      166
  SINCE SEP 1    152                       182    -30      172
  SINCE JUL 1    152                       182    -30      172

 COOLING
  YESTERDAY        0                         1     -1        0
  MONTH TO DATE   25                        40    -15       53
  SINCE SEP 1    228                       250    -22      288
  SINCE JAN 1   1620                      1607     13     1628
..................................................................


WIND (MPH)
  HIGHEST WIND SPEED    18   HIGHEST WIND DIRECTION    SW (240)
  HIGHEST GUST SPEED    22   HIGHEST GUST DIRECTION     S (200)
  AVERAGE WIND SPEED    10.0


SKY COVER
  POSSIBLE SUNSHINE  MM
  AVERAGE SKY COVER 0.5


WEATHER CONDITIONS
 THE FOLLOWING WEATHER WAS RECORDED YESTERDAY.
  NO SIGNIFICANT WEATHER WAS OBSERVED.


RELATIVE HUMIDITY (PERCENT)
 HIGHEST    93           100 AM
 LOWEST     50           400 PM
 AVERAGE    72

..........................................................


THE LOUISVILLE KY CLIMATE NORMALS FOR TODAY
                         NORMAL    RECORD    YEAR
 MAXIMUM TEMPERATURE (F)   67        85      1940
 MINIMUM TEMPERATURE (F)   46        25      1962


SUNRISE AND SUNSET
OCTOBER 26 2014.......SUNRISE   803 AM EDT   SUNSET   651 PM EDT
OCTOBER 27 2014.......SUNRISE   804 AM EDT   SUNSET   649 PM EDT


-  INDICATES NEGATIVE NUMBERS.
R  INDICATES RECORD WAS SET OR TIED.
MM INDICATES DATA IS MISSING.
T  INDICATES TRACE AMOUNT.




$$





U.S. Dept. of Commerce
NOAA National Weather Service
1325 East West Highway
Silver Spring, MD 20910
E-mail: w-nws.webmaster@noaa.gov
Page last modified: May 16, 2007
NATIONAL WEATHER SERVICE: for Safety, for Work, for Fun - FOR LIFE