885
CDUS46 KLOX 190904
CLISDB


CLIMATE REPORT
NATIONAL WEATHER SERVICE LOS ANGELES/OXNARD CA
204 AM PDT SAT APR 19 2014


...................................

...THE SANDBERG CA CLIMATE SUMMARY FOR APRIL 18 2014...

CLIMATE NORMAL PERIOD 1981 TO 2010
CLIMATE RECORD PERIOD 1948 TO 2014


WEATHER ITEM   OBSERVED TIME   RECORD YEAR NORMAL DEPARTURE LAST
                VALUE   (LST)  VALUE       VALUE  FROM      YEAR
                                                  NORMAL
..................................................................
TEMPERATURE (F)
 YESTERDAY
  MAXIMUM         68    125 PM  83    1989  59      9       66
  MINIMUM         48    623 AM  26    1971  42      6       40
  AVERAGE         58                        51      7       53

PRECIPITATION (IN)
  YESTERDAY        0.00          0.73 1967   0.02  -0.02     0.00
  MONTH TO DATE    0.11                      0.44  -0.33     0.01
  SINCE JUL 1      4.11                     11.67  -7.56     3.90
  SINCE JAN 1      3.33                      7.82  -4.49     2.53

DEGREE DAYS
 HEATING
  YESTERDAY        7                        15     -8       12
  MONTH TO DATE  142                       289   -147      205
  SINCE MAR 1    484                       859   -375      511
  SINCE JUL 1   2269                      3618  -1349     2875

 COOLING
  YESTERDAY        0                         0      0        0
  MONTH TO DATE   19                         0     19        1
  SINCE MAR 1     22                         1     21       12
  SINCE JAN 1     29                         1     28       12
..................................................................


WIND (MPH)
  HIGHEST WIND SPEED    20   HIGHEST WIND DIRECTION     N (340)
  HIGHEST GUST SPEED    23   HIGHEST GUST DIRECTION     S (180)
  AVERAGE WIND SPEED     8.7


SKY COVER
  POSSIBLE SUNSHINE  MM
  AVERAGE SKY COVER 0.1


WEATHER CONDITIONS
 THE FOLLOWING WEATHER WAS RECORDED YESTERDAY.
  FOG W/VISIBILITY <= 1/4 MILE
  HAZE


RELATIVE HUMIDITY (PERCENT)
 HIGHEST    93          1200 AM
 LOWEST     39          1200 PM
 AVERAGE    66

..........................................................


THE SANDBERG CA CLIMATE NORMALS FOR TODAY
                         NORMAL    RECORD    YEAR
 MAXIMUM TEMPERATURE (F)   59        81      1950
 MINIMUM TEMPERATURE (F)   42        22      1967


SUNRISE AND SUNSET
APRIL 19 2014.........SUNRISE   618 AM PDT   SUNSET   730 PM PDT
APRIL 20 2014.........SUNRISE   617 AM PDT   SUNSET   731 PM PDT


-  INDICATES NEGATIVE NUMBERS.
R  INDICATES RECORD WAS SET OR TIED.
MM INDICATES DATA IS MISSING.
T  INDICATES TRACE AMOUNT.




$$





U.S. Dept. of Commerce
NOAA National Weather Service
1325 East West Highway
Silver Spring, MD 20910
E-mail: w-nws.webmaster@noaa.gov
Page last modified: May 16, 2007
NATIONAL WEATHER SERVICE: for Safety, for Work, for Fun - FOR LIFE