146
CDUS46 KLOX 201232
CLISDB


CLIMATE REPORT
NATIONAL WEATHER SERVICE LOS ANGELES/OXNARD CA
532 AM PDT SAT SEP 20 2014


...................................

...THE SANDBERG CA CLIMATE SUMMARY FOR SEPTEMBER 19 2014...

CLIMATE NORMAL PERIOD 1981 TO 2010
CLIMATE RECORD PERIOD 1934 TO 2014


WEATHER ITEM   OBSERVED TIME   RECORD YEAR NORMAL DEPARTURE LAST
                VALUE   (LST)  VALUE       VALUE  FROM      YEAR
                                                  NORMAL
..................................................................
TEMPERATURE (F)
 YESTERDAY
  MAXIMUM         81   1216 PM  93    2000  78      3       88
  MINIMUM         56    616 AM  39    1965  59     -3       63
  AVERAGE         69                        68      1       76

PRECIPITATION (IN)
  YESTERDAY        0.00          0.76 1939   0.00   0.00     0.00
  MONTH TO DATE    T                         0.08  -0.08     0.00
  SINCE JUL 1      0.17                      0.13   0.04     0.06
  SINCE JAN 1      3.75                      8.61  -4.86     2.97

DEGREE DAYS
 HEATING
  YESTERDAY        0                         2     -2        0
  MONTH TO DATE    0                        26    -26        0
  SINCE SEP 1      0                        26    -26        0
  SINCE JUL 1      0                        43    -43        0

 COOLING
  YESTERDAY        4                         6     -2       11
  MONTH TO DATE  275                       136    139      255
  SINCE SEP 1    275                       136    139      255
  SINCE JAN 1   1455                       893    562     1487
..................................................................


WIND (MPH)
  HIGHEST WIND SPEED    20   HIGHEST WIND DIRECTION     N (350)
  HIGHEST GUST SPEED    25   HIGHEST GUST DIRECTION     N (340)
  AVERAGE WIND SPEED    11.0


SKY COVER
  POSSIBLE SUNSHINE  MM
  AVERAGE SKY COVER 0.0


WEATHER CONDITIONS
 THE FOLLOWING WEATHER WAS RECORDED YESTERDAY.
  NO SIGNIFICANT WEATHER WAS OBSERVED.


RELATIVE HUMIDITY (PERCENT)
 HIGHEST    86           600 AM
 LOWEST     38          1100 AM
 AVERAGE    62

..........................................................


THE SANDBERG CA CLIMATE NORMALS FOR TODAY
                         NORMAL    RECORD    YEAR
 MAXIMUM TEMPERATURE (F)   78        91      2000
 MINIMUM TEMPERATURE (F)   59        37      1968


SUNRISE AND SUNSET
SEPTEMBER 20 2014.....SUNRISE   642 AM PDT   SUNSET   654 PM PDT
SEPTEMBER 21 2014.....SUNRISE   642 AM PDT   SUNSET   653 PM PDT


-  INDICATES NEGATIVE NUMBERS.
R  INDICATES RECORD WAS SET OR TIED.
MM INDICATES DATA IS MISSING.
T  INDICATES TRACE AMOUNT.




$$





U.S. Dept. of Commerce
NOAA National Weather Service
1325 East West Highway
Silver Spring, MD 20910
E-mail: w-nws.webmaster@noaa.gov
Page last modified: May 16, 2007
NATIONAL WEATHER SERVICE: for Safety, for Work, for Fun - FOR LIFE