853
CDUS46 KLOX 300908
CLISDB


CLIMATE REPORT
NATIONAL WEATHER SERVICE LOS ANGELES/OXNARD CA
208 AM PDT TUE SEP 30 2014


...................................

...THE SANDBERG CA CLIMATE SUMMARY FOR SEPTEMBER 29 2014...

CLIMATE NORMAL PERIOD 1981 TO 2010
CLIMATE RECORD PERIOD 1934 TO 2014


WEATHER ITEM   OBSERVED TIME   RECORD YEAR NORMAL DEPARTURE LAST
                VALUE   (LST)  VALUE       VALUE  FROM      YEAR
                                                  NORMAL
..................................................................
TEMPERATURE (F)
 YESTERDAY
  MAXIMUM         70    241 PM  89    1963  74     -4       81
  MINIMUM         51    620 AM  42    1971  56     -5       59
  AVERAGE         61                        65     -4       70

PRECIPITATION (IN)
  YESTERDAY        0.00          0.15 1935   0.01  -0.01     0.00
  MONTH TO DATE    T                         0.16  -0.16     0.02
  SINCE JUL 1      0.17                      0.21  -0.04     0.08
  SINCE JAN 1      3.75                      8.69  -4.94     2.99

DEGREE DAYS
 HEATING
  YESTERDAY        4                         4      0        0
  MONTH TO DATE   21                        58    -37       46
  SINCE SEP 1     21                        58    -37       46
  SINCE JUL 1     21                        75    -54       46

 COOLING
  YESTERDAY        0                         4     -4        5
  MONTH TO DATE  327                       184    143      278
  SINCE SEP 1    327                       184    143      278
  SINCE JAN 1   1507                       941    566     1510
..................................................................


WIND (MPH)
  HIGHEST WIND SPEED    26   HIGHEST WIND DIRECTION     N (340)
  HIGHEST GUST SPEED    31   HIGHEST GUST DIRECTION    NW (330)
  AVERAGE WIND SPEED    10.9


SKY COVER
  POSSIBLE SUNSHINE  MM
  AVERAGE SKY COVER 0.0


WEATHER CONDITIONS
 THE FOLLOWING WEATHER WAS RECORDED YESTERDAY.
  HAZE


RELATIVE HUMIDITY (PERCENT)
 HIGHEST    83           400 AM
 LOWEST     37           300 PM
 AVERAGE    60

..........................................................


THE SANDBERG CA CLIMATE NORMALS FOR TODAY
                         NORMAL    RECORD    YEAR
 MAXIMUM TEMPERATURE (F)   74        91      1980
 MINIMUM TEMPERATURE (F)   56        37      2009
                                             1971


SUNRISE AND SUNSET
SEPTEMBER 30 2014.....SUNRISE   649 AM PDT   SUNSET   640 PM PDT
OCTOBER  1 2014.......SUNRISE   650 AM PDT   SUNSET   639 PM PDT


-  INDICATES NEGATIVE NUMBERS.
R  INDICATES RECORD WAS SET OR TIED.
MM INDICATES DATA IS MISSING.
T  INDICATES TRACE AMOUNT.




$$





U.S. Dept. of Commerce
NOAA National Weather Service
1325 East West Highway
Silver Spring, MD 20910
E-mail: w-nws.webmaster@noaa.gov
Page last modified: May 16, 2007
NATIONAL WEATHER SERVICE: for Safety, for Work, for Fun - FOR LIFE