050
CDUS46 KLOX 310114
CLISDB


CLIMATE REPORT
NATIONAL WEATHER SERVICE LOS ANGELES/OXNARD CA
614 PM PDT THU OCT 30 2014


...................................

...THE SANDBERG CA CLIMATE SUMMARY FOR OCTOBER 30 2014...
VALID TODAY AS OF 0600 PM LOCAL TIME.

CLIMATE NORMAL PERIOD 1981 TO 2010
CLIMATE RECORD PERIOD 1934 TO 2014


WEATHER ITEM   OBSERVED TIME   RECORD YEAR NORMAL DEPARTURE LAST
                VALUE   (LST)  VALUE       VALUE  FROM      YEAR
                                                  NORMAL
..................................................................
TEMPERATURE (F)
 TODAY
  MAXIMUM         77    119 PM  78    1955  62     15       61
  MINIMUM         59    640 AM  25    1935  47     12       40
  AVERAGE         68                        55     13       51

PRECIPITATION (IN)
  TODAY            0.00          0.45 1978   0.02  -0.02     0.00
  MONTH TO DATE    0.00                      0.57  -0.57     0.23
  SINCE JUL 1      0.17                      0.79  -0.62     0.31
  SINCE JAN 1      3.75                      9.27  -5.52     3.22

DEGREE DAYS
 HEATING
  TODAY            0                        11    -11       14
  MONTH TO DATE   57                       212   -155      160
  SINCE SEP 1     78                       273   -195      207
  SINCE JUL 1     78                       290   -212      207

 COOLING
  TODAY            3                         0      3        0
  MONTH TO DATE  159                        48    111       51
  SINCE SEP 1    490                       237    253      329
  SINCE JAN 1   1670                       994    676     1561
..................................................................


WIND (MPH)
  HIGHEST WIND SPEED    18   HIGHEST WIND DIRECTION     S (170)
  HIGHEST GUST SPEED    25   HIGHEST GUST DIRECTION    SE (150)
  AVERAGE WIND SPEED     9.1


SKY COVER
  POSSIBLE SUNSHINE  MM
  AVERAGE SKY COVER 0.0


WEATHER CONDITIONS
 THE FOLLOWING WEATHER WAS RECORDED TODAY.
  NO SIGNIFICANT WEATHER WAS OBSERVED.


RELATIVE HUMIDITY (PERCENT)
 HIGHEST    34           500 PM
 LOWEST     11          1200 PM
 AVERAGE    23

..........................................................


THE SANDBERG CA CLIMATE NORMALS FOR TOMORROW
                         NORMAL    RECORD    YEAR
 MAXIMUM TEMPERATURE (F)   62        78      1973
 MINIMUM TEMPERATURE (F)   47        30      1956


SUNRISE AND SUNSET
OCTOBER 30 2014.......SUNRISE   714 AM PDT   SUNSET   603 PM PDT
OCTOBER 31 2014.......SUNRISE   715 AM PDT   SUNSET   602 PM PDT


-  INDICATES NEGATIVE NUMBERS.
R  INDICATES RECORD WAS SET OR TIED.
MM INDICATES DATA IS MISSING.
T  INDICATES TRACE AMOUNT.




$$





U.S. Dept. of Commerce
NOAA National Weather Service
1325 East West Highway
Silver Spring, MD 20910
E-mail: w-nws.webmaster@noaa.gov
Page last modified: May 16, 2007
NATIONAL WEATHER SERVICE: for Safety, for Work, for Fun - FOR LIFE