829
CDUS46 KLOX 240904
CLISDB


CLIMATE REPORT
NATIONAL WEATHER SERVICE LOS ANGELES/OXNARD CA
204 AM PDT THU APR 24 2014


...................................

...THE SANDBERG CA CLIMATE SUMMARY FOR APRIL 23 2014...

CLIMATE NORMAL PERIOD 1981 TO 2010
CLIMATE RECORD PERIOD 1948 TO 2014


WEATHER ITEM   OBSERVED TIME   RECORD YEAR NORMAL DEPARTURE LAST
                VALUE   (LST)  VALUE       VALUE  FROM      YEAR
                                                  NORMAL
..................................................................
TEMPERATURE (F)
 YESTERDAY
  MAXIMUM         59    149 PM  85    1949  60     -1       76
  MINIMUM         37    636 AM  26    1964  43     -6       56
  AVERAGE         48                        52     -4       66

PRECIPITATION (IN)
  YESTERDAY        0.00          0.20 1948   0.01  -0.01     0.00
  MONTH TO DATE    0.11                      0.52  -0.41     0.01
  SINCE JUL 1      4.11                     11.75  -7.64     3.90
  SINCE JAN 1      3.33                      7.90  -4.57     2.53

DEGREE DAYS
 HEATING
  YESTERDAY       17                        14      3        0
  MONTH TO DATE  178                       359   -181      208
  SINCE MAR 1    520                       929   -409      514
  SINCE JUL 1   2305                      3688  -1383     2878

 COOLING
  YESTERDAY        0                         0      0        1
  MONTH TO DATE   21                         0     21       13
  SINCE MAR 1     24                         1     23       24
  SINCE JAN 1     31                         1     30       24
..................................................................


WIND (MPH)
  HIGHEST WIND SPEED    40   HIGHEST WIND DIRECTION     N (340)
  HIGHEST GUST SPEED    47   HIGHEST GUST DIRECTION     N (340)
  AVERAGE WIND SPEED    20.0


SKY COVER
  POSSIBLE SUNSHINE  MM
  AVERAGE SKY COVER 0.0


WEATHER CONDITIONS
 THE FOLLOWING WEATHER WAS RECORDED YESTERDAY.
  NO SIGNIFICANT WEATHER WAS OBSERVED.


RELATIVE HUMIDITY (PERCENT)
 HIGHEST    76           300 AM
 LOWEST     23          1200 PM
 AVERAGE    50

..........................................................


THE SANDBERG CA CLIMATE NORMALS FOR TODAY
                         NORMAL    RECORD    YEAR
 MAXIMUM TEMPERATURE (F)   61        78      1949
 MINIMUM TEMPERATURE (F)   44        25      1964


SUNRISE AND SUNSET
APRIL 24 2014.........SUNRISE   612 AM PDT   SUNSET   734 PM PDT
APRIL 25 2014.........SUNRISE   611 AM PDT   SUNSET   735 PM PDT


-  INDICATES NEGATIVE NUMBERS.
R  INDICATES RECORD WAS SET OR TIED.
MM INDICATES DATA IS MISSING.
T  INDICATES TRACE AMOUNT.




$$





U.S. Dept. of Commerce
NOAA National Weather Service
1325 East West Highway
Silver Spring, MD 20910
E-mail: w-nws.webmaster@noaa.gov
Page last modified: May 16, 2007
NATIONAL WEATHER SERVICE: for Safety, for Work, for Fun - FOR LIFE