556
CDUS46 KSTO 240034
CLISCK


CLIMATE REPORT
NATIONAL WEATHER SERVICE SACRAMENTO, CA
534 PM PDT WED APR 23 2014


...................................

...THE STOCKTON AIRPORT CA CLIMATE SUMMARY FOR APRIL 23 2014...
VALID TODAY AS OF 0500 PM LOCAL TIME.

CLIMATE NORMAL PERIOD 1981 TO 2010
CLIMATE RECORD PERIOD 1948 TO 2014


WEATHER ITEM   OBSERVED TIME   RECORD YEAR NORMAL DEPARTURE LAST
                VALUE   (LST)  VALUE       VALUE  FROM      YEAR
                                                  NORMAL
..................................................................
TEMPERATURE (F)
 TODAY
  MAXIMUM         71    344 PM  93    1962  75     -4       85
  MINIMUM         45    538 AM  39    1976  47     -2       58
                                      1963
  AVERAGE         58

PRECIPITATION (IN)
  TODAY            0.00          0.38 1994   0.03  -0.03     0.00
  MONTH TO DATE    0.40                      0.81  -0.41     0.41
  SINCE JUL 1      7.08                     13.28  -6.20     9.89
  SINCE JAN 1      5.37                      8.25  -2.88     2.77

SNOWFALL (IN)
  TODAY            0.0          MM      MM
  MONTH TO DATE    0.0
  SINCE MAR 1      0.0
  SINCE JUL 1      0.0

DEGREE DAYS
 HEATING
  TODAY            7                         5      2        0
  MONTH TO DATE   83                       159    -76       74
  SINCE MAR 1    282                       483   -201      295
  SINCE JUL 1   2115                      2545   -430     2298

 COOLING
  TODAY            0                         1     -1        7
  MONTH TO DATE   19                         6     13       19
  SINCE MAR 1     19                         6     13       19
  SINCE JAN 1     19                         6     13       19
..................................................................


WIND (MPH)
  RESULTANT WIND SPEED  11   RESULTANT WIND DIRECTION  NW (300)
  HIGHEST WIND SPEED    20   HIGHEST WIND DIRECTION     W (280)
  HIGHEST GUST SPEED    26   HIGHEST GUST DIRECTION    NW (300)


SKY COVER
  POSSIBLE SUNSHINE  MM
  AVERAGE SKY COVER 0.0


WEATHER CONDITIONS
 THE FOLLOWING WEATHER WAS RECORDED TODAY.
  NO SIGNIFICANT WEATHER WAS OBSERVED.


RELATIVE HUMIDITY (PERCENT)
 HIGHEST    76           500 AM
 LOWEST     29           200 PM
 AVERAGE    53

..........................................................


THE STOCKTON AIRPORT CA CLIMATE NORMALS FOR TOMORROW
                         NORMAL    RECORD    YEAR
 MAXIMUM TEMPERATURE (F)   75        90      1966
 MINIMUM TEMPERATURE (F)   47        32      1964


SUNRISE AND SUNSET
APRIL 23 2014.........SUNRISE   619 AM PDT   SUNSET   748 PM PDT
APRIL 24 2014.........SUNRISE   617 AM PDT   SUNSET   749 PM PDT


-  INDICATES NEGATIVE NUMBERS.
R  INDICATES RECORD WAS SET OR TIED.
MM INDICATES DATA IS MISSING.
T  INDICATES TRACE AMOUNT.




$$





U.S. Dept. of Commerce
NOAA National Weather Service
1325 East West Highway
Silver Spring, MD 20910
E-mail: w-nws.webmaster@noaa.gov
Page last modified: May 16, 2007
NATIONAL WEATHER SERVICE: for Safety, for Work, for Fun - FOR LIFE