818
CDUS41 KAKQ 240829
CLISBY


CLIMATE REPORT
NATIONAL WEATHER SERVICE WAKEFIELD, VA
428 AM EDT FRI OCT 24 2014


...................................

...THE SALISBURY MD CLIMATE SUMMARY FOR OCTOBER 23 2014...

CLIMATE NORMAL PERIOD 1981 TO 2010
CLIMATE RECORD PERIOD 1900 TO 2014


WEATHER ITEM   OBSERVED TIME   RECORD YEAR NORMAL DEPARTURE LAST
                VALUE   (LST)  VALUE       VALUE  FROM      YEAR
                                                  NORMAL
..................................................................
TEMPERATURE (F)
 YESTERDAY
  MAXIMUM         63    143 PM  85    1947  66     -3       58
  MINIMUM         53    349 AM  26    1930  44      9       40
  AVERAGE         58                        55      3       49

PRECIPITATION (IN)
  YESTERDAY        T             2.00 1923   0.11  -0.11     0.07
  MONTH TO DATE    1.72                      2.59  -0.87     3.68
  SINCE SEP 1      6.10                      6.57  -0.47     4.45
  SINCE JAN 1     26.38                     37.64 -11.26    44.13

SNOWFALL (IN)
  YESTERDAY        0.0           0.0  2002   0.0    0.0
                                      2001
  MONTH TO DATE    0.0                       0.0    0.0
  SINCE NOV 1     22.5                       9.3   13.2
  SINCE JUL 1      0.0                       0.0    0.0
  SNOW DEPTH       0

DEGREE DAYS
 HEATING
  YESTERDAY        7                        10     -3       16
  MONTH TO DATE   75                       173    -98       62
  SINCE SEP 1     81                       219   -138       89
  SINCE JUL 1     81                       221   -140       89

 COOLING
  YESTERDAY        0                         0      0        0
  MONTH TO DATE   31                        22      9       88
  SINCE SEP 1    251                       164     87      257
  SINCE JAN 1   1373                      1147    226     1620
..................................................................


WIND (MPH)
  HIGHEST WIND SPEED    22   HIGHEST WIND DIRECTION    NW (330)
  HIGHEST GUST SPEED    33   HIGHEST GUST DIRECTION    NW (310)
  AVERAGE WIND SPEED    12.7


SKY COVER
  POSSIBLE SUNSHINE  MM
  AVERAGE SKY COVER 1.0


WEATHER CONDITIONS
 THE FOLLOWING WEATHER WAS RECORDED YESTERDAY.
  LIGHT RAIN
  HAZE


RELATIVE HUMIDITY (PERCENT)
 HIGHEST    72          1200 AM
 LOWEST     56           200 PM
 AVERAGE    64

..........................................................


THE SALISBURY MD CLIMATE NORMALS FOR TODAY
                         NORMAL    RECORD    YEAR
 MAXIMUM TEMPERATURE (F)   66        84      2001
 MINIMUM TEMPERATURE (F)   44        25      2003


SUNRISE AND SUNSET
OCTOBER 24 2014.......SUNRISE   720 AM EDT   SUNSET   612 PM EDT
OCTOBER 25 2014.......SUNRISE   721 AM EDT   SUNSET   611 PM EDT


-  INDICATES NEGATIVE NUMBERS.
R  INDICATES RECORD WAS SET OR TIED.
MM INDICATES DATA IS MISSING.
T  INDICATES TRACE AMOUNT.




$$






U.S. Dept. of Commerce
NOAA National Weather Service
1325 East West Highway
Silver Spring, MD 20910
E-mail: w-nws.webmaster@noaa.gov
Page last modified: May 16, 2007
NATIONAL WEATHER SERVICE: for Safety, for Work, for Fun - FOR LIFE