936
CDUS41 KAKQ 230826
CLISBY


CLIMATE REPORT
NATIONAL WEATHER SERVICE WAKEFIELD, VA
425 AM EDT THU OCT 23 2014


...................................

...THE SALISBURY MD CLIMATE SUMMARY FOR OCTOBER 22 2014...

CLIMATE NORMAL PERIOD 1981 TO 2010
CLIMATE RECORD PERIOD 1900 TO 2014


WEATHER ITEM   OBSERVED TIME   RECORD YEAR NORMAL DEPARTURE LAST
                VALUE   (LST)  VALUE       VALUE  FROM      YEAR
                                                  NORMAL
..................................................................
TEMPERATURE (F)
 YESTERDAY
  MAXIMUM         62   1258 PM  84    1920  66     -4       73
  MINIMUM         55   1141 PM  26    1974  44     11       50
  AVERAGE         59                        55      4       62

PRECIPITATION (IN)
  YESTERDAY        T             2.62 1958   0.11  -0.11     0.00
  MONTH TO DATE    1.72                      2.48  -0.76     3.61
  SINCE SEP 1      6.10                      6.46  -0.36     4.38
  SINCE JAN 1     26.38                     37.53 -11.15    44.06

SNOWFALL (IN)
  YESTERDAY        0.0           0.0  2002   0.0    0.0
                                      2001
  MONTH TO DATE    0.0                       0.0    0.0
  SINCE NOV 1     22.5                       9.3   13.2
  SINCE JUL 1      0.0                       0.0    0.0
  SNOW DEPTH       0

DEGREE DAYS
 HEATING
  YESTERDAY        6                        10     -4        3
  MONTH TO DATE   68                       163    -95       46
  SINCE SEP 1     74                       209   -135       73
  SINCE JUL 1     74                       211   -137       73

 COOLING
  YESTERDAY        0                         0      0        0
  MONTH TO DATE   31                        22      9       88
  SINCE SEP 1    251                       164     87      257
  SINCE JAN 1   1373                      1147    226     1620
..................................................................


WIND (MPH)
  HIGHEST WIND SPEED    23   HIGHEST WIND DIRECTION    NW (330)
  HIGHEST GUST SPEED    32   HIGHEST GUST DIRECTION    NW (300)
  AVERAGE WIND SPEED    11.8


SKY COVER
  POSSIBLE SUNSHINE  MM
  AVERAGE SKY COVER 1.0


WEATHER CONDITIONS
 THE FOLLOWING WEATHER WAS RECORDED YESTERDAY.
  LIGHT RAIN
  FOG
  HAZE


RELATIVE HUMIDITY (PERCENT)
 HIGHEST    86           100 AM
 LOWEST     72          1100 AM
 AVERAGE    79

..........................................................


THE SALISBURY MD CLIMATE NORMALS FOR TODAY
                         NORMAL    RECORD    YEAR
 MAXIMUM TEMPERATURE (F)   66        85      1947
 MINIMUM TEMPERATURE (F)   44        26      1930


SUNRISE AND SUNSET
OCTOBER 23 2014.......SUNRISE   719 AM EDT   SUNSET   613 PM EDT
OCTOBER 24 2014.......SUNRISE   720 AM EDT   SUNSET   612 PM EDT


-  INDICATES NEGATIVE NUMBERS.
R  INDICATES RECORD WAS SET OR TIED.
MM INDICATES DATA IS MISSING.
T  INDICATES TRACE AMOUNT.




$$





U.S. Dept. of Commerce
NOAA National Weather Service
1325 East West Highway
Silver Spring, MD 20910
E-mail: w-nws.webmaster@noaa.gov
Page last modified: May 16, 2007
NATIONAL WEATHER SERVICE: for Safety, for Work, for Fun - FOR LIFE