541
CDUS41 KAKQ 010827
CLISBY


CLIMATE REPORT
NATIONAL WEATHER SERVICE WAKEFIELD, VA
426 AM EDT WED OCT 1 2014


...................................

...THE SALISBURY MD CLIMATE SUMMARY FOR SEPTEMBER 30 2014...

CLIMATE NORMAL PERIOD 1981 TO 2010
CLIMATE RECORD PERIOD 1900 TO 2014


WEATHER ITEM   OBSERVED TIME   RECORD YEAR NORMAL DEPARTURE LAST
                VALUE   (LST)  VALUE       VALUE  FROM      YEAR
                                                  NORMAL
..................................................................
TEMPERATURE (F)
 YESTERDAY
  MAXIMUM         80    210 PM  90    1921  74      6       78
  MINIMUM         63   1028 PM  36    1951  52     11       49
  AVERAGE         72                        63      9       64

PRECIPITATION (IN)
  YESTERDAY        T             2.92 1964   0.13  -0.13     0.00
  MONTH TO DATE    4.38                      3.98   0.40     0.77
  SINCE SEP 1      4.38                      3.98   0.40     0.77
  SINCE JAN 1     24.66                     35.05 -10.39    40.45

SNOWFALL (IN)
  YESTERDAY        0.0           0.0  2001   0.0    0.0
  MONTH TO DATE    0.0                       0.0    0.0
  SINCE NOV 1     22.5                       9.3   13.2
  SINCE JUL 1      0.0                       0.0    0.0
  SNOW DEPTH       0

DEGREE DAYS
 HEATING
  YESTERDAY        0                         4     -4        1
  MONTH TO DATE    6                        45    -39       27
  SINCE SEP 1      6                        46    -40       27
  SINCE JUL 1      6                        48    -42       27

 COOLING
  YESTERDAY        7                         2      5        0
  MONTH TO DATE  220                       142     78      169
  SINCE SEP 1    220                       142     78      169
  SINCE JAN 1   1342                      1125    217     1532
..................................................................


WIND (MPH)
  HIGHEST WIND SPEED    13   HIGHEST WIND DIRECTION     E (90)
  HIGHEST GUST SPEED    16   HIGHEST GUST DIRECTION     E (90)
  AVERAGE WIND SPEED     2.9


SKY COVER
  POSSIBLE SUNSHINE  MM
  AVERAGE SKY COVER 0.5


WEATHER CONDITIONS
 THE FOLLOWING WEATHER WAS RECORDED YESTERDAY.
  LIGHT RAIN
  FOG
  HAZE


RELATIVE HUMIDITY (PERCENT)
 HIGHEST    87          1200 AM
 LOWEST     51           200 PM
 AVERAGE    69

..........................................................


THE SALISBURY MD CLIMATE NORMALS FOR TODAY
                         NORMAL    RECORD    YEAR
 MAXIMUM TEMPERATURE (F)   73        90      1986
                                             1927
 MINIMUM TEMPERATURE (F)   52        34      2005


SUNRISE AND SUNSET
OCTOBER  1 2014.......SUNRISE   658 AM EDT   SUNSET   645 PM EDT
OCTOBER  2 2014.......SUNRISE   659 AM EDT   SUNSET   643 PM EDT


-  INDICATES NEGATIVE NUMBERS.
R  INDICATES RECORD WAS SET OR TIED.
MM INDICATES DATA IS MISSING.
T  INDICATES TRACE AMOUNT.




$$





U.S. Dept. of Commerce
NOAA National Weather Service
1325 East West Highway
Silver Spring, MD 20910
E-mail: w-nws.webmaster@noaa.gov
Page last modified: May 16, 2007
NATIONAL WEATHER SERVICE: for Safety, for Work, for Fun - FOR LIFE