597
CDUS41 KAKQ 230842
CLISBY


CLIMATE REPORT
NATIONAL WEATHER SERVICE WAKEFIELD, VA
441 AM EDT TUE SEP 23 2014


...................................

...THE SALISBURY MD CLIMATE SUMMARY FOR SEPTEMBER 22 2014...

CLIMATE NORMAL PERIOD 1981 TO 2010
CLIMATE RECORD PERIOD 1900 TO 2014


WEATHER ITEM   OBSERVED TIME   RECORD YEAR NORMAL DEPARTURE LAST
                VALUE   (LST)  VALUE       VALUE  FROM      YEAR
                                                  NORMAL
..................................................................
TEMPERATURE (F)
 YESTERDAY
  MAXIMUM         77    227 PM  96    1914  76      1       79
  MINIMUM         58   1159 PM  37    1962  56      2       57
  AVERAGE         68                        66      2       68

PRECIPITATION (IN)
  YESTERDAY        0.00          3.10 1979   0.13  -0.13     0.02
  MONTH TO DATE    3.03                      2.90   0.13     0.77
  SINCE SEP 1      3.03                      2.90   0.13     0.77
  SINCE JAN 1     23.31                     33.97 -10.66    40.45

SNOWFALL (IN)
  YESTERDAY        0.0           0.0  2002   0.0    0.0
                                      2001
  MONTH TO DATE    0.0                       0.0    0.0
  SINCE NOV 1     22.5                       9.3   13.2
  SINCE JUL 1      0.0                       0.0    0.0
  SNOW DEPTH       0

DEGREE DAYS
 HEATING
  YESTERDAY        0                         2     -2        0
  MONTH TO DATE    0                        19    -19       15
  SINCE SEP 1      0                        19    -19       15
  SINCE JUL 1      0                        21    -21       15

 COOLING
  YESTERDAY        3                         3      0        3
  MONTH TO DATE  192                       123     69      165
  SINCE SEP 1    192                       123     69      165
  SINCE JAN 1   1314                      1106    208     1528
..................................................................


WIND (MPH)
  HIGHEST WIND SPEED    22   HIGHEST WIND DIRECTION    NW (320)
  HIGHEST GUST SPEED    26   HIGHEST GUST DIRECTION    NW (320)
  AVERAGE WIND SPEED     8.3


SKY COVER
  POSSIBLE SUNSHINE  MM
  AVERAGE SKY COVER 0.1


WEATHER CONDITIONS
 THE FOLLOWING WEATHER WAS RECORDED YESTERDAY.
  NO SIGNIFICANT WEATHER WAS OBSERVED.


RELATIVE HUMIDITY (PERCENT)
 HIGHEST    69          1200 AM
 LOWEST     41          1000 AM
 AVERAGE    55

..........................................................


THE SALISBURY MD CLIMATE NORMALS FOR TODAY
                         NORMAL    RECORD    YEAR
 MAXIMUM TEMPERATURE (F)   76        98      1914
 MINIMUM TEMPERATURE (F)   55        39      1918


SUNRISE AND SUNSET
SEPTEMBER 23 2014.....SUNRISE   651 AM EDT   SUNSET   657 PM EDT
SEPTEMBER 24 2014.....SUNRISE   651 AM EDT   SUNSET   656 PM EDT


-  INDICATES NEGATIVE NUMBERS.
R  INDICATES RECORD WAS SET OR TIED.
MM INDICATES DATA IS MISSING.
T  INDICATES TRACE AMOUNT.




$$






U.S. Dept. of Commerce
NOAA National Weather Service
1325 East West Highway
Silver Spring, MD 20910
E-mail: w-nws.webmaster@noaa.gov
Page last modified: May 16, 2007
NATIONAL WEATHER SERVICE: for Safety, for Work, for Fun - FOR LIFE