426
CDUS41 KAKQ 280832
CLISBY


CLIMATE REPORT
NATIONAL WEATHER SERVICE WAKEFIELD, VA
330 AM EST FRI NOV 28 2014


...................................

...THE SALISBURY MD CLIMATE SUMMARY FOR NOVEMBER 27 2014...

CLIMATE NORMAL PERIOD 1981 TO 2010
CLIMATE RECORD PERIOD 1900 TO 2014


WEATHER ITEM   OBSERVED TIME   RECORD YEAR NORMAL DEPARTURE LAST
                VALUE   (LST)  VALUE       VALUE  FROM      YEAR
                                                  NORMAL
..................................................................
TEMPERATURE (F)
 YESTERDAY
  MAXIMUM         48   1138 AM  72    2011  54     -6       68
                                      1990
  MINIMUM         30   1159 PM  16    1974  35     -5       35
  AVERAGE         39                        45     -6       52

PRECIPITATION (IN)
  YESTERDAY        0.00          0.90 1978   0.12  -0.12     0.65
  MONTH TO DATE    1.83                      3.06  -1.23     1.48
  SINCE SEP 1      7.93                     10.53  -2.60     5.93
  SINCE JAN 1     28.21                     41.60 -13.39    45.61

SNOWFALL (IN)
  YESTERDAY        0.0           3.0  1938   0.0    0.0
  MONTH TO DATE    0.0                       0.1   -0.1
  SINCE NOV 1      0.0                       0.1   -0.1
  SINCE JUL 1      0.0                       0.1   -0.1
  SNOW DEPTH       0

DEGREE DAYS
 HEATING
  YESTERDAY       26                        20      6       13
  MONTH TO DATE  466                       441     25      429
  SINCE SEP 1    599                       752   -153      617
  SINCE JUL 1    599                       754   -155      617

 COOLING
  YESTERDAY        0                         0      0        0
  MONTH TO DATE    4                         0      4        8
  SINCE SEP 1    257                       167     90      265
  SINCE JAN 1   1379                      1150    229     1628
..................................................................


WIND (MPH)
  HIGHEST WIND SPEED    15   HIGHEST WIND DIRECTION    NW (330)
  HIGHEST GUST SPEED    19   HIGHEST GUST DIRECTION    NW (320)
  AVERAGE WIND SPEED     5.1


SKY COVER
  POSSIBLE SUNSHINE  MM
  AVERAGE SKY COVER 0.5


WEATHER CONDITIONS
 THE FOLLOWING WEATHER WAS RECORDED YESTERDAY.
  FOG
  HAZE


RELATIVE HUMIDITY (PERCENT)
 HIGHEST    85           500 AM
 LOWEST     60          1200 PM
 AVERAGE    73

..........................................................


THE SALISBURY MD CLIMATE NORMALS FOR TODAY
                         NORMAL    RECORD    YEAR
 MAXIMUM TEMPERATURE (F)   54        76      1990
 MINIMUM TEMPERATURE (F)   35        16      1936


SUNRISE AND SUNSET
NOVEMBER 28 2014......SUNRISE   657 AM EST   SUNSET   443 PM EST
NOVEMBER 29 2014......SUNRISE   658 AM EST   SUNSET   442 PM EST


-  INDICATES NEGATIVE NUMBERS.
R  INDICATES RECORD WAS SET OR TIED.
MM INDICATES DATA IS MISSING.
T  INDICATES TRACE AMOUNT.




$$






U.S. Dept. of Commerce
NOAA National Weather Service
1325 East West Highway
Silver Spring, MD 20910
E-mail: w-nws.webmaster@noaa.gov
Page last modified: May 16, 2007
NATIONAL WEATHER SERVICE: for Safety, for Work, for Fun - FOR LIFE