970
CDUS41 KAKQ 242146
CLISBY


CLIMATE REPORT
NATIONAL WEATHER SERVICE WAKEFIELD, VA
546 PM EDT THU APR 24 2014


...................................

...THE SALISBURY MD CLIMATE SUMMARY FOR APRIL 24 2014...
VALID TODAY AS OF 0500 PM LOCAL TIME.

CLIMATE NORMAL PERIOD 1981 TO 2010
CLIMATE RECORD PERIOD 1900 TO 2014


WEATHER ITEM   OBSERVED TIME   RECORD YEAR NORMAL DEPARTURE LAST
                VALUE   (LST)  VALUE       VALUE  FROM      YEAR
                                                  NORMAL
..................................................................
TEMPERATURE (F)
 TODAY
  MAXIMUM         65    344 PM  91    1960  68     -3       75
  MINIMUM         45    444 AM  27    2003  45      0       40
  AVERAGE         55

PRECIPITATION (IN)
  TODAY            0.00          1.15 1995   0.11  -0.11     0.00
  MONTH TO DATE    1.93                      2.94  -1.01     2.42
  SINCE MAR 1      4.50                      7.36  -2.86     7.27
  SINCE JAN 1      8.48                     14.32  -5.84    13.97

SNOWFALL (IN)
  TODAY            0.0
  MONTH TO DATE    0.0
  SINCE NOV 1     22.5
  SINCE JUL 1     22.5
  SNOW DEPTH       0

DEGREE DAYS
 HEATING
  TODAY           10
  MONTH TO DATE  241
  SINCE MAR 1    930
  SINCE JUL 1   4070

 COOLING
  TODAY            0
  MONTH TO DATE   14
  SINCE MAR 1     14
  SINCE JAN 1     14
..................................................................


WIND (MPH)
  RESULTANT WIND SPEED  11   RESULTANT WIND DIRECTION  NW (300)
  HIGHEST WIND SPEED    21   HIGHEST WIND DIRECTION    NW (330)
  HIGHEST GUST SPEED    25   HIGHEST GUST DIRECTION    NW (310)


SKY COVER
  POSSIBLE SUNSHINE  MM
  AVERAGE SKY COVER 0.0


WEATHER CONDITIONS
 THE FOLLOWING WEATHER WAS RECORDED TODAY.
  NO SIGNIFICANT WEATHER WAS OBSERVED.


RELATIVE HUMIDITY (PERCENT)
 HIGHEST    53
 LOWEST     18
 AVERAGE    36

..........................................................


THE SALISBURY MD CLIMATE NORMALS FOR TOMORROW
                         NORMAL    RECORD    YEAR
 MAXIMUM TEMPERATURE (F)   68        91      1960
 MINIMUM TEMPERATURE (F)   46        27      1956


SUNRISE AND SUNSET
APRIL 24 2014.........SUNRISE   614 AM EDT   SUNSET   747 PM EDT
APRIL 25 2014.........SUNRISE   613 AM EDT   SUNSET   748 PM EDT


-  INDICATES NEGATIVE NUMBERS.
R  INDICATES RECORD WAS SET OR TIED.
MM INDICATES DATA IS MISSING.
T  INDICATES TRACE AMOUNT.




$$





U.S. Dept. of Commerce
NOAA National Weather Service
1325 East West Highway
Silver Spring, MD 20910
E-mail: w-nws.webmaster@noaa.gov
Page last modified: May 16, 2007
NATIONAL WEATHER SERVICE: for Safety, for Work, for Fun - FOR LIFE