882
CDUS41 KAKQ 250827
CLISBY


CLIMATE REPORT
NATIONAL WEATHER SERVICE WAKEFIELD, VA
326 AM EST SUN JAN 25 2015


...................................

...THE SALISBURY MD CLIMATE SUMMARY FOR JANUARY 24 2015...

CLIMATE NORMAL PERIOD 1981 TO 2010
CLIMATE RECORD PERIOD 1900 TO 2015


WEATHER ITEM   OBSERVED TIME   RECORD YEAR NORMAL DEPARTURE LAST
                VALUE   (LST)  VALUE       VALUE  FROM      YEAR
                                                  NORMAL
..................................................................
TEMPERATURE (F)
 YESTERDAY
  MAXIMUM         44    359 AM  74    1967  44      0       22
  MINIMUM         37   1131 PM   3    1918  27     10       12
  AVERAGE         41                        35      6       17

PRECIPITATION (IN)
  YESTERDAY        0.80          1.40 1999   0.12   0.68     0.00
  MONTH TO DATE    4.36                      2.76   1.60     2.00
  SINCE DEC 1      6.05                      6.47  -0.42     5.18
  SINCE JAN 1      4.36                      2.76   1.60     2.00

SNOWFALL (IN)
  YESTERDAY        0.0          15.0  1940   0.2   -0.2
  MONTH TO DATE    T                         2.3   -2.3
  SINCE NOV 1      T                         4.1   -4.1
  SINCE JUL 1      T                         4.1   -4.1
  SNOW DEPTH       0

DEGREE DAYS
 HEATING
  YESTERDAY       24                        30     -6       48
  MONTH TO DATE  677                       715    -38      727
  SINCE DEC 1   1321                      1521   -200     1397
  SINCE JUL 1   1993                      2339   -346     2102

 COOLING
  YESTERDAY        0                         0      0        0
  MONTH TO DATE    0                         0      0        0
  SINCE DEC 1      0                         0      0        5
  SINCE JAN 1      0                         0      0        0
..................................................................


WIND (MPH)
  HIGHEST WIND SPEED    32   HIGHEST WIND DIRECTION    NE (30)
  HIGHEST GUST SPEED    35   HIGHEST GUST DIRECTION     N (20)
  AVERAGE WIND SPEED    10.0


SKY COVER
  POSSIBLE SUNSHINE  MM
  AVERAGE SKY COVER 0.8


WEATHER CONDITIONS
 THE FOLLOWING WEATHER WAS RECORDED YESTERDAY.
  HEAVY RAIN
  RAIN
  LIGHT RAIN
  FOG
  HAZE


RELATIVE HUMIDITY (PERCENT)
 HIGHEST    89           300 AM
 LOWEST     64          1000 PM
 AVERAGE    77

..........................................................


THE SALISBURY MD CLIMATE NORMALS FOR TODAY
                         NORMAL    RECORD    YEAR
 MAXIMUM TEMPERATURE (F)   44        75      1950
 MINIMUM TEMPERATURE (F)   27         4      2003


SUNRISE AND SUNSET
JANUARY 25 2015.......SUNRISE   713 AM EST   SUNSET   516 PM EST
JANUARY 26 2015.......SUNRISE   712 AM EST   SUNSET   517 PM EST


-  INDICATES NEGATIVE NUMBERS.
R  INDICATES RECORD WAS SET OR TIED.
MM INDICATES DATA IS MISSING.
T  INDICATES TRACE AMOUNT.




$$






U.S. Dept. of Commerce
NOAA National Weather Service
1325 East West Highway
Silver Spring, MD 20910
E-mail: w-nws.webmaster@noaa.gov
Page last modified: May 16, 2007
NATIONAL WEATHER SERVICE: for Safety, for Work, for Fun - FOR LIFE