103
CDUS43 KIWX 250525
CLISBN


CLIMATE REPORT
NATIONAL WEATHER SERVICE NORTHERN INDIANA
1222 AM EST SUN JAN 25 2015


...................................

...THE SOUTH BEND CLIMATE SUMMARY FOR JANUARY 24 2015...

CLIMATE NORMAL PERIOD 1981 TO 2010
CLIMATE RECORD PERIOD 1893 TO 2015


WEATHER ITEM   OBSERVED TIME   RECORD YEAR NORMAL DEPARTURE LAST
                VALUE   (LST)  VALUE       VALUE  FROM      YEAR
                                                  NORMAL
..................................................................
TEMPERATURE (F)
 YESTERDAY
  MAXIMUM         42    231 PM  66    1909  31     11       21
  MINIMUM         24    638 AM -17    1936  17      7       -8
  AVERAGE         33                        24      9        7

PRECIPITATION (IN)
  YESTERDAY        0.00          0.85 1914   0.06  -0.06     0.06
  MONTH TO DATE    1.74                      1.84  -0.10     2.62
  SINCE DEC 1      3.21                      4.45  -1.24     4.95
  SINCE JAN 1      1.74                      1.84  -0.10     2.62

SNOWFALL (IN)
  YESTERDAY        0.0           6.7  1979   0.7   -0.7      1.7
  MONTH TO DATE   20.4                      15.8    4.6     33.9
  SINCE DEC 1     20.6                      33.1  -12.5     52.4
  SINCE JUL 1     39.9                      38.3    1.6     61.6
  SNOW DEPTH       1

DEGREE DAYS
 HEATING
  YESTERDAY       32                        41     -9       58
  MONTH TO DATE 1028                       976     52     1048
  SINCE DEC 1   2006                      2098    -92     2245
  SINCE JUL 1   3448                      3367     81     3534

 COOLING
  YESTERDAY        0                         0      0        0
  MONTH TO DATE    0                         0      0        0
  SINCE DEC 1      0                         0      0        0
  SINCE JAN 1      0                         0      0        0
..................................................................


WIND (MPH)
  HIGHEST WIND SPEED    16   HIGHEST WIND DIRECTION    NW (300)
  HIGHEST GUST SPEED    18   HIGHEST GUST DIRECTION     W (270)
  AVERAGE WIND SPEED     7.0


SKY COVER
  AVERAGE SKY COVER 0.7


WEATHER CONDITIONS
 THE FOLLOWING WEATHER WAS RECORDED YESTERDAY.
  FOG
  HAZE


RELATIVE HUMIDITY (PERCENT)
 HIGHEST    92           800 AM
 LOWEST     70           200 PM
 AVERAGE    81

..........................................................


THE SOUTH BEND CLIMATE NORMALS FOR TODAY
                         NORMAL    RECORD    YEAR
 MAXIMUM TEMPERATURE (F)   31        68      1950
 MINIMUM TEMPERATURE (F)   17       -22      1897


SUNRISE AND SUNSET
JANUARY 25 2015.......SUNRISE   804 AM EST   SUNSET   552 PM EST
JANUARY 26 2015.......SUNRISE   803 AM EST   SUNSET   553 PM EST


-  INDICATES NEGATIVE NUMBERS.
R  INDICATES RECORD WAS SET OR TIED.
MM INDICATES DATA IS MISSING.
T  INDICATES TRACE AMOUNT.




$$






U.S. Dept. of Commerce
NOAA National Weather Service
1325 East West Highway
Silver Spring, MD 20910
E-mail: w-nws.webmaster@noaa.gov
Page last modified: May 16, 2007
NATIONAL WEATHER SERVICE: for Safety, for Work, for Fun - FOR LIFE