485
CDUS46 KLOX 220902
CLISBA


CLIMATE REPORT
NATIONAL WEATHER SERVICE LOS ANGELES/OXNARD CA
202 AM PDT MON SEP 22 2014


...................................

...THE SANTA BARBARA AIRPORT CA CLIMATE SUMMARY FOR SEPTEMBER 21 2014...

CLIMATE NORMAL PERIOD 1981 TO 2010
CLIMATE RECORD PERIOD 1940 TO 2014


WEATHER ITEM   OBSERVED TIME   RECORD YEAR NORMAL DEPARTURE LAST
                VALUE   (LST)  VALUE       VALUE  FROM      YEAR
                                                  NORMAL
..................................................................
TEMPERATURE (F)
 YESTERDAY
  MAXIMUM         75    122 PM  85    1942  74      1       77
  MINIMUM         62   1151 PM  44    1944  55      7       52
  AVERAGE         69                        65      4       65

PRECIPITATION (IN)
  YESTERDAY        0.00          0.19 2007   0.01  -0.01     0.00
  MONTH TO DATE    T                         0.13  -0.13     0.00
  SINCE JUL 1      0.02                      0.28  -0.26     0.07
  SINCE JAN 1      5.22                     12.33  -7.11     3.42

SNOWFALL (IN)
  YESTERDAY        0.0
  MONTH TO DATE    0.0
  SINCE SEP 1      0.0
  SINCE JUL 1      0.0

DEGREE DAYS
 HEATING
  YESTERDAY        0                         2     -2        0
  MONTH TO DATE    1                        23    -22        9
  SINCE SEP 1      1                        23    -22        9
  SINCE JUL 1      1                        74    -73       39

 COOLING
  YESTERDAY        4                         1      3        0
  MONTH TO DATE  111                        36     75       66
  SINCE SEP 1    111                        36     75       66
  SINCE JAN 1    442                       163    279      264
..................................................................


WIND (MPH)
  HIGHEST WIND SPEED    15   HIGHEST WIND DIRECTION     W (260)
  HIGHEST GUST SPEED    18   HIGHEST GUST DIRECTION     W (280)
  AVERAGE WIND SPEED     5.2


SKY COVER
  POSSIBLE SUNSHINE  MM
  AVERAGE SKY COVER 0.4


WEATHER CONDITIONS
 THE FOLLOWING WEATHER WAS RECORDED YESTERDAY.
  NO SIGNIFICANT WEATHER WAS OBSERVED.


RELATIVE HUMIDITY (PERCENT)
 HIGHEST    93           300 AM
 LOWEST     61           400 PM
 AVERAGE    77

..........................................................


THE SANTA BARBARA AIRPORT CA CLIMATE NORMALS FOR TODAY
                         NORMAL    RECORD    YEAR
 MAXIMUM TEMPERATURE (F)   74        91      1987
 MINIMUM TEMPERATURE (F)   55        44      1944


SUNRISE AND SUNSET
SEPTEMBER 22 2014.....SUNRISE   647 AM PDT   SUNSET   656 PM PDT
SEPTEMBER 23 2014.....SUNRISE   648 AM PDT   SUNSET   655 PM PDT


-  INDICATES NEGATIVE NUMBERS.
R  INDICATES RECORD WAS SET OR TIED.
MM INDICATES DATA IS MISSING.
T  INDICATES TRACE AMOUNT.




$$





U.S. Dept. of Commerce
NOAA National Weather Service
1325 East West Highway
Silver Spring, MD 20910
E-mail: w-nws.webmaster@noaa.gov
Page last modified: May 16, 2007
NATIONAL WEATHER SERVICE: for Safety, for Work, for Fun - FOR LIFE