489
CDUS46 KLOX 240904
CLISBA


CLIMATE REPORT
NATIONAL WEATHER SERVICE LOS ANGELES/OXNARD CA
204 AM PDT THU APR 24 2014


...................................

...THE SANTA BARBARA AIRPORT CA CLIMATE SUMMARY FOR APRIL 23 2014...

CLIMATE NORMAL PERIOD 1981 TO 2010
CLIMATE RECORD PERIOD 1940 TO 2014


WEATHER ITEM   OBSERVED TIME   RECORD YEAR NORMAL DEPARTURE LAST
                VALUE   (LST)  VALUE       VALUE  FROM      YEAR
                                                  NORMAL
..................................................................
TEMPERATURE (F)
 YESTERDAY
  MAXIMUM         74   1229 PM  82    1995  68      6       66
  MINIMUM         55    200 AM  37    1961  49      6       54
  AVERAGE         65                        58      7       60

PRECIPITATION (IN)
  YESTERDAY        0.00          0.33 1988   0.03  -0.03     0.00
  MONTH TO DATE    0.26                      0.84  -0.58     0.01
  SINCE JUL 1      6.55                     17.19 -10.64     9.36
  SINCE JAN 1      5.19                     11.48  -6.29     3.29

SNOWFALL (IN)
  YESTERDAY        0.0
  MONTH TO DATE    0.0
  SINCE MAR 1      0.0
  SINCE JUL 1      0.0

DEGREE DAYS
 HEATING
  YESTERDAY        0                         7     -7        5
  MONTH TO DATE  143                       183    -40      114
  SINCE MAR 1    309                       479   -170      351
  SINCE JUL 1   1544                      2080   -536     1845

 COOLING
  YESTERDAY        0                         0      0        0
  MONTH TO DATE    0                         0      0       14
  SINCE MAR 1      5                         2      3       18
  SINCE JAN 1      5                         2      3       18
..................................................................


WIND (MPH)
  HIGHEST WIND SPEED    21   HIGHEST WIND DIRECTION     N (20)
  HIGHEST GUST SPEED    25   HIGHEST GUST DIRECTION    NE (30)
  AVERAGE WIND SPEED     8.4


SKY COVER
  POSSIBLE SUNSHINE  MM
  AVERAGE SKY COVER 0.1


WEATHER CONDITIONS
 THE FOLLOWING WEATHER WAS RECORDED YESTERDAY.
  NO SIGNIFICANT WEATHER WAS OBSERVED.


RELATIVE HUMIDITY (PERCENT)
 HIGHEST    64          1100 PM
 LOWEST     20          1000 AM
 AVERAGE    42

..........................................................


THE SANTA BARBARA AIRPORT CA CLIMATE NORMALS FOR TODAY
                         NORMAL    RECORD    YEAR
 MAXIMUM TEMPERATURE (F)   68        87      1985
 MINIMUM TEMPERATURE (F)   49        36      1960


SUNRISE AND SUNSET
APRIL 24 2014.........SUNRISE   617 AM PDT   SUNSET   738 PM PDT
APRIL 25 2014.........SUNRISE   616 AM PDT   SUNSET   739 PM PDT


-  INDICATES NEGATIVE NUMBERS.
R  INDICATES RECORD WAS SET OR TIED.
MM INDICATES DATA IS MISSING.
T  INDICATES TRACE AMOUNT.




$$





U.S. Dept. of Commerce
NOAA National Weather Service
1325 East West Highway
Silver Spring, MD 20910
E-mail: w-nws.webmaster@noaa.gov
Page last modified: May 16, 2007
NATIONAL WEATHER SERVICE: for Safety, for Work, for Fun - FOR LIFE