688
CDUS46 KLOX 300909
CLISBA


CLIMATE REPORT
NATIONAL WEATHER SERVICE LOS ANGELES/OXNARD CA
209 AM PDT WED JUL 30 2014


...................................

...THE SANTA BARBARA AIRPORT CA CLIMATE SUMMARY FOR JULY 29 2014...

CLIMATE NORMAL PERIOD 1981 TO 2010
CLIMATE RECORD PERIOD 1940 TO 2014


WEATHER ITEM   OBSERVED TIME   RECORD YEAR NORMAL DEPARTURE LAST
                VALUE   (LST)  VALUE       VALUE  FROM      YEAR
                                                  NORMAL
..................................................................
TEMPERATURE (F)
 YESTERDAY
  MAXIMUM         78   1236 PM  83    1995  74      4       70
  MINIMUM         63    354 AM  48    2010  58      5       56
  AVERAGE         71                        66      5       63

PRECIPITATION (IN)
  YESTERDAY        0.00          0.02 1971   0.00   0.00     0.00
  MONTH TO DATE    0.01                      0.03  -0.02     0.07
  SINCE JUL 1      0.01                      0.03  -0.02     0.07
  SINCE JAN 1      5.21                     12.08  -6.87     3.42

SNOWFALL (IN)
  YESTERDAY        0.0
  MONTH TO DATE    0.0
  SINCE JUN 1      0.0
  SINCE JUL 1      0.0

DEGREE DAYS
 HEATING
  YESTERDAY        0                         1     -1        2
  MONTH TO DATE    0                        29    -29        4
  SINCE JUN 1     52                       119    -67       47
  SINCE JUL 1      0                        29    -29        4

 COOLING
  YESTERDAY        6                         2      4        0
  MONTH TO DATE  133                        46     87       57
  SINCE JUN 1    155                        60     95       92
  SINCE JAN 1    223                        74    149      149
..................................................................


WIND (MPH)
  HIGHEST WIND SPEED    15   HIGHEST WIND DIRECTION     W (280)
  HIGHEST GUST SPEED    MM   HIGHEST GUST DIRECTION    MM
  AVERAGE WIND SPEED     4.8


SKY COVER
  POSSIBLE SUNSHINE  MM
  AVERAGE SKY COVER 0.1


WEATHER CONDITIONS
 THE FOLLOWING WEATHER WAS RECORDED YESTERDAY.
  FOG
  HAZE


RELATIVE HUMIDITY (PERCENT)
 HIGHEST    90           400 AM
 LOWEST     54           100 PM
 AVERAGE    72

..........................................................


THE SANTA BARBARA AIRPORT CA CLIMATE NORMALS FOR TODAY
                         NORMAL    RECORD    YEAR
 MAXIMUM TEMPERATURE (F)   74        88      1947
 MINIMUM TEMPERATURE (F)   58        52      2004
                                             1970


SUNRISE AND SUNSET
JULY 30 2014..........SUNRISE   609 AM PDT   SUNSET   803 PM PDT
JULY 31 2014..........SUNRISE   609 AM PDT   SUNSET   802 PM PDT


-  INDICATES NEGATIVE NUMBERS.
R  INDICATES RECORD WAS SET OR TIED.
MM INDICATES DATA IS MISSING.
T  INDICATES TRACE AMOUNT.




$$





U.S. Dept. of Commerce
NOAA National Weather Service
1325 East West Highway
Silver Spring, MD 20910
E-mail: w-nws.webmaster@noaa.gov
Page last modified: May 16, 2007
NATIONAL WEATHER SERVICE: for Safety, for Work, for Fun - FOR LIFE