346
CDUS46 KLOX 260120
CLISBA


CLIMATE REPORT
NATIONAL WEATHER SERVICE LOS ANGELES/OXNARD CA
620 PM PDT SAT OCT 25 2014


...................................

...THE SANTA BARBARA AIRPORT CA CLIMATE SUMMARY FOR OCTOBER 25 2014...
VALID TODAY AS OF 0600 PM LOCAL TIME.

CLIMATE NORMAL PERIOD 1981 TO 2010
CLIMATE RECORD PERIOD 1940 TO 2014


WEATHER ITEM   OBSERVED TIME   RECORD YEAR NORMAL DEPARTURE LAST
                VALUE   (LST)  VALUE       VALUE  FROM      YEAR
                                                  NORMAL
..................................................................
TEMPERATURE (F)
 TODAY
  MAXIMUM         76    340 PM  90    1965  71      5       67
  MINIMUM         48    456 AM  37    1975  49     -1       49
  AVERAGE         62                        60      2       58

PRECIPITATION (IN)
  TODAY            0.00          0.02 2000   0.04  -0.04     0.00
  MONTH TO DATE    0.00                      0.56  -0.56     0.03
  SINCE JUL 1      0.02                      0.97  -0.95     0.10
  SINCE JAN 1      5.22                     13.02  -7.80     3.45

SNOWFALL (IN)
  TODAY            0.0
  MONTH TO DATE    0.0
  SINCE SEP 1      0.0
  SINCE JUL 1      0.0

DEGREE DAYS
 HEATING
  TODAY            3                         5     -2        7
  MONTH TO DATE    6                        90    -84       96
  SINCE SEP 1      7                       134   -127      110
  SINCE JUL 1      7                       185   -178      140

 COOLING
  TODAY            0                         0      0        0
  MONTH TO DATE   59                        11     48        4
  SINCE SEP 1    192                        55    137       87
  SINCE JAN 1    523                       182    341      285
..................................................................


WIND (MPH)
  HIGHEST WIND SPEED    22   HIGHEST WIND DIRECTION     W (270)
  HIGHEST GUST SPEED    28   HIGHEST GUST DIRECTION     W (270)
  AVERAGE WIND SPEED     6.0


SKY COVER
  POSSIBLE SUNSHINE  MM
  AVERAGE SKY COVER 0.1


WEATHER CONDITIONS
 THE FOLLOWING WEATHER WAS RECORDED TODAY.
  FOG


RELATIVE HUMIDITY (PERCENT)
 HIGHEST   100           500 AM
 LOWEST     57          1200 PM
 AVERAGE    79

..........................................................


THE SANTA BARBARA AIRPORT CA CLIMATE NORMALS FOR TOMORROW
                         NORMAL    RECORD    YEAR
 MAXIMUM TEMPERATURE (F)   71        90      2003
                                             1993
 MINIMUM TEMPERATURE (F)   49        38      1954


SUNRISE AND SUNSET
OCTOBER 25 2014.......SUNRISE   713 AM PDT   SUNSET   613 PM PDT
OCTOBER 26 2014.......SUNRISE   714 AM PDT   SUNSET   612 PM PDT


-  INDICATES NEGATIVE NUMBERS.
R  INDICATES RECORD WAS SET OR TIED.
MM INDICATES DATA IS MISSING.
T  INDICATES TRACE AMOUNT.




$$





U.S. Dept. of Commerce
NOAA National Weather Service
1325 East West Highway
Silver Spring, MD 20910
E-mail: w-nws.webmaster@noaa.gov
Page last modified: May 16, 2007
NATIONAL WEATHER SERVICE: for Safety, for Work, for Fun - FOR LIFE