916
CDUS42 KCHS 250536
CLISAV


CLIMATE REPORT
NATIONAL WEATHER SERVICE CHARLESTON SC
136 AM EDT SAT OCT 25 2014


...................................

...THE SAVANNAH GA CLIMATE SUMMARY FOR OCTOBER 24 2014...

CLIMATE NORMAL PERIOD 1981 TO 2010
CLIMATE RECORD PERIOD 1871 TO 2014


WEATHER ITEM   OBSERVED TIME   RECORD YEAR NORMAL DEPARTURE LAST
                VALUE   (LST)  VALUE       VALUE  FROM      YEAR
                                                  NORMAL
..................................................................
TEMPERATURE (F)
 YESTERDAY
  MAXIMUM         77    328 PM  89    1927  76      1       70
  MINIMUM         49    547 AM  36    1937  55     -6       43
  AVERAGE         63                        66     -3       57

PRECIPITATION (IN)
  YESTERDAY        0.00          3.61 2008   0.10  -0.10     0.00
  MONTH TO DATE    1.72                      3.12  -1.40     0.23
  SINCE SEP 1      6.84                      7.70  -0.86     2.01
  SINCE JAN 1     41.90                     42.07  -0.17    49.18

SNOWFALL (IN)
  YESTERDAY        0.0                       0.0    0.0
  SINCE SEP 1      0.0                       0.0    0.0
  SINCE JUL 1      0.0                       0.0    0.0

DEGREE DAYS
 HEATING
  YESTERDAY        2                         3     -1        8
  MONTH TO DATE   16                        34    -18        9
  SINCE SEP 1     17                        36    -19        9
  SINCE JUL 1     17                        36    -19        9

 COOLING
  YESTERDAY        0                         3     -3        0
  MONTH TO DATE  147                       129     18      166
  SINCE SEP 1    556                       488     68      551
  SINCE JAN 1   2669                      2395    274     2400
..................................................................


WIND (MPH)
  HIGHEST WIND SPEED     9   HIGHEST WIND DIRECTION    NE (60)
  HIGHEST GUST SPEED    15   HIGHEST GUST DIRECTION     E (80)
  AVERAGE WIND SPEED     1.2


SKY COVER
  POSSIBLE SUNSHINE  MM
  AVERAGE SKY COVER 0.3


WEATHER CONDITIONS
 THE FOLLOWING WEATHER WAS RECORDED YESTERDAY.
  NO SIGNIFICANT WEATHER WAS OBSERVED.


RELATIVE HUMIDITY (PERCENT)
 HIGHEST    89          1200 AM
 LOWEST     27           200 PM
 AVERAGE    58

..........................................................


THE SAVANNAH GA CLIMATE NORMALS FOR TODAY
                         NORMAL    RECORD    YEAR
 MAXIMUM TEMPERATURE (F)   76        87      2001
                                             1931
 MINIMUM TEMPERATURE (F)   54        33      1965


SUNRISE AND SUNSET
OCTOBER 25 2014.......SUNRISE   736 AM EDT   SUNSET   641 PM EDT
OCTOBER 26 2014.......SUNRISE   737 AM EDT   SUNSET   640 PM EDT


-  INDICATES NEGATIVE NUMBERS.
R  INDICATES RECORD WAS SET OR TIED.
MM INDICATES DATA IS MISSING.
T  INDICATES TRACE AMOUNT.




$$





U.S. Dept. of Commerce
NOAA National Weather Service
1325 East West Highway
Silver Spring, MD 20910
E-mail: w-nws.webmaster@noaa.gov
Page last modified: May 16, 2007
NATIONAL WEATHER SERVICE: for Safety, for Work, for Fun - FOR LIFE