598
CDUS42 KCHS 220611
CLISAV


CLIMATE REPORT
NATIONAL WEATHER SERVICE CHARLESTON SC
110 AM EST MON DEC 22 2014


...................................

...THE SAVANNAH GA CLIMATE SUMMARY FOR DECEMBER 21 2014...

CLIMATE NORMAL PERIOD 1981 TO 2010
CLIMATE RECORD PERIOD 1871 TO 2014


WEATHER ITEM   OBSERVED TIME   RECORD YEAR NORMAL DEPARTURE LAST
                VALUE   (LST)  VALUE       VALUE  FROM      YEAR
                                                  NORMAL
..................................................................
TEMPERATURE (F)
 YESTERDAY
  MAXIMUM         51    159 AM  81    2013  61    -10       81
  MINIMUM         47   1148 PM  18    1901  40      7       53
  AVERAGE         49                        50     -1       67

PRECIPITATION (IN)
  YESTERDAY        0.44          7.12 2007   0.11   0.33     0.00
  MONTH TO DATE    0.55                      1.95  -1.40     1.26
  SINCE DEC 1      0.55                      1.95  -1.40     1.26
  SINCE JAN 1     47.09                     46.96   0.13    52.95

SNOWFALL (IN)
  YESTERDAY        0.0                       0.0    0.0
  SINCE DEC 1      0.0                       0.1   -0.1
  SINCE JUL 1      0.0                       0.1   -0.1

DEGREE DAYS
 HEATING
  YESTERDAY       16                        15      1        0
  MONTH TO DATE  195                       269    -74      167
  SINCE DEC 1    195                       269    -74      167
  SINCE JUL 1    487                       536    -49      423

 COOLING
  YESTERDAY        0                         0      0        2
  MONTH TO DATE    5                         3      2       22
  SINCE DEC 1      5                         3      2       22
  SINCE JAN 1   2731                      2452    279     2475
..................................................................


WIND (MPH)
  HIGHEST WIND SPEED    14   HIGHEST WIND DIRECTION    NE (40)
  HIGHEST GUST SPEED    16   HIGHEST GUST DIRECTION    NE (50)
  AVERAGE WIND SPEED     7.6


SKY COVER
  POSSIBLE SUNSHINE  MM
  AVERAGE SKY COVER 1.0


WEATHER CONDITIONS
 THE FOLLOWING WEATHER WAS RECORDED YESTERDAY.
  HEAVY RAIN
  RAIN
  LIGHT RAIN
  FOG


RELATIVE HUMIDITY (PERCENT)
 HIGHEST    93           800 AM
 LOWEST     86           300 AM
 AVERAGE    90

..........................................................


THE SAVANNAH GA CLIMATE NORMALS FOR TODAY
                         NORMAL    RECORD    YEAR
 MAXIMUM TEMPERATURE (F)   61        83      2013
 MINIMUM TEMPERATURE (F)   40        20      1973
                                             1960


SUNRISE AND SUNSET
DECEMBER 22 2014......SUNRISE   722 AM EST   SUNSET   525 PM EST
DECEMBER 23 2014......SUNRISE   723 AM EST   SUNSET   525 PM EST


-  INDICATES NEGATIVE NUMBERS.
R  INDICATES RECORD WAS SET OR TIED.
MM INDICATES DATA IS MISSING.
T  INDICATES TRACE AMOUNT.




$$





U.S. Dept. of Commerce
NOAA National Weather Service
1325 East West Highway
Silver Spring, MD 20910
E-mail: w-nws.webmaster@noaa.gov
Page last modified: May 16, 2007
NATIONAL WEATHER SERVICE: for Safety, for Work, for Fun - FOR LIFE