668
CDUS42 KCHS 230536
CLISAV

CLIMATE REPORT
NATIONAL WEATHER SERVICE CHARLESTON SC
133 AM EDT WED APR 23 2014


...................................

...THE SAVANNAH GA CLIMATE SUMMARY FOR APRIL 22 2014...

CLIMATE NORMAL PERIOD 1981 TO 2010
CLIMATE RECORD PERIOD 1871 TO 2014


WEATHER ITEM   OBSERVED TIME   RECORD YEAR NORMAL DEPARTURE LAST
                VALUE   (LST)  VALUE       VALUE  FROM      YEAR
                                                  NORMAL
..................................................................
TEMPERATURE (F)
 YESTERDAY
  MAXIMUM         85    307 PM  92    1988  79      6       73
  MINIMUM         56    539 AM  40    1962  55      1       53
  AVERAGE         71                        67      4       63

PRECIPITATION (IN)
  YESTERDAY        0.16          2.01 1994   0.10   0.06     0.00
  MONTH TO DATE    5.46                      2.35   3.11     3.33
  SINCE MAR 1      8.11                      6.08   2.03     5.35
  SINCE JAN 1     12.22                     12.56  -0.34    15.65

SNOWFALL (IN)
  YESTERDAY        0.0                       0.0    0.0
  SINCE MAR 1      0.0                       T      0.0
  SINCE JUL 1      0.0                       0.3   -0.3

DEGREE DAYS
 HEATING
  YESTERDAY        0                         2     -2        2
  MONTH TO DATE   37                        66    -29       50
  SINCE MAR 1    301                       276     25      396
  SINCE JUL 1   1682                      1793   -111     1618

 COOLING
  YESTERDAY        6                         4      2        0
  MONTH TO DATE   62                        59      3       70
  SINCE MAR 1     74                        91    -17       76
  SINCE JAN 1     92                       101     -9      104
..................................................................


WIND (MPH)
  HIGHEST WIND SPEED    22   HIGHEST WIND DIRECTION    NW (300)
  HIGHEST GUST SPEED    28   HIGHEST GUST DIRECTION    NW (300)
  AVERAGE WIND SPEED     8.1


SKY COVER
  POSSIBLE SUNSHINE  MM
  AVERAGE SKY COVER 0.4


WEATHER CONDITIONS
 THE FOLLOWING WEATHER WAS RECORDED YESTERDAY.
  THUNDERSTORM
  RAIN
  LIGHT RAIN
  FOG


RELATIVE HUMIDITY (PERCENT)
 HIGHEST    93          1000 PM
 LOWEST     32           200 PM
 AVERAGE    63

..........................................................


THE SAVANNAH GA CLIMATE NORMALS FOR TODAY
                         NORMAL    RECORD    YEAR
 MAXIMUM TEMPERATURE (F)   79        92      1980
 MINIMUM TEMPERATURE (F)   55        38      1993


SUNRISE AND SUNSET
APRIL 23 2014.........SUNRISE   647 AM EDT   SUNSET   800 PM EDT
APRIL 24 2014.........SUNRISE   646 AM EDT   SUNSET   801 PM EDT


-  INDICATES NEGATIVE NUMBERS.
R  INDICATES RECORD WAS SET OR TIED.
MM INDICATES DATA IS MISSING.
T  INDICATES TRACE AMOUNT.




$$








U.S. Dept. of Commerce
NOAA National Weather Service
1325 East West Highway
Silver Spring, MD 20910
E-mail: w-nws.webmaster@noaa.gov
Page last modified: May 16, 2007
NATIONAL WEATHER SERVICE: for Safety, for Work, for Fun - FOR LIFE