990
CDUS42 KCHS 290627
CLISAV


CLIMATE REPORT
NATIONAL WEATHER SERVICE CHARLESTON SC
127 AM EST SAT NOV 29 2014


...................................

...THE SAVANNAH GA CLIMATE SUMMARY FOR NOVEMBER 28 2014...

CLIMATE NORMAL PERIOD 1981 TO 2010
CLIMATE RECORD PERIOD 1871 TO 2014


WEATHER ITEM   OBSERVED TIME   RECORD YEAR NORMAL DEPARTURE LAST
                VALUE   (LST)  VALUE       VALUE  FROM      YEAR
                                                  NORMAL
..................................................................
TEMPERATURE (F)
 YESTERDAY
  MAXIMUM         54    328 PM  83    1990  67    -13       51
  MINIMUM         35    735 AM  24    1956  45    -10       29
  AVERAGE         45                        56    -11       40

PRECIPITATION (IN)
  YESTERDAY        0.00          1.43 1914   0.08  -0.08     0.00
  MONTH TO DATE    4.64                      2.20   2.44     2.51
  SINCE SEP 1     11.48                     10.47   1.01     4.52
  SINCE JAN 1     46.54                     44.84   1.70    51.69

SNOWFALL (IN)
  YESTERDAY        0.0                       0.0    0.0
  SINCE SEP 1      0.0                       0.0    0.0
  SINCE JUL 1      0.0                       0.0    0.0

DEGREE DAYS
 HEATING
  YESTERDAY       20                        10     10       25
  MONTH TO DATE  250                       189     61      191
  SINCE SEP 1    269                       246     23      225
  SINCE JUL 1    269                       246     23      225

 COOLING
  YESTERDAY        0                         1     -1        0
  MONTH TO DATE   23                        38    -15       42
  SINCE SEP 1    613                       543     70      604
  SINCE JAN 1   2726                      2450    276     2453
..................................................................


WIND (MPH)
  HIGHEST WIND SPEED    16   HIGHEST WIND DIRECTION    NE (50)
  HIGHEST GUST SPEED    20   HIGHEST GUST DIRECTION    NE (40)
  AVERAGE WIND SPEED     5.2


SKY COVER
  POSSIBLE SUNSHINE  MM
  AVERAGE SKY COVER 0.0


WEATHER CONDITIONS
 THE FOLLOWING WEATHER WAS RECORDED YESTERDAY.
  NO SIGNIFICANT WEATHER WAS OBSERVED.


RELATIVE HUMIDITY (PERCENT)
 HIGHEST    82          1100 PM
 LOWEST     32           300 PM
 AVERAGE    57

..........................................................


THE SAVANNAH GA CLIMATE NORMALS FOR TODAY
                         NORMAL    RECORD    YEAR
 MAXIMUM TEMPERATURE (F)   67        82      1985
 MINIMUM TEMPERATURE (F)   44        25      1959
                                             1955


SUNRISE AND SUNSET
NOVEMBER 29 2014......SUNRISE   706 AM EST   SUNSET   520 PM EST
NOVEMBER 30 2014......SUNRISE   707 AM EST   SUNSET   520 PM EST


-  INDICATES NEGATIVE NUMBERS.
R  INDICATES RECORD WAS SET OR TIED.
MM INDICATES DATA IS MISSING.
T  INDICATES TRACE AMOUNT.




$$





U.S. Dept. of Commerce
NOAA National Weather Service
1325 East West Highway
Silver Spring, MD 20910
E-mail: w-nws.webmaster@noaa.gov
Page last modified: May 16, 2007
NATIONAL WEATHER SERVICE: for Safety, for Work, for Fun - FOR LIFE