993
CDUS42 KCHS 170531
CLISAV

CLIMATE REPORT
NATIONAL WEATHER SERVICE CHARLESTON SC
131 AM EDT THU APR 17 2014

...................................

...THE SAVANNAH GA CLIMATE SUMMARY FOR APRIL 16 2014...

CLIMATE NORMAL PERIOD 1981 TO 2010
CLIMATE RECORD PERIOD 1871 TO 2014


WEATHER ITEM   OBSERVED TIME   RECORD YEAR NORMAL DEPARTURE LAST
                VALUE   (LST)  VALUE       VALUE  FROM      YEAR
                                                  NORMAL
..................................................................
TEMPERATURE (F)
 YESTERDAY
  MAXIMUM         62    311 PM  92    1967  78    -16       81
  MINIMUM         43    647 AM  32    1962  54    -11       62
  AVERAGE         53                        66    -13       72

PRECIPITATION (IN)
  YESTERDAY        0.00          2.31 1879   0.10  -0.10     0.00
  MONTH TO DATE    2.94                      1.73   1.21     2.05
  SINCE MAR 1      5.59                      5.46   0.13     4.07
  SINCE JAN 1      9.70                     11.94  -2.24    14.37

SNOWFALL (IN)
  YESTERDAY        0.0                       0.0    0.0
  SINCE MAR 1      0.0                       T      0.0
  SINCE JUL 1      0.0                       0.3   -0.3

DEGREE DAYS
 HEATING
  YESTERDAY       12                         2     10        0
  MONTH TO DATE   19                        54    -35       34
  SINCE MAR 1    283                       264     19      380
  SINCE JUL 1   1664                      1781   -117     1602

 COOLING
  YESTERDAY        0                         3     -3        7
  MONTH TO DATE   54                        39     15       49
  SINCE MAR 1     66                        71     -5       55
  SINCE JAN 1     84                        81      3       83
..................................................................


WIND (MPH)
  HIGHEST WIND SPEED    20   HIGHEST WIND DIRECTION    NE (50)
  HIGHEST GUST SPEED    26   HIGHEST GUST DIRECTION    NE (50)
  AVERAGE WIND SPEED    10.4


SKY COVER
  POSSIBLE SUNSHINE  MM
  AVERAGE SKY COVER 0.2


WEATHER CONDITIONS
 THE FOLLOWING WEATHER WAS RECORDED YESTERDAY.
  NO SIGNIFICANT WEATHER WAS OBSERVED.


RELATIVE HUMIDITY (PERCENT)
 HIGHEST    76           400 AM
 LOWEST     37           100 PM
 AVERAGE    57

..........................................................


THE SAVANNAH GA CLIMATE NORMALS FOR TODAY
                         NORMAL    RECORD    YEAR
 MAXIMUM TEMPERATURE (F)   78        95      1967
 MINIMUM TEMPERATURE (F)   54        36      1962


SUNRISE AND SUNSET
APRIL 17 2014.........SUNRISE   654 AM EDT   SUNSET   756 PM EDT
APRIL 18 2014.........SUNRISE   652 AM EDT   SUNSET   756 PM EDT


-  INDICATES NEGATIVE NUMBERS.
R  INDICATES RECORD WAS SET OR TIED.
MM INDICATES DATA IS MISSING.
T  INDICATES TRACE AMOUNT.

$$






U.S. Dept. of Commerce
NOAA National Weather Service
1325 East West Highway
Silver Spring, MD 20910
E-mail: w-nws.webmaster@noaa.gov
Page last modified: May 16, 2007
NATIONAL WEATHER SERVICE: for Safety, for Work, for Fun - FOR LIFE