659
CDUS46 KSGX 211417
CLISAN


CLIMATE REPORT
NATIONAL WEATHER SERVICE SAN DIEGO, CA
617 AM PST FRI NOV 21 2014


...................................

...THE SAN DIEGO/LINDBERGH FIELD CA CLIMATE SUMMARY FOR NOVEMBER 20 2014...

CLIMATE NORMAL PERIOD 1981 TO 2010
CLIMATE RECORD PERIOD 1850 TO 2014


WEATHER ITEM   OBSERVED TIME   RECORD YEAR NORMAL DEPARTURE LAST
                VALUE   (LST)  VALUE       VALUE  FROM      YEAR
                                                  NORMAL
..................................................................
TEMPERATURE (F)
 YESTERDAY
  MAXIMUM         70    140 PM  86    1914  68      2       68
  MINIMUM         54    619 AM  38    1964  52      2       61
  AVERAGE         62                        60      2       65

PRECIPITATION (IN)
  YESTERDAY        0.03          1.46 1963   0.04  -0.01      T
  MONTH TO DATE    0.36                      0.60  -0.24     0.01
  SINCE JUL 1      0.44                      1.37  -0.93     0.31
  SINCE JAN 1      3.26                      8.40  -5.14     3.64

SNOWFALL (IN)
  YESTERDAY        0.0
  MONTH TO DATE    0.0
  SINCE JAN 1      0.0
  SINCE JUL 1      0.0
  SNOW DEPTH       0

DEGREE DAYS
 HEATING
  YESTERDAY        3                         5     -2        0
  MONTH TO DATE   13                        65    -52       18
  SINCE SEP 1     13                        85    -72       40
  SINCE JUL 1     13                        86    -73       40

 COOLING
  YESTERDAY        0                         0      0        0
  MONTH TO DATE   40                        11     29       23
  SINCE SEP 1    581                       250    331      282
  SINCE JAN 1   1483                       718    765      761
..................................................................


WIND (MPH)
  RESULTANT WIND SPEED   4   RESULTANT WIND DIRECTION  NW (300)
  HIGHEST WIND SPEED    13   HIGHEST WIND DIRECTION     W (290)
  HIGHEST GUST SPEED    17   HIGHEST GUST DIRECTION    NW (300)
  AVERAGE WIND SPEED     4.1


SKY COVER
  POSSIBLE SUNSHINE  MM
  AVERAGE SKY COVER 0.5


WEATHER CONDITIONS
 THE FOLLOWING WEATHER WAS RECORDED YESTERDAY.
  NO SIGNIFICANT WEATHER WAS OBSERVED.


RELATIVE HUMIDITY (PERCENT)
 HIGHEST    80          1200 AM
 LOWEST     51           700 AM
 AVERAGE    66

..........................................................


THE SAN DIEGO/LINDBERGH FIELD CA CLIMATE NORMALS FOR TODAY
                         NORMAL    RECORD    YEAR
 MAXIMUM TEMPERATURE (F)   68        86      1954
 MINIMUM TEMPERATURE (F)   52        40      1941


SUNRISE AND SUNSET
NOVEMBER 21 2014......SUNRISE   624 AM PST   SUNSET   445 PM PST
NOVEMBER 22 2014......SUNRISE   625 AM PST   SUNSET   444 PM PST


-  INDICATES NEGATIVE NUMBERS.
R  INDICATES RECORD WAS SET OR TIED.
MM INDICATES DATA IS MISSING.
T  INDICATES TRACE AMOUNT.




$$





U.S. Dept. of Commerce
NOAA National Weather Service
1325 East West Highway
Silver Spring, MD 20910
E-mail: w-nws.webmaster@noaa.gov
Page last modified: May 16, 2007
NATIONAL WEATHER SERVICE: for Safety, for Work, for Fun - FOR LIFE