531
CDUS46 KSGX 211424
CLISAN


CLIMATE REPORT
NATIONAL WEATHER SERVICE SAN DIEGO, CA
724 AM PDT TUE OCT 21 2014


...................................

...THE SAN DIEGO/LINDBERGH FIELD CA CLIMATE SUMMARY FOR OCTOBER 20 2014...

CLIMATE NORMAL PERIOD 1981 TO 2010
CLIMATE RECORD PERIOD 1850 TO 2014


WEATHER ITEM   OBSERVED TIME   RECORD YEAR NORMAL DEPARTURE LAST
                VALUE   (LST)  VALUE       VALUE  FROM      YEAR
                                                  NORMAL
..................................................................
TEMPERATURE (F)
 YESTERDAY
  MAXIMUM         73    327 PM  95    1964  73      0       70
  MINIMUM         66    105 AM  46    1949  60      6       56
  AVERAGE         70                        66      4       63

PRECIPITATION (IN)
  YESTERDAY        0.00          0.95 2004   0.03  -0.03     0.00
  MONTH TO DATE    T                         0.32  -0.32     0.07
  SINCE JUL 1      0.08                      0.52  -0.44     0.12
  SINCE JAN 1      2.90                      7.55  -4.65     3.45

SNOWFALL (IN)
  YESTERDAY        0.0
  MONTH TO DATE    0.0
  SINCE JAN 1      0.0
  SINCE JUL 1      0.0
  SNOW DEPTH       0

DEGREE DAYS
 HEATING
  YESTERDAY        0                         1     -1        2
  MONTH TO DATE    0                         3     -3        9
  SINCE SEP 1      0                         4     -4        9
  SINCE JUL 1      0                         5     -5        9

 COOLING
  YESTERDAY        5                         2      3        0
  MONTH TO DATE  164                        55    109       55
  SINCE SEP 1    488                       223    265      255
  SINCE JAN 1   1390                       691    699      734
..................................................................


WIND (MPH)
  RESULTANT WIND SPEED   3   RESULTANT WIND DIRECTION  NW (320)
  HIGHEST WIND SPEED    14   HIGHEST WIND DIRECTION    NW (300)
  HIGHEST GUST SPEED    18   HIGHEST GUST DIRECTION    NW (300)
  AVERAGE WIND SPEED     3.9


SKY COVER
  POSSIBLE SUNSHINE  MM
  AVERAGE SKY COVER 0.7


WEATHER CONDITIONS
 THE FOLLOWING WEATHER WAS RECORDED YESTERDAY.
  NO SIGNIFICANT WEATHER WAS OBSERVED.


RELATIVE HUMIDITY (PERCENT)
 HIGHEST    81          1200 AM
 LOWEST     64           200 PM
 AVERAGE    73

..........................................................


THE SAN DIEGO/LINDBERGH FIELD CA CLIMATE NORMALS FOR TODAY
                         NORMAL    RECORD    YEAR
 MAXIMUM TEMPERATURE (F)   72        90      1942
                                             1890
 MINIMUM TEMPERATURE (F)   60        45      1949
                                             1920


SUNRISE AND SUNSET
OCTOBER 21 2014.......SUNRISE   657 AM PDT   SUNSET   609 PM PDT
OCTOBER 22 2014.......SUNRISE   658 AM PDT   SUNSET   608 PM PDT


-  INDICATES NEGATIVE NUMBERS.
R  INDICATES RECORD WAS SET OR TIED.
MM INDICATES DATA IS MISSING.
T  INDICATES TRACE AMOUNT.




$$





U.S. Dept. of Commerce
NOAA National Weather Service
1325 East West Highway
Silver Spring, MD 20910
E-mail: w-nws.webmaster@noaa.gov
Page last modified: May 16, 2007
NATIONAL WEATHER SERVICE: for Safety, for Work, for Fun - FOR LIFE