216
CDUS46 KSGX 241420
CLISAN


CLIMATE REPORT
NATIONAL WEATHER SERVICE SAN DIEGO, CA
720 AM PDT THU APR 24 2014


...................................

...THE SAN DIEGO/LINDBERGH FIELD CA CLIMATE SUMMARY FOR APRIL 23 2014...

CLIMATE NORMAL PERIOD 1981 TO 2010
CLIMATE RECORD PERIOD 1850 TO 2014


WEATHER ITEM   OBSERVED TIME   RECORD YEAR NORMAL DEPARTURE LAST
                VALUE   (LST)  VALUE       VALUE  FROM      YEAR
                                                  NORMAL
..................................................................
TEMPERATURE (F)
 YESTERDAY
  MAXIMUM         71    133 PM  96    1910  68      3       67
  MINIMUM         59    257 AM  46    1963  57      2       59
                                      1896
                                      1877
  AVERAGE         65                        62      3       63

PRECIPITATION (IN)
  YESTERDAY        0.00          0.25 1980   0.02  -0.02     0.00
  MONTH TO DATE    0.36                      0.66  -0.30     0.01
  SINCE JUL 1      4.89                     10.03  -5.14     6.24
  SINCE JAN 1      2.65                      6.72  -4.07     3.07

SNOWFALL (IN)
  YESTERDAY        0.0
  MONTH TO DATE    0.0
  SINCE JAN 1      0.0
  SINCE JUL 1      0.0
  SNOW DEPTH       0

DEGREE DAYS
 HEATING
  YESTERDAY        0                         3     -3        2
  MONTH TO DATE   32                        92    -60       81
  SINCE MAR 1     72                       270   -198      229
  SINCE JUL 1    528                      1128   -600     1062

 COOLING
  YESTERDAY        0                         1     -1        0
  MONTH TO DATE   28                         5     23        3
  SINCE MAR 1     48                        10     38        6
  SINCE JAN 1     57                        15     42        7
..................................................................


WIND (MPH)
  RESULTANT WIND SPEED   3   RESULTANT WIND DIRECTION   W (260)
  HIGHEST WIND SPEED    14   HIGHEST WIND DIRECTION     W (280)
  HIGHEST GUST SPEED    21   HIGHEST GUST DIRECTION    SW (220)
  AVERAGE WIND SPEED     5.9


SKY COVER
  POSSIBLE SUNSHINE  MM
  AVERAGE SKY COVER 0.7


WEATHER CONDITIONS
 THE FOLLOWING WEATHER WAS RECORDED YESTERDAY.
  NO SIGNIFICANT WEATHER WAS OBSERVED.


RELATIVE HUMIDITY (PERCENT)
 HIGHEST    72           200 AM
 LOWEST     51           200 PM
 AVERAGE    62

..........................................................


THE SAN DIEGO/LINDBERGH FIELD CA CLIMATE NORMALS FOR TODAY
                         NORMAL    RECORD    YEAR
 MAXIMUM TEMPERATURE (F)   68        83      1995
                                             1910
 MINIMUM TEMPERATURE (F)   57        44      1880
                                             1877


SUNRISE AND SUNSET
APRIL 24 2014.........SUNRISE   609 AM PDT   SUNSET   725 PM PDT
APRIL 25 2014.........SUNRISE   608 AM PDT   SUNSET   726 PM PDT


-  INDICATES NEGATIVE NUMBERS.
R  INDICATES RECORD WAS SET OR TIED.
MM INDICATES DATA IS MISSING.
T  INDICATES TRACE AMOUNT.




$$





U.S. Dept. of Commerce
NOAA National Weather Service
1325 East West Highway
Silver Spring, MD 20910
E-mail: w-nws.webmaster@noaa.gov
Page last modified: May 16, 2007
NATIONAL WEATHER SERVICE: for Safety, for Work, for Fun - FOR LIFE