392
CDUS46 KSGX 011417
CLISAN


CLIMATE REPORT
NATIONAL WEATHER SERVICE SAN DIEGO, CA
616 AM PST SUN FEB 1 2015


...................................

...THE SAN DIEGO/LINDBERGH FIELD CA CLIMATE SUMMARY FOR JANUARY 31 2015...

CLIMATE NORMAL PERIOD 1981 TO 2010
CLIMATE RECORD PERIOD 1850 TO 2015


WEATHER ITEM   OBSERVED TIME   RECORD YEAR NORMAL DEPARTURE LAST
                VALUE   (LST)  VALUE       VALUE  FROM      YEAR
                                                  NORMAL
..................................................................
TEMPERATURE (F)
 YESTERDAY
  MAXIMUM         67    121 PM  83    2003  65      2       63
  MINIMUM         57   1159 PM  32    1880  50      7       55
  AVERAGE         62                        58      4       59

PRECIPITATION (IN)
  YESTERDAY        0.01          2.57 1979   0.07  -0.06      T
  MONTH TO DATE    0.42                      1.98  -1.56     0.01
  SINCE OCT 1      5.29                      5.09   0.20     2.20
  SINCE JAN 1      0.42                      1.98  -1.56     0.01

SNOWFALL (IN)
  YESTERDAY        0.0
  MONTH TO DATE    0.0
  SINCE JAN 1      0.0
  SINCE JUL 1      0.0
  SNOW DEPTH       0

DEGREE DAYS
 HEATING
  YESTERDAY        3                         8     -5        6
  MONTH TO DATE  122                       251   -129      115
  SINCE DEC 1    254                       510   -256      285
  SINCE JUL 1    276                       655   -379      355

 COOLING
  YESTERDAY        0                         0      0        0
  MONTH TO DATE    0                         2     -2        7
  SINCE DEC 1      4                         2      2       11
  SINCE JAN 1      0                         2     -2        7
..................................................................


WIND (MPH)
  RESULTANT WIND SPEED   2   RESULTANT WIND DIRECTION  NW (300)
  HIGHEST WIND SPEED    12   HIGHEST WIND DIRECTION    NW (320)
  HIGHEST GUST SPEED    16   HIGHEST GUST DIRECTION     W (290)
  AVERAGE WIND SPEED     3.2


SKY COVER
  POSSIBLE SUNSHINE  MM
  AVERAGE SKY COVER 0.7


WEATHER CONDITIONS
 THE FOLLOWING WEATHER WAS RECORDED YESTERDAY.
  NO SIGNIFICANT WEATHER WAS OBSERVED.


RELATIVE HUMIDITY (PERCENT)
 HIGHEST    84          1200 AM
 LOWEST     58           100 PM
 AVERAGE    71

..........................................................


THE SAN DIEGO/LINDBERGH FIELD CA CLIMATE NORMALS FOR TODAY
                         NORMAL    RECORD    YEAR
 MAXIMUM TEMPERATURE (F)   65        84      1935
 MINIMUM TEMPERATURE (F)   50        36      1880


SUNRISE AND SUNSET
FEBRUARY  1 2015......SUNRISE   644 AM PST   SUNSET   521 PM PST
FEBRUARY  2 2015......SUNRISE   643 AM PST   SUNSET   522 PM PST


-  INDICATES NEGATIVE NUMBERS.
R  INDICATES RECORD WAS SET OR TIED.
MM INDICATES DATA IS MISSING.
T  INDICATES TRACE AMOUNT.




$$





U.S. Dept. of Commerce
NOAA National Weather Service
1325 East West Highway
Silver Spring, MD 20910
E-mail: w-nws.webmaster@noaa.gov
Page last modified: May 16, 2007
NATIONAL WEATHER SERVICE: for Safety, for Work, for Fun - FOR LIFE