084
CDUS46 KSTO 240839
CLISAC

CLIMATE REPORT
NATIONAL WEATHER SERVICE SACRAMENTO, CA
1237 AM PST MON NOV 24 2014


...................................

...THE SACRAMENTO EXEC. AIRPORT CA CLIMATE SUMMARY FOR NOVEMBER 23 2014...

CLIMATE NORMAL PERIOD 1981 TO 2010
CLIMATE RECORD PERIOD 1930 TO 2014


WEATHER ITEM   OBSERVED TIME   RECORD YEAR NORMAL DEPARTURE LAST
                VALUE   (LST)  VALUE       VALUE  FROM      YEAR
                                                  NORMAL
..................................................................
TEMPERATURE (F)
 YESTERDAY
  MAXIMUM         60    422 PM  72    2005  60      0       62
                                      1986
                                      1981
  MINIMUM         43   1159 PM  27    1947  41      2       36
  AVERAGE         52

PRECIPITATION (IN)
  YESTERDAY        0.00          0.84 1988   0.08  -0.08     0.00
  MONTH TO DATE    0.73                      1.49  -0.76     0.88
  SINCE JUL 1      1.73                      2.78  -1.05     1.47
  SINCE JAN 1      9.62                     14.68  -5.06     5.38

SNOWFALL (IN)
  YESTERDAY        0.0           0.0  2001   0.0             0.0
  MONTH TO DATE    0.0                       0.0             0.0
  SINCE SEP 1      0.0                       0.0             0.0
  SINCE JUL 1      0.0                       0.0             0.0

DEGREE DAYS
 HEATING
  YESTERDAY       13

 COOLING
  YESTERDAY        0
..................................................................


WIND (MPH)
  RESULTANT WIND SPEED   6   RESULTANT WIND DIRECTION  NW (330)
  HIGHEST WIND SPEED    14   HIGHEST WIND DIRECTION     N (350)
  HIGHEST GUST SPEED    18   HIGHEST GUST DIRECTION    NW (320)


SKY COVER
  POSSIBLE SUNSHINE  MM
  AVERAGE SKY COVER 0.2


WEATHER CONDITIONS
 THE FOLLOWING WEATHER WAS RECORDED YESTERDAY.
  FOG
  FOG W/VISIBILITY <= 1/4 MILE


RELATIVE HUMIDITY (PERCENT)
 HIGHEST   100
 LOWEST     51
 AVERAGE    76

..........................................................


THE SACRAMENTO EXEC. AIRPORT CA CLIMATE NORMALS FOR TODAY
                         NORMAL    RECORD    YEAR
 MAXIMUM TEMPERATURE (F)   60        71      1959
 MINIMUM TEMPERATURE (F)   41        29      1952


SUNRISE AND SUNSET
NOVEMBER 24 2014......SUNRISE   658 AM PST   SUNSET   448 PM PST
NOVEMBER 25 2014......SUNRISE   659 AM PST   SUNSET   447 PM PST


-  INDICATES NEGATIVE NUMBERS.
R  INDICATES RECORD WAS SET OR TIED.
MM INDICATES DATA IS MISSING.
T  INDICATES TRACE AMOUNT.

&&
....................................................................

SACRAMENTO CITY CLIMATE DATA FOR SUNDAY NOVEMBER 23 2014

HIGH...   59  RECORD HIGH    80 IN 1930    NORMAL    HIGH   60
LOW....   45  RECORD LOW     28 IN 1931    NORMAL    LOW    44

RAIN SINCE MIDNIGHT....  0.00   RECORD THIS DATE.......  1.6 IN 1896
TOTAL THIS MONTH.......  0.70   NORMAL SEASON TO DATE.........  3.19
TOTAL SINCE JULY 1ST...  1.63   PERCENT OF NORMAL.............   51%

$$






U.S. Dept. of Commerce
NOAA National Weather Service
1325 East West Highway
Silver Spring, MD 20910
E-mail: w-nws.webmaster@noaa.gov
Page last modified: May 16, 2007
NATIONAL WEATHER SERVICE: for Safety, for Work, for Fun - FOR LIFE