690
CDUS46 KSTO 301446
CLISAC

CLIMATE REPORT
NATIONAL WEATHER SERVICE SACRAMENTO, CA
743 AM PDT WED JUL 30 2014


...................................

...THE SACRAMENTO EXEC. AIRPORT CA CLIMATE SUMMARY FOR JULY 29 2014...

CLIMATE NORMAL PERIOD 1981 TO 2010
CLIMATE RECORD PERIOD 1930 TO 2014


WEATHER ITEM   OBSERVED TIME   RECORD YEAR NORMAL DEPARTURE LAST
                VALUE   (LST)  VALUE       VALUE  FROM      YEAR
                                                  NORMAL
..................................................................
TEMPERATURE (F)
 YESTERDAY
  MAXIMUM         98    319 PM 106    1988  93      5       81
  MINIMUM         62    624 AM  52    2010  59      3       55
                                      1978
  AVERAGE         80

PRECIPITATION (IN)
  YESTERDAY        0.00          0.00 2007   0.00   0.00     0.00
                                      2006
                                      2005
  MONTH TO DATE    0.01                      0.00   0.01      T
  SINCE JUL 1      0.01                      0.00   0.01      T
  SINCE JAN 1      7.90                     11.90  -4.00     3.91

SNOWFALL (IN)
  YESTERDAY        0.0          MM      MM   0.0             0.0
  MONTH TO DATE    0.0                       0.0             0.0
  SINCE JUN 1      0.0                       0.0             0.0
  SINCE JUL 1      0.0                       0.0             0.0

DEGREE DAYS
 HEATING
  YESTERDAY        0

 COOLING
  YESTERDAY       15
..................................................................


WIND (MPH)
  RESULTANT WIND SPEED   5   RESULTANT WIND DIRECTION   S (200)
  HIGHEST WIND SPEED    13   HIGHEST WIND DIRECTION    SW (230)
  HIGHEST GUST SPEED    18   HIGHEST GUST DIRECTION    SW (240)


SKY COVER
  POSSIBLE SUNSHINE  MM
  AVERAGE SKY COVER 0.0


WEATHER CONDITIONS
 THE FOLLOWING WEATHER WAS RECORDED YESTERDAY.
  NO SIGNIFICANT WEATHER WAS OBSERVED.


RELATIVE HUMIDITY (PERCENT)
 HIGHEST    72
 LOWEST     19
 AVERAGE    46

..........................................................


THE SACRAMENTO EXEC. AIRPORT CA CLIMATE NORMALS FOR TODAY
                         NORMAL    RECORD    YEAR
 MAXIMUM TEMPERATURE (F)   93       106      1977
 MINIMUM TEMPERATURE (F)   59        53      1987
                                             1978
                                             1969


SUNRISE AND SUNSET
JULY 30 2014..........SUNRISE   606 AM PDT   SUNSET   818 PM PDT
JULY 31 2014..........SUNRISE   607 AM PDT   SUNSET   817 PM PDT


-  INDICATES NEGATIVE NUMBERS.
R  INDICATES RECORD WAS SET OR TIED.
MM INDICATES DATA IS MISSING.
T  INDICATES TRACE AMOUNT.

&&
....................................................................

SACRAMENTO CITY CLIMATE DATA FOR TUESDAY JULY 29 2014

HIGH...  101  RECORD HIGH   106 IN 1996    NORMAL    HIGH   94
LOW....   66  RECORD LOW     50 IN 1919    NORMAL    LOW    61

RAIN SINCE MIDNIGHT....  0.00   RECORD THIS DATE.......    0 IN 2002
TOTAL THIS MONTH.......  0.02   NORMAL SEASON TO DATE.........     0
TOTAL SINCE JULY 1ST...  0.02   PERCENT OF NORMAL.............   N/A


$$

GC
NNNN







U.S. Dept. of Commerce
NOAA National Weather Service
1325 East West Highway
Silver Spring, MD 20910
E-mail: w-nws.webmaster@noaa.gov
Page last modified: May 16, 2007
NATIONAL WEATHER SERVICE: for Safety, for Work, for Fun - FOR LIFE