404
CDUS46 KSTO 280844
CLISAC

CLIMATE REPORT
NATIONAL WEATHER SERVICE SACRAMENTO, CA
1242 AM PST FRI NOV 28 2014


...................................

...THE SACRAMENTO EXEC. AIRPORT CA CLIMATE SUMMARY FOR NOVEMBER 27 2014...

CLIMATE NORMAL PERIOD 1981 TO 2010
CLIMATE RECORD PERIOD 1930 TO 2014


WEATHER ITEM   OBSERVED TIME   RECORD YEAR NORMAL DEPARTURE LAST
                VALUE   (LST)  VALUE       VALUE  FROM      YEAR
                                                  NORMAL
..................................................................
TEMPERATURE (F)
 YESTERDAY
  MAXIMUM         70R   248 PM  70    1995  59     11       63
                                      1958
  MINIMUM         43   1144 PM  30    1990  40      3       41
                                      1952
                                      1948
  AVERAGE         57

PRECIPITATION (IN)
  YESTERDAY        0.00          0.65 2004   0.08  -0.08     0.00
  MONTH TO DATE    0.73                      1.81  -1.08     0.88
  SINCE JUL 1      1.73                      3.10  -1.37     1.47
  SINCE JAN 1      9.62                     15.00  -5.38     5.38

SNOWFALL (IN)
  YESTERDAY        0.0           0.0  2002   0.0             0.0
                                      2001
  MONTH TO DATE    0.0                       0.0             0.0
  SINCE SEP 1      0.0                       0.0             0.0
  SINCE JUL 1      0.0                       0.0             0.0

DEGREE DAYS
 HEATING
  YESTERDAY        8

 COOLING
  YESTERDAY        0
..................................................................


WIND (MPH)
  RESULTANT WIND SPEED   0   RESULTANT WIND DIRECTION   W (250)
  HIGHEST WIND SPEED     5   HIGHEST WIND DIRECTION     W (260)
  HIGHEST GUST SPEED     8   HIGHEST GUST DIRECTION     W (250)


SKY COVER
  POSSIBLE SUNSHINE  MM
  AVERAGE SKY COVER 0.0


WEATHER CONDITIONS
 THE FOLLOWING WEATHER WAS RECORDED YESTERDAY.
  FOG
  FOG W/VISIBILITY <= 1/4 MILE
  HAZE


RELATIVE HUMIDITY (PERCENT)
 HIGHEST    93
 LOWEST     44
 AVERAGE    69

..........................................................


THE SACRAMENTO EXEC. AIRPORT CA CLIMATE NORMALS FOR TODAY
                         NORMAL    RECORD    YEAR
 MAXIMUM TEMPERATURE (F)   59        70      2013
 MINIMUM TEMPERATURE (F)   40        28      1952


SUNRISE AND SUNSET
NOVEMBER 28 2014......SUNRISE   702 AM PST   SUNSET   446 PM PST
NOVEMBER 29 2014......SUNRISE   703 AM PST   SUNSET   446 PM PST


-  INDICATES NEGATIVE NUMBERS.
R  INDICATES RECORD WAS SET OR TIED.
MM INDICATES DATA IS MISSING.
T  INDICATES TRACE AMOUNT.






&&
....................................................................

SACRAMENTO CITY CLIMATE DATA FOR THURSDAY NOVEMBER 27 2014

HIGH...   70  RECORD HIGH    72 IN 1959    NORMAL    HIGH   59
LOW....   46  RECORD LOW     28 IN 1887    NORMAL    LOW    43

RAIN SINCE MIDNIGHT....  0.00   RECORD THIS DATE....... 1.19 IN 1984
TOTAL THIS MONTH.......  0.70   NORMAL SEASON TO DATE.........  3.57
TOTAL SINCE JULY 1ST...  1.63   PERCENT OF NORMAL.............   45%


$$
NNNN







U.S. Dept. of Commerce
NOAA National Weather Service
1325 East West Highway
Silver Spring, MD 20910
E-mail: w-nws.webmaster@noaa.gov
Page last modified: May 16, 2007
NATIONAL WEATHER SERVICE: for Safety, for Work, for Fun - FOR LIFE