693
CDUS46 KSTO 220113
CLISAC

CLIMATE REPORT
NATIONAL WEATHER SERVICE SACRAMENTO, CA
537 PM PDT TUE OCT 21 2014


...................................

...THE SACRAMENTO EXEC. AIRPORT CA CLIMATE SUMMARY FOR OCTOBER 21 2014...
VALID TODAY AS OF 0500 PM LOCAL TIME.

CLIMATE NORMAL PERIOD 1981 TO 2010
CLIMATE RECORD PERIOD 1930 TO 2014


WEATHER ITEM   OBSERVED TIME   RECORD YEAR NORMAL DEPARTURE LAST
                VALUE   (LST)  VALUE       VALUE  FROM      YEAR
                                                  NORMAL
..................................................................
TEMPERATURE (F)
 TODAY
  MAXIMUM         74    317 PM  92    1991  76     -2       82
  MINIMUM         47    626 AM  38    1949  49     -2       47
  AVERAGE         61

PRECIPITATION (IN)
  TODAY            0.00          0.29 1970   0.04  -0.04     0.00
  MONTH TO DATE    0.17                      0.52  -0.35     0.00
  SINCE JUL 1      0.64                      0.86  -0.22     0.59
  SINCE JAN 1      8.53                     12.76  -4.23     4.50

SNOWFALL (IN)
  TODAY            0.0           0.0  2002   0.0             0.0
                                      2001
  MONTH TO DATE    0.0                       0.0             0.0
  SINCE SEP 1      0.0                       0.0             0.0
  SINCE JUL 1      0.0                       0.0             0.0

DEGREE DAYS
 HEATING
  TODAY            4

 COOLING
  TODAY            0
..................................................................


WIND (MPH)
  RESULTANT WIND SPEED   4   RESULTANT WIND DIRECTION  NW (320)
  HIGHEST WIND SPEED    15   HIGHEST WIND DIRECTION     N (340)
  HIGHEST GUST SPEED    18   HIGHEST GUST DIRECTION    NW (320)


SKY COVER
  POSSIBLE SUNSHINE  MM
  AVERAGE SKY COVER 0.0


WEATHER CONDITIONS
 THE FOLLOWING WEATHER WAS RECORDED TODAY.
  FOG


RELATIVE HUMIDITY (PERCENT)
 HIGHEST    93
 LOWEST     31
 AVERAGE    62

..........................................................


THE SACRAMENTO EXEC. AIRPORT CA CLIMATE NORMALS FOR TOMORROW
                         NORMAL    RECORD    YEAR
 MAXIMUM TEMPERATURE (F)   75        88      1964
                                             1959
 MINIMUM TEMPERATURE (F)   49        39      1961
                                             1949


SUNRISE AND SUNSET
OCTOBER 21 2014.......SUNRISE   721 AM PDT   SUNSET   619 PM PDT
OCTOBER 22 2014.......SUNRISE   722 AM PDT   SUNSET   618 PM PDT


-  INDICATES NEGATIVE NUMBERS.
R  INDICATES RECORD WAS SET OR TIED.
MM INDICATES DATA IS MISSING.
T  INDICATES TRACE AMOUNT.

&&
....................................................................

SACRAMENTO CITY CLIMATE DATA FOR TUESDAY OCTOBER 21 2014

HIGH...   72  RECORD HIGH    93 IN 2003    NORMAL    HIGH   76
LOW....   50  RECORD LOW     38 IN 1886    NORMAL    LOW    52

RAIN SINCE MIDNIGHT....  0.00   RECORD THIS DATE....... 1.94 IN 1899
TOTAL THIS MONTH.......  0.09   NORMAL SEASON TO DATE.........  0.98
TOTAL SINCE JULY 1ST...  0.65   PERCENT OF NORMAL.............   66%


$$
NNNN










U.S. Dept. of Commerce
NOAA National Weather Service
1325 East West Highway
Silver Spring, MD 20910
E-mail: w-nws.webmaster@noaa.gov
Page last modified: May 16, 2007
NATIONAL WEATHER SERVICE: for Safety, for Work, for Fun - FOR LIFE