741
CDUS45 KPIH 290737
CLIRXE


CLIMATE REPORT
NATIONAL WEATHER SERVICE POCATELLO ID
136 AM MDT FRI AUG 29 2014


...................................

...THE REXBURG ID CLIMATE SUMMARY FOR AUGUST 28 2014...

CLIMATE NORMAL PERIOD 1981 TO 2010
CLIMATE RECORD PERIOD 1998 TO 2014


WEATHER ITEM   OBSERVED TIME   RECORD YEAR NORMAL DEPARTURE LAST
                VALUE   (LST)  VALUE       VALUE  FROM      YEAR
                                                  NORMAL
..................................................................
TEMPERATURE (F)
 YESTERDAY
  MAXIMUM         80    508 PM  93    2012  80      0       84
  MINIMUM         47    600 AM  39    2004  46      1       57
  AVERAGE         64                        63      1       71

PRECIPITATION (IN)
  YESTERDAY        0.00         MM      MM   0.04  -0.04     0.00
  MONTH TO DATE    3.80                      0.84   2.96     0.15
  SINCE OCT 1     12.75                     12.01   0.74     8.66
  SINCE JAN 1     10.89                      8.80   2.09     5.27

SNOWFALL (IN)
  YESTERDAY       MM
  MONTH TO DATE   MM
  SINCE JUN 1     MM
  SINCE JUL 1     MM
  SNOW DEPTH      MM

DEGREE DAYS
 HEATING
  YESTERDAY        1                         3     -2        0
  MONTH TO DATE   55                        31     24        0
  SINCE JUN 1    218                       233    -15      117
  SINCE JUL 1     63                        61      2        0

 COOLING
  YESTERDAY        0                         1     -1        6
  MONTH TO DATE   55                        82    -27      145
  SINCE JUN 1    221                       192     29      397
  SINCE JAN 1    221                       196     25      399
..................................................................


WIND (MPH)
  HIGHEST WIND SPEED    16   HIGHEST WIND DIRECTION    SW (210)
  HIGHEST GUST SPEED    22   HIGHEST GUST DIRECTION    SW (210)
  AVERAGE WIND SPEED     7.3


SKY COVER
  POSSIBLE SUNSHINE  MM
  AVERAGE SKY COVER 0.0


WEATHER CONDITIONS
 THE FOLLOWING WEATHER WAS RECORDED YESTERDAY.
  HAZE


RELATIVE HUMIDITY (PERCENT)
 HIGHEST    93           500 AM
 LOWEST     28           400 PM
 AVERAGE    61

..........................................................


THE REXBURG ID CLIMATE NORMALS FOR TODAY
                         NORMAL    RECORD    YEAR
 MAXIMUM TEMPERATURE (F)   80        91      2005
 MINIMUM TEMPERATURE (F)   46        41      2004


SUNRISE AND SUNSET
AUGUST 29 2014........SUNRISE   647 AM MDT   SUNSET   808 PM MDT
AUGUST 30 2014........SUNRISE   648 AM MDT   SUNSET   806 PM MDT


-  INDICATES NEGATIVE NUMBERS.
R  INDICATES RECORD WAS SET OR TIED.
MM INDICATES DATA IS MISSING.
T  INDICATES TRACE AMOUNT.




$$






U.S. Dept. of Commerce
NOAA National Weather Service
1325 East West Highway
Silver Spring, MD 20910
E-mail: w-nws.webmaster@noaa.gov
Page last modified: May 16, 2007
NATIONAL WEATHER SERVICE: for Safety, for Work, for Fun - FOR LIFE