794
CDUS45 KPIH 010731
CLIRXE


CLIMATE REPORT
NATIONAL WEATHER SERVICE POCATELLO ID
131 AM MDT FRI AUG 1 2014


...................................

...THE REXBURG ID CLIMATE SUMMARY FOR JULY 31 2014...

CLIMATE NORMAL PERIOD 1981 TO 2010
CLIMATE RECORD PERIOD 1998 TO 2014


WEATHER ITEM   OBSERVED TIME   RECORD YEAR NORMAL DEPARTURE LAST
                VALUE   (LST)  VALUE       VALUE  FROM      YEAR
                                                  NORMAL
..................................................................
TEMPERATURE (F)
 YESTERDAY
  MAXIMUM         87    502 PM  98    2003  87      0       90
  MINIMUM         51    621 AM  45    2008  52     -1       51
  AVERAGE         69                        69      0       71

PRECIPITATION (IN)
  YESTERDAY        T            MM      MM   0.02  -0.02     0.11
  MONTH TO DATE    1.30                      0.72   0.58     0.64
  SINCE OCT 1      8.95                     11.17  -2.22     8.51
  SINCE JAN 1      7.09                      7.96  -0.87     5.12

SNOWFALL (IN)
  YESTERDAY       MM
  MONTH TO DATE   MM
  SINCE JUN 1     MM
  SINCE JUL 1     MM
  SNOW DEPTH      MM

DEGREE DAYS
 HEATING
  YESTERDAY        0                         0      0        0
  MONTH TO DATE    8                        27    -19        0
  SINCE JUN 1    163                       202    -39      117
  SINCE JUL 1      8                        30    -22        0

 COOLING
  YESTERDAY        4                         4      0        6
  MONTH TO DATE  163                        92     71      193
  SINCE JUN 1    166                       110     56      252
  SINCE JAN 1    166                       114     52      254
..................................................................


WIND (MPH)
  HIGHEST WIND SPEED    20   HIGHEST WIND DIRECTION    NE (30)
  HIGHEST GUST SPEED    28   HIGHEST GUST DIRECTION    NE (30)
  AVERAGE WIND SPEED     4.2


SKY COVER
  POSSIBLE SUNSHINE  MM
  AVERAGE SKY COVER 0.0


WEATHER CONDITIONS
 THE FOLLOWING WEATHER WAS RECORDED YESTERDAY.
  LIGHT RAIN


RELATIVE HUMIDITY (PERCENT)
 HIGHEST    83           400 AM
 LOWEST     15           600 PM
 AVERAGE    49

..........................................................


THE REXBURG ID CLIMATE NORMALS FOR TODAY
                         NORMAL    RECORD    YEAR
 MAXIMUM TEMPERATURE (F)   87        94      2004
                                             2000
 MINIMUM TEMPERATURE (F)   52        40      2001


SUNRISE AND SUNSET
AUGUST  1 2014........SUNRISE   616 AM MDT   SUNSET   850 PM MDT
AUGUST  2 2014........SUNRISE   617 AM MDT   SUNSET   849 PM MDT


-  INDICATES NEGATIVE NUMBERS.
R  INDICATES RECORD WAS SET OR TIED.
MM INDICATES DATA IS MISSING.
T  INDICATES TRACE AMOUNT.




$$





U.S. Dept. of Commerce
NOAA National Weather Service
1325 East West Highway
Silver Spring, MD 20910
E-mail: w-nws.webmaster@noaa.gov
Page last modified: May 16, 2007
NATIONAL WEATHER SERVICE: for Safety, for Work, for Fun - FOR LIFE