106
CDUS45 KCYS 170729
CLIRWL


CLIMATE REPORT
NATIONAL WEATHER SERVICE CHEYENNE WY
128 AM MDT WED SEP 17 2014


...................................

...THE RAWLINS WY AIRPORT CLIMATE SUMMARY FOR SEPTEMBER 16 2014...

CLIMATE NORMAL PERIOD 1981 TO 2010
CLIMATE RECORD PERIOD 1951 TO 2014


WEATHER ITEM   OBSERVED TIME   RECORD YEAR NORMAL DEPARTURE LAST
                VALUE   (LST)  VALUE       VALUE  FROM      YEAR
                                                  NORMAL
..................................................................
TEMPERATURE (F)
 YESTERDAY
  MAXIMUM         82    228 PM  91    2000  71     11       74
  MINIMUM         44    612 AM  19    1965  40      4       43
  AVERAGE         63                        55      8       59

PRECIPITATION (IN)
  YESTERDAY        0.00          2.06 1965   0.03  -0.03     0.00
  MONTH TO DATE    0.57                      0.49   0.08     2.03
  SINCE JAN 1      5.09                      7.04  -1.95     5.80

DEGREE DAYS
 HEATING
  YESTERDAY        2                        10     -8        6
  MONTH TO DATE  132                       111     21       46
  SINCE SEP 1    132                       111     21       46
  SINCE JUL 1    232                       204     28       54

 COOLING
  YESTERDAY        0                         0      0        0
  MONTH TO DATE    2                         2      0       49
  SINCE SEP 1      2                         2      0       49
  SINCE JAN 1    211                       183     28      371
..................................................................


WIND (MPH)
  HIGHEST WIND SPEED    22   HIGHEST WIND DIRECTION     W (260)
  HIGHEST GUST SPEED    34   HIGHEST GUST DIRECTION     W (270)
  AVERAGE WIND SPEED     8.2


SKY COVER
  AVERAGE SKY COVER 0.2


WEATHER CONDITIONS
 THE FOLLOWING WEATHER WAS RECORDED YESTERDAY.
  NO SIGNIFICANT WEATHER WAS OBSERVED.


RELATIVE HUMIDITY (PERCENT)
 HIGHEST    62           600 AM
 LOWEST     15           100 PM
 AVERAGE    39

..........................................................


THE RAWLINS WY AIRPORT CLIMATE NORMALS FOR TODAY
                         NORMAL    RECORD    YEAR
 MAXIMUM TEMPERATURE (F)   70        86      2000
                                             1998
 MINIMUM TEMPERATURE (F)   40        17      1965


SUNRISE AND SUNSET
SEPTEMBER 17 2014.....SUNRISE   651 AM MDT   SUNSET   715 PM MDT
SEPTEMBER 18 2014.....SUNRISE   652 AM MDT   SUNSET   713 PM MDT


-  INDICATES NEGATIVE NUMBERS.
R  INDICATES RECORD WAS SET OR TIED.
MM INDICATES DATA IS MISSING.
T  INDICATES TRACE AMOUNT.




$$





U.S. Dept. of Commerce
NOAA National Weather Service
1325 East West Highway
Silver Spring, MD 20910
E-mail: w-nws.webmaster@noaa.gov
Page last modified: May 16, 2007
NATIONAL WEATHER SERVICE: for Safety, for Work, for Fun - FOR LIFE