808
CDUS45 KCYS 230727
CLIRWL


CLIMATE REPORT
NATIONAL WEATHER SERVICE CHEYENNE WY
126 AM MDT THU OCT 23 2014


...................................

...THE RAWLINS WY AIRPORT CLIMATE SUMMARY FOR OCTOBER 22 2014...

CLIMATE NORMAL PERIOD 1981 TO 2010
CLIMATE RECORD PERIOD 1951 TO 2014


WEATHER ITEM   OBSERVED TIME   RECORD YEAR NORMAL DEPARTURE LAST
                VALUE   (LST)  VALUE       VALUE  FROM      YEAR
                                                  NORMAL
..................................................................
TEMPERATURE (F)
 YESTERDAY
  MAXIMUM         54    334 PM  76    2003  54      0       59
  MINIMUM         34    633 AM   8    1984  29      5       36
  AVERAGE         44                        41      3       48

PRECIPITATION (IN)
  YESTERDAY        0.02          0.48 2010   0.03  -0.01     0.00
  MONTH TO DATE    0.17                      0.57  -0.40     1.34
  SINCE JAN 1      5.95                      8.09  -2.14     7.58

DEGREE DAYS
 HEATING
  YESTERDAY       21                        24     -3       17
  MONTH TO DATE  346                       439    -93      545
  SINCE SEP 1    567                       732   -165      752
  SINCE JUL 1    667                       825   -158      760

 COOLING
  YESTERDAY        0                         0      0        0
  MONTH TO DATE    0                         0      0        0
  SINCE SEP 1      2                         5     -3       49
  SINCE JAN 1    211                       186     25      371
..................................................................


WIND (MPH)
  HIGHEST WIND SPEED    24   HIGHEST WIND DIRECTION    SW (240)
  HIGHEST GUST SPEED    29   HIGHEST GUST DIRECTION    SW (240)
  AVERAGE WIND SPEED    14.0


SKY COVER
  AVERAGE SKY COVER 0.1


WEATHER CONDITIONS
 THE FOLLOWING WEATHER WAS RECORDED YESTERDAY.
  RAIN


RELATIVE HUMIDITY (PERCENT)
 HIGHEST    82           500 AM
 LOWEST     20           300 PM
 AVERAGE    51

..........................................................


THE RAWLINS WY AIRPORT CLIMATE NORMALS FOR TODAY
                         NORMAL    RECORD    YEAR
 MAXIMUM TEMPERATURE (F)   53        73      2003
 MINIMUM TEMPERATURE (F)   28         8      1984


SUNRISE AND SUNSET
OCTOBER 23 2014.......SUNRISE   730 AM MDT   SUNSET   615 PM MDT
OCTOBER 24 2014.......SUNRISE   732 AM MDT   SUNSET   614 PM MDT


-  INDICATES NEGATIVE NUMBERS.
R  INDICATES RECORD WAS SET OR TIED.
MM INDICATES DATA IS MISSING.
T  INDICATES TRACE AMOUNT.




$$





U.S. Dept. of Commerce
NOAA National Weather Service
1325 East West Highway
Silver Spring, MD 20910
E-mail: w-nws.webmaster@noaa.gov
Page last modified: May 16, 2007
NATIONAL WEATHER SERVICE: for Safety, for Work, for Fun - FOR LIFE