800
CDUS45 KCYS 280736
CLIRWL


CLIMATE REPORT
NATIONAL WEATHER SERVICE CHEYENNE WY
136 AM MDT MON JUL 28 2014


...................................

...THE RAWLINS WY AIRPORT CLIMATE SUMMARY FOR JULY 27 2014...

CLIMATE NORMAL PERIOD 1981 TO 2010
CLIMATE RECORD PERIOD 1951 TO 2014


WEATHER ITEM   OBSERVED TIME   RECORD YEAR NORMAL DEPARTURE LAST
                VALUE   (LST)  VALUE       VALUE  FROM      YEAR
                                                  NORMAL
..................................................................
TEMPERATURE (F)
 YESTERDAY
  MAXIMUM         87    411 PM  93    2008  84      3       83
                                      2000
  MINIMUM         55    515 AM  40    2005  52      3       50
  AVERAGE         71                        68      3       67

PRECIPITATION (IN)
  YESTERDAY        0.00          0.42 2009   0.03  -0.03     0.01
  MONTH TO DATE    0.12                      0.72  -0.60     1.09
  SINCE JAN 1      2.93                      5.67  -2.74     3.19

DEGREE DAYS
 HEATING
  YESTERDAY        0                         1     -1        0
  MONTH TO DATE   15                        34    -19        0
  SINCE JUN 1    187                       224    -37      101
  SINCE JUL 1     15                        34    -19        0

 COOLING
  YESTERDAY        6                         4      2        2
  MONTH TO DATE  158                        86     72      143
  SINCE JUN 1    169                       105     64      190
  SINCE JAN 1    171                       105     66      191
..................................................................


WIND (MPH)
  HIGHEST WIND SPEED    23   HIGHEST WIND DIRECTION     E (70)
  HIGHEST GUST SPEED    27   HIGHEST GUST DIRECTION     E (70)
  AVERAGE WIND SPEED    10.2


SKY COVER
  AVERAGE SKY COVER 0.0


WEATHER CONDITIONS
 THE FOLLOWING WEATHER WAS RECORDED YESTERDAY.
  NO SIGNIFICANT WEATHER WAS OBSERVED.


RELATIVE HUMIDITY (PERCENT)
 HIGHEST    67          1100 PM
 LOWEST     11           500 PM
 AVERAGE    39

..........................................................


THE RAWLINS WY AIRPORT CLIMATE NORMALS FOR TODAY
                         NORMAL    RECORD    YEAR
 MAXIMUM TEMPERATURE (F)   84        95      2006
 MINIMUM TEMPERATURE (F)   52        40      1993


SUNRISE AND SUNSET
JULY 28 2014..........SUNRISE   559 AM MDT   SUNSET   831 PM MDT
JULY 29 2014..........SUNRISE   600 AM MDT   SUNSET   830 PM MDT


-  INDICATES NEGATIVE NUMBERS.
R  INDICATES RECORD WAS SET OR TIED.
MM INDICATES DATA IS MISSING.
T  INDICATES TRACE AMOUNT.




$$





U.S. Dept. of Commerce
NOAA National Weather Service
1325 East West Highway
Silver Spring, MD 20910
E-mail: w-nws.webmaster@noaa.gov
Page last modified: May 16, 2007
NATIONAL WEATHER SERVICE: for Safety, for Work, for Fun - FOR LIFE