904
CDUS45 KCYS 010733
CLIRWL


CLIMATE REPORT
NATIONAL WEATHER SERVICE CHEYENNE WY
132 AM MDT WED OCT 1 2014


...................................

...THE RAWLINS WY AIRPORT CLIMATE SUMMARY FOR SEPTEMBER 30 2014...

CLIMATE NORMAL PERIOD 1981 TO 2010
CLIMATE RECORD PERIOD 1951 TO 2014


WEATHER ITEM   OBSERVED TIME   RECORD YEAR NORMAL DEPARTURE LAST
                VALUE   (LST)  VALUE       VALUE  FROM      YEAR
                                                  NORMAL
..................................................................
TEMPERATURE (F)
 YESTERDAY
  MAXIMUM         53    323 PM  80    2010  64    -11       72
  MINIMUM         40    622 AM   8    1985  35      5       47
  AVERAGE         47                        49     -2       60

PRECIPITATION (IN)
  YESTERDAY        0.06          0.64 2007   0.03   0.03     0.00
  MONTH TO DATE    1.26                      0.97   0.29     2.47
  SINCE JAN 1      5.78                      7.52  -1.74     6.24

DEGREE DAYS
 HEATING
  YESTERDAY       18                        16      2        5
  MONTH TO DATE  221                       292    -71      207
  SINCE SEP 1    221                       293    -72      207
  SINCE JUL 1    321                       386    -65      215

 COOLING
  YESTERDAY        0                         0      0        0
  MONTH TO DATE    2                         5     -3       49
  SINCE SEP 1      2                         5     -3       49
  SINCE JAN 1    211                       186     25      371
..................................................................


WIND (MPH)
  HIGHEST WIND SPEED    32   HIGHEST WIND DIRECTION    SW (230)
  HIGHEST GUST SPEED    45   HIGHEST GUST DIRECTION    SW (240)
  AVERAGE WIND SPEED    20.8


SKY COVER
  AVERAGE SKY COVER 0.4


WEATHER CONDITIONS
 THE FOLLOWING WEATHER WAS RECORDED YESTERDAY.
  LIGHT RAIN
  FOG


RELATIVE HUMIDITY (PERCENT)
 HIGHEST    86           600 PM
 LOWEST     59           200 PM
 AVERAGE    73

..........................................................


THE RAWLINS WY AIRPORT CLIMATE NORMALS FOR TODAY
                         NORMAL    RECORD    YEAR
 MAXIMUM TEMPERATURE (F)   63        81      1997
                                             1992
                                             1957
 MINIMUM TEMPERATURE (F)   35        18      1985


SUNRISE AND SUNSET
OCTOBER  1 2014.......SUNRISE   706 AM MDT   SUNSET   650 PM MDT
OCTOBER  2 2014.......SUNRISE   707 AM MDT   SUNSET   649 PM MDT


-  INDICATES NEGATIVE NUMBERS.
R  INDICATES RECORD WAS SET OR TIED.
MM INDICATES DATA IS MISSING.
T  INDICATES TRACE AMOUNT.




$$






U.S. Dept. of Commerce
NOAA National Weather Service
1325 East West Highway
Silver Spring, MD 20910
E-mail: w-nws.webmaster@noaa.gov
Page last modified: May 16, 2007
NATIONAL WEATHER SERVICE: for Safety, for Work, for Fun - FOR LIFE