049
CDUS43 KARX 310658
CLIRST


CLIMATE REPORT
NATIONAL WEATHER SERVICE LA CROSSE WI
157 AM CDT FRI OCT 31 2014


...................................

...THE ROCHESTER MN CLIMATE SUMMARY FOR OCTOBER 30 2014...

CLIMATE NORMAL PERIOD 1981 TO 2010
CLIMATE RECORD PERIOD 1886 TO 2014


WEATHER ITEM   OBSERVED TIME   RECORD YEAR NORMAL DEPARTURE LAST
                VALUE   (LST)  VALUE       VALUE  FROM      YEAR
                                                  NORMAL
..................................................................
TEMPERATURE (F)
 YESTERDAY
  MAXIMUM         48    137 PM  79    1950  52     -4       56
  MINIMUM         31   1159 PM  11    1988  34     -3       46
  AVERAGE         40                        43     -3       51

PRECIPITATION (IN)
  YESTERDAY        0.00          0.91 1935   0.06  -0.06     0.02
  MONTH TO DATE    2.37                      2.18   0.19     2.98
  SINCE SEP 1      5.91                      5.63   0.28     4.20
  SINCE JAN 1     31.33                     29.82   1.51    38.90

SNOWFALL (IN)
  YESTERDAY        0.0           4.0  1930   0.0    0.0      0.0
  MONTH TO DATE    T                         0.7   -0.7       T
  SINCE JUL 1      T                         0.7   -0.7       T
  SNOW DEPTH       0

DEGREE DAYS
 HEATING
  YESTERDAY       25                        22      3       14
  MONTH TO DATE  507                       497     10      510
  SINCE JUL 1    712                       712      0      664

 COOLING
  YESTERDAY        0                         0      0        0
  MONTH TO DATE    0                         4     -4        0
  SINCE JAN 1    491                       583    -92      656
..................................................................


WIND (MPH)
  HIGHEST WIND SPEED    30   HIGHEST WIND DIRECTION     N (340)
  HIGHEST GUST SPEED    43   HIGHEST GUST DIRECTION     N (340)
  AVERAGE WIND SPEED     9.6


SKY COVER
  POSSIBLE SUNSHINE  MM
  AVERAGE SKY COVER 0.9


WEATHER CONDITIONS
 THE FOLLOWING WEATHER WAS RECORDED YESTERDAY.
  NO SIGNIFICANT WEATHER WAS OBSERVED.


RELATIVE HUMIDITY (PERCENT)
 HIGHEST    92           500 AM
 LOWEST     51          1100 PM
 AVERAGE    72

..........................................................


THE ROCHESTER MN CLIMATE NORMALS FOR TODAY
                         NORMAL    RECORD    YEAR
 MAXIMUM TEMPERATURE (F)   51        78      1950
 MINIMUM TEMPERATURE (F)   34        15      1993


SUNRISE AND SUNSET
OCTOBER 31 2014.......SUNRISE   745 AM CDT   SUNSET   602 PM CDT
NOVEMBER  1 2014......SUNRISE   746 AM CDT   SUNSET   600 PM CDT


-  INDICATES NEGATIVE NUMBERS.
R  INDICATES RECORD WAS SET OR TIED.
MM INDICATES DATA IS MISSING.
T  INDICATES TRACE AMOUNT.




$$





U.S. Dept. of Commerce
NOAA National Weather Service
1325 East West Highway
Silver Spring, MD 20910
E-mail: w-nws.webmaster@noaa.gov
Page last modified: May 16, 2007
NATIONAL WEATHER SERVICE: for Safety, for Work, for Fun - FOR LIFE