074
CDUS45 KABQ 310829
CLIROW


CLIMATE REPORT
NATIONAL WEATHER SERVICE ALBUQUERQUE NM
227 AM MDT FRI OCT 31 2014


...................................

...THE ROSWELL NM CLIMATE SUMMARY FOR OCTOBER 30 2014...

CLIMATE NORMAL PERIOD 1981 TO 2010
CLIMATE RECORD PERIOD 1893 TO 2014


WEATHER ITEM   OBSERVED TIME   RECORD YEAR NORMAL DEPARTURE
                VALUE   (LST)  VALUE       VALUE  FROM
                                                  NORMAL
...............................................................
TEMPERATURE (F)
 YESTERDAY
  MAXIMUM         80    311 PM  89    2010  71      9
  MINIMUM         43    624 AM  16    1993  41      2
  AVERAGE         62                        56      6

PRECIPITATION (IN)
  YESTERDAY        0.00          1.79 1998   0.04  -0.04
  MONTH TO DATE    0.50                      1.20  -0.70
  SINCE SEP 1      5.24                      2.73   2.51
  SINCE JAN 1     17.48                     11.66   5.82

SNOWFALL (IN)
  YESTERDAY        0.0
  MONTH TO DATE    0.0
  SINCE SEP 1      0.0
  SINCE JUL 1      0.0

DEGREE DAYS
 HEATING
  YESTERDAY        3                         9     -6
  MONTH TO DATE   66                       149    -83
  SINCE SEP 1     84                       165    -81
  SINCE JUL 1     84                       165    -81

 COOLING
  YESTERDAY        0                         0      0
  MONTH TO DATE   38                        35      3
  SINCE SEP 1    243                       262    -19
  SINCE JAN 1   1928                      1786    142
...............................................................


WIND (MPH)
  HIGHEST WIND SPEED    22   HIGHEST WIND DIRECTION     N (10)
  HIGHEST GUST SPEED    27   HIGHEST GUST DIRECTION     N (360)
  AVERAGE WIND SPEED     7.9


SKY COVER
  AVERAGE SKY COVER 0.0


WEATHER CONDITIONS
 THE FOLLOWING WEATHER WAS RECORDED YESTERDAY.
  HAZE


RELATIVE HUMIDITY (PERCENT)
 HIGHEST    93           100 AM
 LOWEST     16           300 PM
 AVERAGE    55

..........................................................


THE ROSWELL NM CLIMATE NORMALS FOR TODAY
                         NORMAL    RECORD    YEAR
 MAXIMUM TEMPERATURE (F)   71        89      2001
                                             1945
 MINIMUM TEMPERATURE (F)   41        14      1991


SUNRISE AND SUNSET
OCTOBER 31 2014.......SUNRISE   716 AM MDT   SUNSET   607 PM MDT
NOVEMBER  1 2014......SUNRISE   717 AM MDT   SUNSET   606 PM MDT


-  INDICATES NEGATIVE NUMBERS.
R  INDICATES RECORD WAS SET OR TIED.
MM INDICATES DATA IS MISSING.
T  INDICATES TRACE AMOUNT.

$$






U.S. Dept. of Commerce
NOAA National Weather Service
1325 East West Highway
Silver Spring, MD 20910
E-mail: w-nws.webmaster@noaa.gov
Page last modified: May 16, 2007
NATIONAL WEATHER SERVICE: for Safety, for Work, for Fun - FOR LIFE