210
CDUS45 KABQ 240839
CLIROW


CLIMATE REPORT
NATIONAL WEATHER SERVICE ALBUQUERQUE NM
234 AM MDT FRI OCT 24 2014


...................................

...THE ROSWELL NM CLIMATE SUMMARY FOR OCTOBER 23 2014...

CLIMATE NORMAL PERIOD 1981 TO 2010
CLIMATE RECORD PERIOD 1893 TO 2014


WEATHER ITEM   OBSERVED TIME   RECORD YEAR NORMAL DEPARTURE
                VALUE   (LST)  VALUE       VALUE  FROM
                                                  NORMAL
...............................................................
TEMPERATURE (F)
 YESTERDAY
  MAXIMUM         79    317 PM  91    2012  73      6
  MINIMUM         55   1141 PM  21    1906  44     11
  AVERAGE         67                        59      8

PRECIPITATION (IN)
  YESTERDAY        0.00          1.17 1974   0.04  -0.04
  MONTH TO DATE    0.50                      0.96  -0.46
  SINCE SEP 1      5.24                      2.49   2.75
  SINCE JAN 1     17.48                     11.42   6.06

SNOWFALL (IN)
  YESTERDAY        0.0
  MONTH TO DATE    0.0
  SINCE SEP 1      0.0
  SINCE JUL 1      0.0

DEGREE DAYS
 HEATING
  YESTERDAY        0                         7     -7
  MONTH TO DATE   46                        92    -46
  SINCE SEP 1     64                       108    -44
  SINCE JUL 1     64                       108    -44

 COOLING
  YESTERDAY        2                         0      2
  MONTH TO DATE   30                        35     -5
  SINCE SEP 1    235                       262    -27
  SINCE JAN 1   1920                      1786    134
...............................................................


WIND (MPH)
  HIGHEST WIND SPEED    13   HIGHEST WIND DIRECTION     S (160)
  HIGHEST GUST SPEED    16   HIGHEST GUST DIRECTION     S (170)
  AVERAGE WIND SPEED     4.6


SKY COVER
  AVERAGE SKY COVER 0.4


WEATHER CONDITIONS
 THE FOLLOWING WEATHER WAS RECORDED YESTERDAY.
  FOG
  FOG W/VISIBILITY <= 1/4 MILE
  HAZE


RELATIVE HUMIDITY (PERCENT)
 HIGHEST   100           300 AM
 LOWEST     42           300 PM
 AVERAGE    71

..........................................................


THE ROSWELL NM CLIMATE NORMALS FOR TODAY
                         NORMAL    RECORD    YEAR
 MAXIMUM TEMPERATURE (F)   73        91      2012
 MINIMUM TEMPERATURE (F)   43        23      1906


SUNRISE AND SUNSET
OCTOBER 24 2014.......SUNRISE   710 AM MDT   SUNSET   614 PM MDT
OCTOBER 25 2014.......SUNRISE   711 AM MDT   SUNSET   613 PM MDT


-  INDICATES NEGATIVE NUMBERS.
R  INDICATES RECORD WAS SET OR TIED.
MM INDICATES DATA IS MISSING.
T  INDICATES TRACE AMOUNT.

$$






U.S. Dept. of Commerce
NOAA National Weather Service
1325 East West Highway
Silver Spring, MD 20910
E-mail: w-nws.webmaster@noaa.gov
Page last modified: May 16, 2007
NATIONAL WEATHER SERVICE: for Safety, for Work, for Fun - FOR LIFE