481
CDUS45 KABQ 250838
CLIROW


CLIMATE REPORT
NATIONAL WEATHER SERVICE ALBUQUERQUE NM
138 AM MST SUN JAN 25 2015


...................................

...THE ROSWELL NM CLIMATE SUMMARY FOR JANUARY 24 2015...

CLIMATE NORMAL PERIOD 1981 TO 2010
CLIMATE RECORD PERIOD 1893 TO 2015


WEATHER ITEM   OBSERVED TIME   RECORD YEAR NORMAL DEPARTURE
                VALUE   (LST)  VALUE       VALUE  FROM
                                                  NORMAL
...............................................................
TEMPERATURE (F)
 YESTERDAY
  MAXIMUM         52    414 PM  80    1999  56     -4
  MINIMUM         16    549 AM   4    1926  27    -11
                                      1899
  AVERAGE         34                        42     -8

PRECIPITATION (IN)
  YESTERDAY        0.00          0.46 1961   0.01  -0.01
  MONTH TO DATE    0.78                      0.29   0.49
  SINCE DEC 1      0.89                      0.93  -0.04
  SINCE JAN 1      0.78                      0.29   0.49

SNOWFALL (IN)
  YESTERDAY        0.0
  MONTH TO DATE    8.6
  SINCE DEC 1     10.1
  SINCE JUL 1     11.9

DEGREE DAYS
 HEATING
  YESTERDAY       31                        23      8
  MONTH TO DATE  715                       597    118
  SINCE DEC 1   1401                      1361     40
  SINCE JUL 1   2058                      2007     51

 COOLING
  YESTERDAY        0                         0      0
  MONTH TO DATE    0                         0      0
  SINCE DEC 1      0                         0      0
  SINCE JAN 1      0                         0      0
...............................................................


WIND (MPH)
  HIGHEST WIND SPEED    12   HIGHEST WIND DIRECTION     S (180)
  HIGHEST GUST SPEED    14   HIGHEST GUST DIRECTION     S (180)
  AVERAGE WIND SPEED     3.7


SKY COVER
  AVERAGE SKY COVER 0.0


WEATHER CONDITIONS
 THE FOLLOWING WEATHER WAS RECORDED YESTERDAY.
  NO SIGNIFICANT WEATHER WAS OBSERVED.


RELATIVE HUMIDITY (PERCENT)
 HIGHEST   100          1000 PM
 LOWEST     45           200 PM
 AVERAGE    73

..........................................................


THE ROSWELL NM CLIMATE NORMALS FOR TODAY
                         NORMAL    RECORD    YEAR
 MAXIMUM TEMPERATURE (F)   57        79      1952
 MINIMUM TEMPERATURE (F)   27         2      1966


SUNRISE AND SUNSET
JANUARY 25 2015.......SUNRISE   658 AM MST   SUNSET   523 PM MST
JANUARY 26 2015.......SUNRISE   658 AM MST   SUNSET   524 PM MST


-  INDICATES NEGATIVE NUMBERS.
R  INDICATES RECORD WAS SET OR TIED.
MM INDICATES DATA IS MISSING.
T  INDICATES TRACE AMOUNT.




$$





U.S. Dept. of Commerce
NOAA National Weather Service
1325 East West Highway
Silver Spring, MD 20910
E-mail: w-nws.webmaster@noaa.gov
Page last modified: May 16, 2007
NATIONAL WEATHER SERVICE: for Safety, for Work, for Fun - FOR LIFE