334
CDUS45 KABQ 260826
CLIROW


CLIMATE REPORT
NATIONAL WEATHER SERVICE ALBUQUERQUE NM
126 AM MST WED NOV 26 2014


...................................

...THE ROSWELL NM CLIMATE SUMMARY FOR NOVEMBER 25 2014...

CLIMATE NORMAL PERIOD 1981 TO 2010
CLIMATE RECORD PERIOD 1893 TO 2014


WEATHER ITEM   OBSERVED TIME   RECORD YEAR NORMAL DEPARTURE
                VALUE   (LST)  VALUE       VALUE  FROM
                                                  NORMAL
...............................................................
TEMPERATURE (F)
 YESTERDAY
  MAXIMUM         62    331 PM  85    1965  60      2
  MINIMUM         26    634 AM  12    1938  31     -5
  AVERAGE         44                        45     -1

PRECIPITATION (IN)
  YESTERDAY        0.00          0.70 1935   0.02  -0.02
  MONTH TO DATE    0.42                      0.50  -0.08
  SINCE SEP 1      5.66                      3.26   2.40
  SINCE JAN 1     17.90                     12.19   5.71

SNOWFALL (IN)
  YESTERDAY        0.0
  MONTH TO DATE    1.8
  SINCE SEP 1      1.8
  SINCE JUL 1      1.8

DEGREE DAYS
 HEATING
  YESTERDAY       21                        20      1
  MONTH TO DATE  480                       370    110
  SINCE SEP 1    574                       544     30
  SINCE JUL 1    574                       544     30

 COOLING
  YESTERDAY        0                         0      0
  MONTH TO DATE    0                         0      0
  SINCE SEP 1    243                       264    -21
  SINCE JAN 1   1928                      1788    140
...............................................................


WIND (MPH)
  HIGHEST WIND SPEED    18   HIGHEST WIND DIRECTION    NW (330)
  HIGHEST GUST SPEED    23   HIGHEST GUST DIRECTION    NW (330)
  AVERAGE WIND SPEED     7.3


SKY COVER
  AVERAGE SKY COVER 0.0


WEATHER CONDITIONS
 THE FOLLOWING WEATHER WAS RECORDED YESTERDAY.
  NO SIGNIFICANT WEATHER WAS OBSERVED.


RELATIVE HUMIDITY (PERCENT)
 HIGHEST    63           700 AM
 LOWEST      9           400 PM
 AVERAGE    36

..........................................................


THE ROSWELL NM CLIMATE NORMALS FOR TODAY
                         NORMAL    RECORD    YEAR
 MAXIMUM TEMPERATURE (F)   60        83      1977
 MINIMUM TEMPERATURE (F)   30         5      1980


SUNRISE AND SUNSET
NOVEMBER 26 2014......SUNRISE   639 AM MST   SUNSET   451 PM MST
NOVEMBER 27 2014......SUNRISE   640 AM MST   SUNSET   451 PM MST


-  INDICATES NEGATIVE NUMBERS.
R  INDICATES RECORD WAS SET OR TIED.
MM INDICATES DATA IS MISSING.
T  INDICATES TRACE AMOUNT.




$$






U.S. Dept. of Commerce
NOAA National Weather Service
1325 East West Highway
Silver Spring, MD 20910
E-mail: w-nws.webmaster@noaa.gov
Page last modified: May 16, 2007
NATIONAL WEATHER SERVICE: for Safety, for Work, for Fun - FOR LIFE