899
CDUS45 KABQ 010830
CLIROW


CLIMATE REPORT
NATIONAL WEATHER SERVICE ALBUQUERQUE NM
230 AM MDT WED OCT 1 2014


...................................

...THE ROSWELL NM CLIMATE SUMMARY FOR SEPTEMBER 30 2014...

CLIMATE NORMAL PERIOD 1981 TO 2010
CLIMATE RECORD PERIOD 1893 TO 2014


WEATHER ITEM   OBSERVED TIME   RECORD YEAR NORMAL DEPARTURE
                VALUE   (LST)  VALUE       VALUE  FROM
                                                  NORMAL
...............................................................
TEMPERATURE (F)
 YESTERDAY
  MAXIMUM         84    402 PM  99    1977  81      3
  MINIMUM         59    607 AM  37    1908  53      6
  AVERAGE         72                        67      5

PRECIPITATION (IN)
  YESTERDAY        0.00          1.59 1982   0.04  -0.04
  MONTH TO DATE    4.84                      1.53   3.31
  SINCE SEP 1      4.84                      1.53   3.31
  SINCE JAN 1     17.08                     10.46   6.62

SNOWFALL (IN)
  YESTERDAY        0.0
  MONTH TO DATE    0.0
  SINCE SEP 1      0.0
  SINCE JUL 1      0.0

DEGREE DAYS
 HEATING
  YESTERDAY        0                         2     -2
  MONTH TO DATE   18                        14      4
  SINCE SEP 1     18                        16      2
  SINCE JUL 1     18                        16      2

 COOLING
  YESTERDAY        7                         3      4
  MONTH TO DATE  205                       227    -22
  SINCE SEP 1    205                       227    -22
  SINCE JAN 1   1890                      1751    139
...............................................................


WIND (MPH)
  HIGHEST WIND SPEED    12   HIGHEST WIND DIRECTION     W (270)
  HIGHEST GUST SPEED    16   HIGHEST GUST DIRECTION     W (290)
  AVERAGE WIND SPEED     6.6


SKY COVER
  AVERAGE SKY COVER 0.0


WEATHER CONDITIONS
 THE FOLLOWING WEATHER WAS RECORDED YESTERDAY.
  NO SIGNIFICANT WEATHER WAS OBSERVED.


RELATIVE HUMIDITY (PERCENT)
 HIGHEST    90           400 AM
 LOWEST     25          1200 PM
 AVERAGE    58

..........................................................


THE ROSWELL NM CLIMATE NORMALS FOR TODAY
                         NORMAL    RECORD    YEAR
 MAXIMUM TEMPERATURE (F)   81        98      2000
 MINIMUM TEMPERATURE (F)   52        35      1965


SUNRISE AND SUNSET
OCTOBER  1 2014.......SUNRISE   652 AM MDT   SUNSET   643 PM MDT
OCTOBER  2 2014.......SUNRISE   653 AM MDT   SUNSET   641 PM MDT


-  INDICATES NEGATIVE NUMBERS.
R  INDICATES RECORD WAS SET OR TIED.
MM INDICATES DATA IS MISSING.
T  INDICATES TRACE AMOUNT.




$$





U.S. Dept. of Commerce
NOAA National Weather Service
1325 East West Highway
Silver Spring, MD 20910
E-mail: w-nws.webmaster@noaa.gov
Page last modified: May 16, 2007
NATIONAL WEATHER SERVICE: for Safety, for Work, for Fun - FOR LIFE