903
CDUS45 KABQ 170829
CLIROW


CLIMATE REPORT
NATIONAL WEATHER SERVICE ALBUQUERQUE NM
228 AM MDT THU APR 17 2014


...................................

...THE ROSWELL NM CLIMATE SUMMARY FOR APRIL 16 2014...

CLIMATE NORMAL PERIOD 1981 TO 2010
CLIMATE RECORD PERIOD 1893 TO 2014


WEATHER ITEM   OBSERVED TIME   RECORD YEAR NORMAL DEPARTURE
                VALUE   (LST)  VALUE       VALUE  FROM
                                                  NORMAL
...............................................................
TEMPERATURE (F)
 YESTERDAY
  MAXIMUM         84    412 PM  95    1925  77      7
  MINIMUM         42    538 AM  27    1961  45     -3
  AVERAGE         63                        61      2

PRECIPITATION (IN)
  YESTERDAY        0.00          3.48 1915   0.02  -0.02
  MONTH TO DATE    T                         0.26  -0.26
  SINCE MAR 1      0.28                      0.77  -0.49
  SINCE JAN 1      0.30                      1.57  -1.27

SNOWFALL (IN)
  YESTERDAY        0.0
  MONTH TO DATE    T
  SINCE MAR 1      T
  SINCE JUL 1      5.0

DEGREE DAYS
 HEATING
  YESTERDAY        2                         5     -3
  MONTH TO DATE  109                       111     -2
  SINCE MAR 1    490                       498     -8
  SINCE JUL 1   3193                      3205    -12

 COOLING
  YESTERDAY        0                         1     -1
  MONTH TO DATE   13                        11      2
  SINCE MAR 1     14                        14      0
  SINCE JAN 1     14                        14      0
...............................................................


WIND (MPH)
  HIGHEST WIND SPEED    33   HIGHEST WIND DIRECTION     N (360)
  HIGHEST GUST SPEED    42   HIGHEST GUST DIRECTION     N (350)
  AVERAGE WIND SPEED    13.0


SKY COVER
  AVERAGE SKY COVER 0.0


WEATHER CONDITIONS
 THE FOLLOWING WEATHER WAS RECORDED YESTERDAY.
  HAZE


RELATIVE HUMIDITY (PERCENT)
 HIGHEST    27           500 AM
 LOWEST      5           200 PM
 AVERAGE    16

..........................................................


THE ROSWELL NM CLIMATE NORMALS FOR TODAY
                         NORMAL    RECORD    YEAR
 MAXIMUM TEMPERATURE (F)   77        94      1948
 MINIMUM TEMPERATURE (F)   45        30      2009
                                             1924
                                             1901


SUNRISE AND SUNSET
APRIL 17 2014.........SUNRISE   626 AM MDT   SUNSET   730 PM MDT
APRIL 18 2014.........SUNRISE   624 AM MDT   SUNSET   731 PM MDT


-  INDICATES NEGATIVE NUMBERS.
R  INDICATES RECORD WAS SET OR TIED.
MM INDICATES DATA IS MISSING.
T  INDICATES TRACE AMOUNT.

$$






U.S. Dept. of Commerce
NOAA National Weather Service
1325 East West Highway
Silver Spring, MD 20910
E-mail: w-nws.webmaster@noaa.gov
Page last modified: May 16, 2007
NATIONAL WEATHER SERVICE: for Safety, for Work, for Fun - FOR LIFE