408
CDUS45 KABQ 210828
CLIROW


CLIMATE REPORT
NATIONAL WEATHER SERVICE ALBUQUERQUE NM
226 AM MDT TUE OCT 21 2014


...................................

...THE ROSWELL NM CLIMATE SUMMARY FOR OCTOBER 20 2014...

CLIMATE NORMAL PERIOD 1981 TO 2010
CLIMATE RECORD PERIOD 1893 TO 2014


WEATHER ITEM   OBSERVED TIME   RECORD YEAR NORMAL DEPARTURE
                VALUE   (LST)  VALUE       VALUE  FROM
                                                  NORMAL
...............................................................
TEMPERATURE (F)
 YESTERDAY
  MAXIMUM         74    317 PM  96    2007  74      0
  MINIMUM         52    550 AM  19    1898  45      7
  AVERAGE         63                        60      3

PRECIPITATION (IN)
  YESTERDAY        0.13          1.53 1969   0.05   0.08
  MONTH TO DATE    0.15                      0.84  -0.69
  SINCE SEP 1      4.89                      2.37   2.52
  SINCE JAN 1     17.13                     11.30   5.83

SNOWFALL (IN)
  YESTERDAY        0.0
  MONTH TO DATE    0.0
  SINCE SEP 1      0.0
  SINCE JUL 1      0.0

DEGREE DAYS
 HEATING
  YESTERDAY        2                         6     -4
  MONTH TO DATE   44                        73    -29
  SINCE SEP 1     62                        89    -27
  SINCE JUL 1     62                        89    -27

 COOLING
  YESTERDAY        0                         1     -1
  MONTH TO DATE   27                        34     -7
  SINCE SEP 1    232                       261    -29
  SINCE JAN 1   1917                      1785    132
...............................................................


WIND (MPH)
  HIGHEST WIND SPEED    22   HIGHEST WIND DIRECTION     S (170)
  HIGHEST GUST SPEED    29   HIGHEST GUST DIRECTION     S (170)
  AVERAGE WIND SPEED     6.1


SKY COVER
  AVERAGE SKY COVER 0.6


WEATHER CONDITIONS
 THE FOLLOWING WEATHER WAS RECORDED YESTERDAY.
  THUNDERSTORM
  RAIN
  LIGHT RAIN
  FOG


RELATIVE HUMIDITY (PERCENT)
 HIGHEST    89           500 AM
 LOWEST     57           200 PM
 AVERAGE    73

..........................................................


THE ROSWELL NM CLIMATE NORMALS FOR TODAY
                         NORMAL    RECORD    YEAR
 MAXIMUM TEMPERATURE (F)   74        90      1995
 MINIMUM TEMPERATURE (F)   45        21      1898


SUNRISE AND SUNSET
OCTOBER 21 2014.......SUNRISE   707 AM MDT   SUNSET   618 PM MDT
OCTOBER 22 2014.......SUNRISE   708 AM MDT   SUNSET   617 PM MDT


-  INDICATES NEGATIVE NUMBERS.
R  INDICATES RECORD WAS SET OR TIED.
MM INDICATES DATA IS MISSING.
T  INDICATES TRACE AMOUNT.




$$





U.S. Dept. of Commerce
NOAA National Weather Service
1325 East West Highway
Silver Spring, MD 20910
E-mail: w-nws.webmaster@noaa.gov
Page last modified: May 16, 2007
NATIONAL WEATHER SERVICE: for Safety, for Work, for Fun - FOR LIFE