169
CDUS41 KBUF 241004
CLIROC


CLIMATE REPORT
NATIONAL WEATHER SERVICE BUFFALO NY
603 AM EDT THU APR 24 2014


...................................

...THE ROCHESTER NY CLIMATE SUMMARY FOR APRIL 23 2014...

CLIMATE NORMAL PERIOD 1981 TO 2010
CLIMATE RECORD PERIOD 1871 TO 2014


WEATHER ITEM   OBSERVED TIME   RECORD YEAR NORMAL DEPARTURE LAST
                VALUE   (LST)  VALUE       VALUE  FROM      YEAR
                                                  NORMAL
..................................................................
TEMPERATURE (F)
 YESTERDAY
  MAXIMUM         47    535 PM  90    1885  60    -13       64
  MINIMUM         38   1159 PM  24    1989  39     -1       41
                                      1930
  AVERAGE         43                        49     -6       53

PRECIPITATION (IN)
  YESTERDAY        0.23          1.58 2012   0.08   0.15     0.00
  MONTH TO DATE    2.57                      2.11   0.46     2.49
  SINCE MAR 1      4.93                      4.61   0.32     3.34
  SINCE JAN 1      8.55                      8.97  -0.42     7.65

SNOWFALL (IN)
  YESTERDAY        0.0           2.8  2012   0.1   -0.1      0.0
  MONTH TO DATE    0.3                       3.6   -3.3      2.3
  SINCE MAR 1     29.6                      19.9    9.7     14.2
  SINCE JUL 1    112.7                      98.8   13.9     78.1
  SNOW DEPTH       0

DEGREE DAYS
 HEATING
  YESTERDAY       22                        16      6       12
  MONTH TO DATE  441                       464    -23      470
  SINCE MAR 1   1589                      1416    173     1441
  SINCE JUL 1   6674                      6202    472     5749

 COOLING
  YESTERDAY        0                         0      0        0
  MONTH TO DATE    1                         0      1        0
  SINCE MAR 1      1                         0      1        0
  SINCE JAN 1      1                         0      1        0
..................................................................


WIND (MPH)
  HIGHEST WIND SPEED    22   HIGHEST WIND DIRECTION    NW (310)
  HIGHEST GUST SPEED    29   HIGHEST GUST DIRECTION    NW (300)
  AVERAGE WIND SPEED    13.2


SKY COVER
  AVERAGE SKY COVER 0.7


WEATHER CONDITIONS
 THE FOLLOWING WEATHER WAS RECORDED YESTERDAY.
  RAIN
  LIGHT RAIN
  FOG


RELATIVE HUMIDITY (PERCENT)
 HIGHEST    92           400 AM
 LOWEST     41           900 PM
 AVERAGE    67

..........................................................


THE ROCHESTER NY CLIMATE NORMALS FOR TODAY
                         NORMAL    RECORD    YEAR
 MAXIMUM TEMPERATURE (F)   60        83      1960
 MINIMUM TEMPERATURE (F)   40        23      1919


SUNRISE AND SUNSET
APRIL 24 2014.........SUNRISE   614 AM EDT   SUNSET   804 PM EDT
APRIL 25 2014.........SUNRISE   613 AM EDT   SUNSET   805 PM EDT


-  INDICATES NEGATIVE NUMBERS.
R  INDICATES RECORD WAS SET OR TIED.
MM INDICATES DATA IS MISSING.
T  INDICATES TRACE AMOUNT.




$$





U.S. Dept. of Commerce
NOAA National Weather Service
1325 East West Highway
Silver Spring, MD 20910
E-mail: w-nws.webmaster@noaa.gov
Page last modified: May 16, 2007
NATIONAL WEATHER SERVICE: for Safety, for Work, for Fun - FOR LIFE