303
CDUS41 KBUF 291016
CLIROC


CLIMATE REPORT
NATIONAL WEATHER SERVICE BUFFALO NY
614 AM EDT FRI AUG 29 2014


...................................

...THE ROCHESTER NY CLIMATE SUMMARY FOR AUGUST 28 2014...

CLIMATE NORMAL PERIOD 1981 TO 2010
CLIMATE RECORD PERIOD 1871 TO 2014


WEATHER ITEM   OBSERVED TIME   RECORD YEAR NORMAL DEPARTURE LAST
                VALUE   (LST)  VALUE       VALUE  FROM      YEAR
                                                  NORMAL
..................................................................
TEMPERATURE (F)
 YESTERDAY
  MAXIMUM         70    444 PM  99    1948  78     -8       82
  MINIMUM         53    529 AM  41    1982  58     -5       69
  AVERAGE         62                        68     -6       76

PRECIPITATION (IN)
  YESTERDAY        0.00          1.70 1913   0.11  -0.11     0.10
  MONTH TO DATE    2.14                      3.16  -1.02     2.60
  SINCE JUN 1     11.90                      9.83   2.07    13.28
  SINCE JAN 1     24.90                     22.29   2.61    25.11

SNOWFALL (IN)
  YESTERDAY        0.0           0.0    MM   0.0    0.0      0.0
  MONTH TO DATE    0.0                       0.0    0.0      0.0
  SINCE JUN 1      0.0                       0.0    0.0      0.0
  SINCE JUL 1      0.0                       0.0    0.0      0.0
  SNOW DEPTH       0

DEGREE DAYS
 HEATING
  YESTERDAY        3                         1      2        0
  MONTH TO DATE   17                        18     -1       10
  SINCE JUN 1     53                        98    -45       76
  SINCE JUL 1     24                        30     -6       18

 COOLING
  YESTERDAY        0                         4     -4       11
  MONTH TO DATE  110                       145    -35      122
  SINCE JUN 1    410                       444    -34      490
  SINCE JAN 1    449                       474    -25      561
..................................................................


WIND (MPH)
  HIGHEST WIND SPEED    21   HIGHEST WIND DIRECTION     N (340)
  HIGHEST GUST SPEED    30   HIGHEST GUST DIRECTION    NW (320)
  AVERAGE WIND SPEED     8.0


SKY COVER
  AVERAGE SKY COVER 0.4


WEATHER CONDITIONS
 THE FOLLOWING WEATHER WAS RECORDED YESTERDAY.
  NO SIGNIFICANT WEATHER WAS OBSERVED.


RELATIVE HUMIDITY (PERCENT)
 HIGHEST   100           400 AM
 LOWEST     44           500 PM
 AVERAGE    72

..........................................................


THE ROCHESTER NY CLIMATE NORMALS FOR TODAY
                         NORMAL    RECORD    YEAR
 MAXIMUM TEMPERATURE (F)   77        94      1973
                                             1953
 MINIMUM TEMPERATURE (F)   58        38      1982


SUNRISE AND SUNSET
AUGUST 29 2014........SUNRISE   632 AM EDT   SUNSET   751 PM EDT
AUGUST 30 2014........SUNRISE   633 AM EDT   SUNSET   749 PM EDT


-  INDICATES NEGATIVE NUMBERS.
R  INDICATES RECORD WAS SET OR TIED.
MM INDICATES DATA IS MISSING.
T  INDICATES TRACE AMOUNT.




$$





U.S. Dept. of Commerce
NOAA National Weather Service
1325 East West Highway
Silver Spring, MD 20910
E-mail: w-nws.webmaster@noaa.gov
Page last modified: May 16, 2007
NATIONAL WEATHER SERVICE: for Safety, for Work, for Fun - FOR LIFE