001
CDUS41 KRNK 310923
CLIROA


CLIMATE REPORT
NATIONAL WEATHER SERVICE BLACKSBURG VA
522 AM EDT FRI OCT 31 2014


...................................

...THE ROANOKE VA CLIMATE SUMMARY FOR OCTOBER 30 2014...

CLIMATE NORMAL PERIOD 1981 TO 2010
CLIMATE RECORD PERIOD 1912 TO 2014


WEATHER ITEM   OBSERVED TIME   RECORD YEAR NORMAL DEPARTURE LAST
                VALUE   (LST)  VALUE       VALUE  FROM      YEAR
                                                  NORMAL
..................................................................
TEMPERATURE (F)
 YESTERDAY
  MAXIMUM         61    317 PM  85    1937  65     -4       72
  MINIMUM         39    709 AM  23    1969  42     -3       53
  AVERAGE         50                        54     -4       63

PRECIPITATION (IN)
  YESTERDAY        0.00          3.30 1970   0.10  -0.10     0.07
  MONTH TO DATE    3.42                      2.79   0.63     2.53
  SINCE SEP 1      4.65                      6.68  -2.03     3.66
  SINCE JAN 1     33.23                     34.81  -1.58    45.97

SNOWFALL (IN)
  YESTERDAY        0.0
  MONTH TO DATE    0.0
  SINCE SEP 1      0.0
  SINCE JUL 1      0.0
  SNOW DEPTH       0

DEGREE DAYS
 HEATING
  YESTERDAY       15                        12      3        2
  MONTH TO DATE  184                       236    -52      212
  SINCE SEP 1    203                       284    -81      245
  SINCE JUL 1    203                       285    -82      246

 COOLING
  YESTERDAY        0                         0      0        0
  MONTH TO DATE   18                        18      0       38
  SINCE SEP 1    158                       157      1      165
  SINCE JAN 1   1128                      1204    -76     1225
..................................................................


WIND (MPH)
  HIGHEST WIND SPEED    13   HIGHEST WIND DIRECTION    NW (300)
  HIGHEST GUST SPEED    16   HIGHEST GUST DIRECTION     W (270)
  AVERAGE WIND SPEED     4.3


SKY COVER
  POSSIBLE SUNSHINE  MM
  AVERAGE SKY COVER 0.1


WEATHER CONDITIONS
 THE FOLLOWING WEATHER WAS RECORDED YESTERDAY.
  NO SIGNIFICANT WEATHER WAS OBSERVED.


RELATIVE HUMIDITY (PERCENT)
 HIGHEST    79           500 AM
 LOWEST     36           200 PM
 AVERAGE    58

..........................................................


THE ROANOKE VA CLIMATE NORMALS FOR TODAY
                         NORMAL    RECORD    YEAR
 MAXIMUM TEMPERATURE (F)   65        83      1950
                                             1946
                                             1919
 MINIMUM TEMPERATURE (F)   42        27      1917


SUNRISE AND SUNSET
OCTOBER 31 2014.......SUNRISE   743 AM EDT   SUNSET   623 PM EDT
NOVEMBER  1 2014......SUNRISE   744 AM EDT   SUNSET   622 PM EDT


-  INDICATES NEGATIVE NUMBERS.
R  INDICATES RECORD WAS SET OR TIED.
MM INDICATES DATA IS MISSING.
T  INDICATES TRACE AMOUNT.




$$





U.S. Dept. of Commerce
NOAA National Weather Service
1325 East West Highway
Silver Spring, MD 20910
E-mail: w-nws.webmaster@noaa.gov
Page last modified: May 16, 2007
NATIONAL WEATHER SERVICE: for Safety, for Work, for Fun - FOR LIFE