418
CDUS41 KRNK 172116
CLIROA


CLIMATE REPORT
NATIONAL WEATHER SERVICE BLACKSBURG VA
514 PM EDT WED SEP 17 2014


...................................

...THE ROANOKE VA CLIMATE SUMMARY FOR SEPTEMBER 17 2014...
VALID TODAY AS OF 0500 PM LOCAL TIME.

CLIMATE NORMAL PERIOD 1981 TO 2010
CLIMATE RECORD PERIOD 1912 TO 2014


WEATHER ITEM   OBSERVED TIME   RECORD YEAR NORMAL DEPARTURE LAST
                VALUE   (LST)  VALUE       VALUE  FROM      YEAR
                                                  NORMAL
..................................................................
TEMPERATURE (F)
 TODAY
  MAXIMUM         73    234 PM  96    1927  78     -5       72
  MINIMUM         57    643 AM  40    2000  57      0       49
  AVERAGE         65                        68     -3       61

PRECIPITATION (IN)
  TODAY            0.00          5.23 1945   0.15  -0.15     0.00
  MONTH TO DATE    1.01                      2.33  -1.32      T
  SINCE SEP 1      1.01                      2.33  -1.32      T
  SINCE JAN 1     29.59                     30.46  -0.87    42.31

SNOWFALL (IN)
  TODAY            0.0
  MONTH TO DATE    0.0
  SINCE SEP 1      0.0
  SINCE JUL 1      0.0
  SNOW DEPTH       0

DEGREE DAYS
 HEATING
  TODAY            0                         1     -1        4
  MONTH TO DATE    1                         9     -8        9
  SINCE SEP 1      1                         9     -8        9
  SINCE JUL 1      1                        10     -9       10

 COOLING
  TODAY            0                         4     -4        0
  MONTH TO DATE  119                       104     15      120
  SINCE SEP 1    119                       104     15      120
  SINCE JAN 1   1089                      1151    -62     1180
..................................................................


WIND (MPH)
  HIGHEST WIND SPEED    12   HIGHEST WIND DIRECTION     E (110)
  HIGHEST GUST SPEED    16   HIGHEST GUST DIRECTION     E (110)
  AVERAGE WIND SPEED     4.7


SKY COVER
  POSSIBLE SUNSHINE  MM
  AVERAGE SKY COVER 0.8


WEATHER CONDITIONS
 THE FOLLOWING WEATHER WAS RECORDED TODAY.
  NO SIGNIFICANT WEATHER WAS OBSERVED.


RELATIVE HUMIDITY (PERCENT)
 HIGHEST    80           700 AM
 LOWEST     53           300 PM
 AVERAGE    67

..........................................................


THE ROANOKE VA CLIMATE NORMALS FOR TOMORROW
                         NORMAL    RECORD    YEAR
 MAXIMUM TEMPERATURE (F)   78        94      1954
 MINIMUM TEMPERATURE (F)   57        38      1943


SUNRISE AND SUNSET
SEPTEMBER 17 2014.....SUNRISE   703 AM EDT   SUNSET   724 PM EDT
SEPTEMBER 18 2014.....SUNRISE   704 AM EDT   SUNSET   723 PM EDT


-  INDICATES NEGATIVE NUMBERS.
R  INDICATES RECORD WAS SET OR TIED.
MM INDICATES DATA IS MISSING.
T  INDICATES TRACE AMOUNT.




$$





U.S. Dept. of Commerce
NOAA National Weather Service
1325 East West Highway
Silver Spring, MD 20910
E-mail: w-nws.webmaster@noaa.gov
Page last modified: May 16, 2007
NATIONAL WEATHER SERVICE: for Safety, for Work, for Fun - FOR LIFE