419
CDUS41 KRNK 282213
CLIROA


CLIMATE REPORT
NATIONAL WEATHER SERVICE BLACKSBURG VA
510 PM EST FRI NOV 28 2014


...................................

...THE ROANOKE VA CLIMATE SUMMARY FOR NOVEMBER 28 2014...
VALID TODAY AS OF 0500 PM LOCAL TIME.

CLIMATE NORMAL PERIOD 1981 TO 2010
CLIMATE RECORD PERIOD 1912 TO 2014


WEATHER ITEM   OBSERVED TIME   RECORD YEAR NORMAL DEPARTURE LAST
                VALUE   (LST)  VALUE       VALUE  FROM      YEAR
                                                  NORMAL
..................................................................
TEMPERATURE (F)
 TODAY
  MAXIMUM         37    100 PM  78    1990  53    -16       41
  MINIMUM         30    600 AM  14    1932  34     -4       22
  AVERAGE         34                        44    -10       32

PRECIPITATION (IN)
  TODAY            0.00          1.84 1948   0.11  -0.11     0.00
  MONTH TO DATE    3.52                      3.17   0.35     2.74
  SINCE SEP 1      8.31                      9.95  -1.64     6.41
  SINCE JAN 1     36.89                     38.08  -1.19    48.72

SNOWFALL (IN)
  TODAY            0.0
  MONTH TO DATE    0.5
  SINCE SEP 1      0.5
  SINCE JUL 1      0.5
  SNOW DEPTH       0

DEGREE DAYS
 HEATING
  TODAY           31                        21     10       33
  MONTH TO DATE  605                       464    141      561
  SINCE SEP 1    829                       760     69      808
  SINCE JUL 1    829                       761     68      809

 COOLING
  TODAY            0                         0      0        0
  MONTH TO DATE    0                         0      0        2
  SINCE SEP 1    158                       160     -2      167
  SINCE JAN 1   1128                      1207    -79     1227
..................................................................


WIND (MPH)
  HIGHEST WIND SPEED    14   HIGHEST WIND DIRECTION     W (290)
  HIGHEST GUST SPEED    MM   HIGHEST GUST DIRECTION    MM
  AVERAGE WIND SPEED     7.5


SKY COVER
  POSSIBLE SUNSHINE  MM
  AVERAGE SKY COVER 0.7


WEATHER CONDITIONS
 THE FOLLOWING WEATHER WAS RECORDED TODAY.
  NO SIGNIFICANT WEATHER WAS OBSERVED.


RELATIVE HUMIDITY (PERCENT)
 HIGHEST    69           300 AM
 LOWEST     44          1200 PM
 AVERAGE    57

..........................................................


THE ROANOKE VA CLIMATE NORMALS FOR TOMORROW
                         NORMAL    RECORD    YEAR
 MAXIMUM TEMPERATURE (F)   53        74      1998
 MINIMUM TEMPERATURE (F)   34        14      1930


SUNRISE AND SUNSET
NOVEMBER 28 2014......SUNRISE   712 AM EST   SUNSET   503 PM EST
NOVEMBER 29 2014......SUNRISE   713 AM EST   SUNSET   503 PM EST


-  INDICATES NEGATIVE NUMBERS.
R  INDICATES RECORD WAS SET OR TIED.
MM INDICATES DATA IS MISSING.
T  INDICATES TRACE AMOUNT.




$$





U.S. Dept. of Commerce
NOAA National Weather Service
1325 East West Highway
Silver Spring, MD 20910
E-mail: w-nws.webmaster@noaa.gov
Page last modified: May 16, 2007
NATIONAL WEATHER SERVICE: for Safety, for Work, for Fun - FOR LIFE