090
CDUS41 KRNK 252127
CLIROA


CLIMATE REPORT
NATIONAL WEATHER SERVICE BLACKSBURG VA
525 PM EDT SAT OCT 25 2014


...................................

...THE ROANOKE VA CLIMATE SUMMARY FOR OCTOBER 25 2014...
VALID TODAY AS OF 0500 PM LOCAL TIME.

CLIMATE NORMAL PERIOD 1981 TO 2010
CLIMATE RECORD PERIOD 1912 TO 2014


WEATHER ITEM   OBSERVED TIME   RECORD YEAR NORMAL DEPARTURE LAST
                VALUE   (LST)  VALUE       VALUE  FROM      YEAR
                                                  NORMAL
..................................................................
TEMPERATURE (F)
 TODAY
  MAXIMUM         74    319 PM  84    1921  67      7       50
  MINIMUM         42    709 AM  29    1978  44     -2       31
                                      1962
  AVERAGE         58                        55      3       41

PRECIPITATION (IN)
  TODAY            0.00          2.11 1918   0.09  -0.09     0.00
  MONTH TO DATE    3.42                      2.30   1.12     2.46
  SINCE SEP 1      4.65                      6.19  -1.54     3.59
  SINCE JAN 1     33.23                     34.32  -1.09    45.90

SNOWFALL (IN)
  TODAY            0.0
  MONTH TO DATE    0.0
  SINCE SEP 1      0.0
  SINCE JUL 1      0.0
  SNOW DEPTH       0

DEGREE DAYS
 HEATING
  TODAY            7                        10     -3       24
  MONTH TO DATE  149                       181    -32      158
  SINCE SEP 1    168                       229    -61      191
  SINCE JUL 1    168                       230    -62      192

 COOLING
  TODAY            0                         0      0        0
  MONTH TO DATE   17                        18     -1       38
  SINCE SEP 1    157                       157      0      165
  SINCE JAN 1   1127                      1204    -77     1225
..................................................................


WIND (MPH)
  HIGHEST WIND SPEED    18   HIGHEST WIND DIRECTION    NW (310)
  HIGHEST GUST SPEED    23   HIGHEST GUST DIRECTION    NW (310)
  AVERAGE WIND SPEED     6.5


SKY COVER
  POSSIBLE SUNSHINE  MM
  AVERAGE SKY COVER 0.0


WEATHER CONDITIONS
 THE FOLLOWING WEATHER WAS RECORDED TODAY.
  NO SIGNIFICANT WEATHER WAS OBSERVED.


RELATIVE HUMIDITY (PERCENT)
 HIGHEST    76           300 AM
 LOWEST     27           300 PM
 AVERAGE    52

..........................................................


THE ROANOKE VA CLIMATE NORMALS FOR TOMORROW
                         NORMAL    RECORD    YEAR
 MAXIMUM TEMPERATURE (F)   66        86      1939
 MINIMUM TEMPERATURE (F)   43        26      1933
                                             1930


SUNRISE AND SUNSET
OCTOBER 25 2014.......SUNRISE   737 AM EDT   SUNSET   630 PM EDT
OCTOBER 26 2014.......SUNRISE   738 AM EDT   SUNSET   629 PM EDT


-  INDICATES NEGATIVE NUMBERS.
R  INDICATES RECORD WAS SET OR TIED.
MM INDICATES DATA IS MISSING.
T  INDICATES TRACE AMOUNT.




$$





U.S. Dept. of Commerce
NOAA National Weather Service
1325 East West Highway
Silver Spring, MD 20910
E-mail: w-nws.webmaster@noaa.gov
Page last modified: May 16, 2007
NATIONAL WEATHER SERVICE: for Safety, for Work, for Fun - FOR LIFE