145
CDUS41 KRNK 230921
CLIROA


CLIMATE REPORT
NATIONAL WEATHER SERVICE BLACKSBURG VA
516 AM EDT SAT AUG 23 2014


...................................

...THE ROANOKE VA CLIMATE SUMMARY FOR AUGUST 22 2014...

CLIMATE NORMAL PERIOD 1981 TO 2010
CLIMATE RECORD PERIOD 1912 TO 2014


WEATHER ITEM   OBSERVED TIME   RECORD YEAR NORMAL DEPARTURE LAST
                VALUE   (LST)  VALUE       VALUE  FROM      YEAR
                                                  NORMAL
..................................................................
TEMPERATURE (F)
 YESTERDAY
  MAXIMUM         81    326 PM 104    1983  85     -4       87
  MINIMUM         69    403 AM  47    1922  65      4       65
  AVERAGE         75                        75      0       76

PRECIPITATION (IN)
  YESTERDAY        0.11          2.91 1931   0.12  -0.01      T
  MONTH TO DATE    4.79                      2.48   2.31     1.96
  SINCE JUN 1     11.24                     10.35   0.89    21.18
  SINCE JAN 1     26.84                     27.05  -0.21    41.72

SNOWFALL (IN)
  YESTERDAY        0.0
  MONTH TO DATE    0.0
  SINCE JUN 1      0.0
  SINCE JUL 1      0.0
  SNOW DEPTH       0

DEGREE DAYS
 HEATING
  YESTERDAY        0                         0      0        0
  MONTH TO DATE    0                         0      0        1
  SINCE JUN 1      0                        11    -11        2
  SINCE JUL 1      0                         0      0        1

 COOLING
  YESTERDAY       10                        10      0       11
  MONTH TO DATE  143                       239    -96      201
  SINCE JUN 1    744                       846   -102      849
  SINCE JAN 1    893                       962    -69      999
..................................................................


WIND (MPH)
  HIGHEST WIND SPEED    15   HIGHEST WIND DIRECTION     N (360)
  HIGHEST GUST SPEED    18   HIGHEST GUST DIRECTION     W (270)
  AVERAGE WIND SPEED     4.5


SKY COVER
  POSSIBLE SUNSHINE  MM
  AVERAGE SKY COVER 0.8


WEATHER CONDITIONS
 THE FOLLOWING WEATHER WAS RECORDED YESTERDAY.
  LIGHT RAIN
  FOG


RELATIVE HUMIDITY (PERCENT)
 HIGHEST    90           800 AM
 LOWEST     69           300 PM
 AVERAGE    80

..........................................................


THE ROANOKE VA CLIMATE NORMALS FOR TODAY
                         NORMAL    RECORD    YEAR
 MAXIMUM TEMPERATURE (F)   85        99      1936
 MINIMUM TEMPERATURE (F)   64        47      1925


SUNRISE AND SUNSET
AUGUST 23 2014........SUNRISE   643 AM EDT   SUNSET   801 PM EDT
AUGUST 24 2014........SUNRISE   644 AM EDT   SUNSET   800 PM EDT


-  INDICATES NEGATIVE NUMBERS.
R  INDICATES RECORD WAS SET OR TIED.
MM INDICATES DATA IS MISSING.
T  INDICATES TRACE AMOUNT.



$$






U.S. Dept. of Commerce
NOAA National Weather Service
1325 East West Highway
Silver Spring, MD 20910
E-mail: w-nws.webmaster@noaa.gov
Page last modified: May 16, 2007
NATIONAL WEATHER SERVICE: for Safety, for Work, for Fun - FOR LIFE