667
CDUS41 KRNK 281054
CLIROA


CLIMATE REPORT
NATIONAL WEATHER SERVICE BLACKSBURG VA
535 AM EST WED JAN 28 2015


...................................

...THE ROANOKE VA CLIMATE SUMMARY FOR JANUARY 27 2015...

CLIMATE NORMAL PERIOD 1981 TO 2010
CLIMATE RECORD PERIOD 1912 TO 2015


WEATHER ITEM   OBSERVED TIME   RECORD YEAR NORMAL DEPARTURE LAST
                VALUE   (LST)  VALUE       VALUE  FROM      YEAR
                                                  NORMAL
..................................................................
TEMPERATURE (F)
 YESTERDAY
  MAXIMUM         41    306 PM  75    1999  46     -5       54
                                      1944
  MINIMUM         22   1155 PM   2    1987  28     -6       19
  AVERAGE         32                        37     -5       37

PRECIPITATION (IN)
  YESTERDAY        T             1.76 1998   0.09  -0.09     0.00
  MONTH TO DATE    1.30                      2.53  -1.23     1.76
  SINCE DEC 1      3.84                      5.47  -1.63     6.14
  SINCE JAN 1      1.30                      2.53  -1.23     1.76

SNOWFALL (IN)
  YESTERDAY        T
  MONTH TO DATE    0.2
  SINCE DEC 1      0.2
  SINCE JUL 1      0.7
  SNOW DEPTH       0

DEGREE DAYS
 HEATING
  YESTERDAY       33                        28      5       28
  MONTH TO DATE  770                       773     -3      900
  SINCE DEC 1   1467                      1579   -112     1595
  SINCE JUL 1   2345                      2383    -38     2467

 COOLING
  YESTERDAY        0                         0      0        0
  MONTH TO DATE    0                         0      0        0
  SINCE DEC 1      0                         0      0        0
  SINCE JAN 1      0                         0      0        0
..................................................................


WIND (MPH)
  HIGHEST WIND SPEED    25   HIGHEST WIND DIRECTION    NW (310)
  HIGHEST GUST SPEED    32   HIGHEST GUST DIRECTION    NW (310)
  AVERAGE WIND SPEED    11.8


SKY COVER
  POSSIBLE SUNSHINE  MM
  AVERAGE SKY COVER 0.2


WEATHER CONDITIONS
 THE FOLLOWING WEATHER WAS RECORDED YESTERDAY.
  LIGHT SNOW


RELATIVE HUMIDITY (PERCENT)
 HIGHEST    69           100 AM
 LOWEST     20           300 PM
 AVERAGE    45

..........................................................


THE ROANOKE VA CLIMATE NORMALS FOR TODAY
                         NORMAL    RECORD    YEAR
 MAXIMUM TEMPERATURE (F)   46        75      1944
 MINIMUM TEMPERATURE (F)   28         4      1963
                                             1940


SUNRISE AND SUNSET
JANUARY 28 2015.......SUNRISE   726 AM EST   SUNSET   540 PM EST
JANUARY 29 2015.......SUNRISE   726 AM EST   SUNSET   541 PM EST


-  INDICATES NEGATIVE NUMBERS.
R  INDICATES RECORD WAS SET OR TIED.
MM INDICATES DATA IS MISSING.
T  INDICATES TRACE AMOUNT.




$$






U.S. Dept. of Commerce
NOAA National Weather Service
1325 East West Highway
Silver Spring, MD 20910
E-mail: w-nws.webmaster@noaa.gov
Page last modified: May 16, 2007
NATIONAL WEATHER SERVICE: for Safety, for Work, for Fun - FOR LIFE