414
CDUS45 KREV 220837
CLIRNO


CLIMATE REPORT
NATIONAL WEATHER SERVICE RENO NV
137 AM PDT MON SEP 22 2014


...................................

...THE RENO TAHOE AIRPORT NV CLIMATE SUMMARY FOR SEPTEMBER 21 2014...

CLIMATE NORMAL PERIOD 1981 TO 2010
CLIMATE RECORD PERIOD 1888 TO 2014


WEATHER ITEM   OBSERVED TIME   RECORD YEAR NORMAL DEPARTURE LAST
                VALUE   (LST)  VALUE       VALUE  FROM      YEAR
                                                  NORMAL
..................................................................
TEMPERATURE (F)
 YESTERDAY
  MAXIMUM         76    310 PM  91    2012  80     -4       69
  MINIMUM         58   1147 PM  24    1895  47     11       49
  AVERAGE         67                        64      3       59

PRECIPITATION (IN)
  YESTERDAY        T             0.13 1916   0.02  -0.02      T
  MONTH TO DATE    0.01                      0.21  -0.20      T
  SINCE OCT 1      4.25                      7.26  -3.01     6.08
  SINCE JAN 1      3.29                      4.90  -1.61     3.04

SNOWFALL (IN)
  YESTERDAY        0.0           0.0    MM   0.0    0.0      0.0
  MONTH TO DATE    0.0                       0.0    0.0      0.0
  SINCE SEP 1      0.0                       0.0    0.0      0.0
  SINCE JUL 1      0.0                       0.0    0.0       T
  SNOW DEPTH       0

DEGREE DAYS
 HEATING
  YESTERDAY        0                         3     -3        6
  MONTH TO DATE    0                        39    -39       14
  SINCE SEP 1      0                        39    -39       14
  SINCE JUL 1      4                        49    -45       14

 COOLING
  YESTERDAY        2                         2      0        0
  MONTH TO DATE  153                        75     78      139
  SINCE SEP 1    153                        75     78      139
  SINCE JAN 1   1189                       821    368     1172
..................................................................


WIND (MPH)
  RESULTANT WIND SPEED   2   RESULTANT WIND DIRECTION   W (260)
  HIGHEST WIND SPEED    17   HIGHEST WIND DIRECTION     S (190)
  HIGHEST GUST SPEED    23   HIGHEST GUST DIRECTION    NW (320)
  AVERAGE WIND SPEED     5.6



WEATHER CONDITIONS
 THE FOLLOWING WEATHER WAS RECORDED YESTERDAY.
  HAZE


RELATIVE HUMIDITY (PERCENT)
 HIGHEST    56           700 AM
 LOWEST     31           300 PM
 AVERAGE    44

..........................................................


THE RENO TAHOE AIRPORT NV CLIMATE NORMALS FOR TODAY
                         NORMAL    RECORD    YEAR
 MAXIMUM TEMPERATURE (F)   80        94      2011
 MINIMUM TEMPERATURE (F)   47        23      1968


SUNRISE AND SUNSET
SEPTEMBER 22 2014.....SUNRISE   647 AM PDT   SUNSET   656 PM PDT
SEPTEMBER 23 2014.....SUNRISE   648 AM PDT   SUNSET   654 PM PDT


-  INDICATES NEGATIVE NUMBERS.
R  INDICATES RECORD WAS SET OR TIED.
MM INDICATES DATA IS MISSING.
T  INDICATES TRACE AMOUNT.




$$






U.S. Dept. of Commerce
NOAA National Weather Service
1325 East West Highway
Silver Spring, MD 20910
E-mail: w-nws.webmaster@noaa.gov
Page last modified: May 16, 2007
NATIONAL WEATHER SERVICE: for Safety, for Work, for Fun - FOR LIFE