264
CDUS45 KREV 230842
CLIRNO


CLIMATE REPORT
NATIONAL WEATHER SERVICE RENO NV
1241 AM PST SUN NOV 23 2014


...................................

...THE RENO TAHOE AIRPORT NV CLIMATE SUMMARY FOR NOVEMBER 22 2014...

CLIMATE NORMAL PERIOD 1981 TO 2010
CLIMATE RECORD PERIOD 1888 TO 2014


WEATHER ITEM   OBSERVED TIME   RECORD YEAR NORMAL DEPARTURE LAST
                VALUE   (LST)  VALUE       VALUE  FROM      YEAR
                                                  NORMAL
..................................................................
TEMPERATURE (F)
 YESTERDAY
  MAXIMUM         61   1033 AM  69    1915  52      9       44
  MINIMUM         37   1020 PM   7    1975  29      8       23
  AVERAGE         49                        40      9       34

PRECIPITATION (IN)
  YESTERDAY        T             0.29 1982   0.03  -0.03     0.00
  MONTH TO DATE    0.19                      0.58  -0.39     0.49
  SINCE OCT 1      0.37                      1.09  -0.72     0.55
  SINCE JAN 1      3.94                      6.13  -2.19     3.61

SNOWFALL (IN)
  YESTERDAY        0.0           3.3  1982   0.1   -0.1      0.0
  MONTH TO DATE    0.0                       2.1   -2.1      0.4
  SINCE SEP 1      0.0                       2.5   -2.5      0.4
  SINCE JUL 1      0.0                       2.5   -2.5      0.4
  SNOW DEPTH       0

DEGREE DAYS
 HEATING
  YESTERDAY       16                        25     -9       31
  MONTH TO DATE  422                       460    -38      409
  SINCE SEP 1    673                       886   -213      910
  SINCE JUL 1    677                       896   -219      910

 COOLING
  YESTERDAY        0                         0      0        0
  MONTH TO DATE    0                         0      0        0
  SINCE SEP 1    175                        93     82      141
  SINCE JAN 1   1211                       839    372     1174
..................................................................


WIND (MPH)
  RESULTANT WIND SPEED   8   RESULTANT WIND DIRECTION   W (270)
  HIGHEST WIND SPEED    31   HIGHEST WIND DIRECTION     W (250)
  HIGHEST GUST SPEED    42   HIGHEST GUST DIRECTION     W (270)
  AVERAGE WIND SPEED    12.5



WEATHER CONDITIONS
 THE FOLLOWING WEATHER WAS RECORDED YESTERDAY.
  LIGHT RAIN


RELATIVE HUMIDITY (PERCENT)
 HIGHEST    70          1200 AM
 LOWEST     36           100 PM
 AVERAGE    53

..........................................................


THE RENO TAHOE AIRPORT NV CLIMATE NORMALS FOR TODAY
                         NORMAL    RECORD    YEAR
 MAXIMUM TEMPERATURE (F)   52        69      1970
 MINIMUM TEMPERATURE (F)   29         9      1947


SUNRISE AND SUNSET
NOVEMBER 23 2014......SUNRISE   652 AM PST   SUNSET   439 PM PST
NOVEMBER 24 2014......SUNRISE   653 AM PST   SUNSET   438 PM PST


-  INDICATES NEGATIVE NUMBERS.
R  INDICATES RECORD WAS SET OR TIED.
MM INDICATES DATA IS MISSING.
T  INDICATES TRACE AMOUNT.




$$






U.S. Dept. of Commerce
NOAA National Weather Service
1325 East West Highway
Silver Spring, MD 20910
E-mail: w-nws.webmaster@noaa.gov
Page last modified: May 16, 2007
NATIONAL WEATHER SERVICE: for Safety, for Work, for Fun - FOR LIFE