752
CDUS45 KREV 190836
CLIRNO


CLIMATE REPORT
NATIONAL WEATHER SERVICE RENO NV
135 AM PDT SAT APR 19 2014


...................................

...THE RENO TAHOE AIRPORT NV CLIMATE SUMMARY FOR APRIL 18 2014...

CLIMATE NORMAL PERIOD 1981 TO 2010
CLIMATE RECORD PERIOD 1888 TO 2014


WEATHER ITEM   OBSERVED TIME   RECORD YEAR NORMAL DEPARTURE LAST
                VALUE   (LST)  VALUE       VALUE  FROM      YEAR
                                                  NORMAL
..................................................................
TEMPERATURE (F)
 YESTERDAY
  MAXIMUM         74    251 PM  83    1989  64     10       62
  MINIMUM         48    544 AM  18    1968  38     10       31
  AVERAGE         61                        51     10       47

PRECIPITATION (IN)
  YESTERDAY        T             0.40 2002   0.02  -0.02     0.00
  MONTH TO DATE    T                         0.29  -0.29     0.23
  SINCE OCT 1      2.11                      5.46  -3.35     3.68
  SINCE JAN 1      1.15                      3.10  -1.95     0.64

SNOWFALL (IN)
  YESTERDAY        0.0           1.1  1979   0.0    0.0      0.0
  MONTH TO DATE    T                         0.4   -0.4       T
  SINCE MAR 1      T                         2.4   -2.4      0.1
  SINCE JUL 1      6.2                      21.4  -15.2      9.4
  SNOW DEPTH       0

DEGREE DAYS
 HEATING
  YESTERDAY        4                        14    -10       18
  MONTH TO DATE  180                       281   -101      259
  SINCE MAR 1    690                       879   -189      736
  SINCE JUL 1   4274                      4517   -243     4220

 COOLING
  YESTERDAY        0                         0      0        0
  MONTH TO DATE    0                         0      0        0
  SINCE MAR 1      0                         0      0        0
  SINCE JAN 1      0                         0      0        0
..................................................................


WIND (MPH)
  RESULTANT WIND SPEED   4   RESULTANT WIND DIRECTION   N (350)
  HIGHEST WIND SPEED    25   HIGHEST WIND DIRECTION     W (270)
  HIGHEST GUST SPEED    31   HIGHEST GUST DIRECTION     W (270)
  AVERAGE WIND SPEED     7.4



WEATHER CONDITIONS
 THE FOLLOWING WEATHER WAS RECORDED YESTERDAY.
  LIGHT RAIN


RELATIVE HUMIDITY (PERCENT)
 HIGHEST    66           500 AM
 LOWEST     23           300 PM
 AVERAGE    45

..........................................................


THE RENO TAHOE AIRPORT NV CLIMATE NORMALS FOR TODAY
                         NORMAL    RECORD    YEAR
 MAXIMUM TEMPERATURE (F)   65        83      1888
 MINIMUM TEMPERATURE (F)   38        20      1955


SUNRISE AND SUNSET
APRIL 19 2014.........SUNRISE   616 AM PDT   SUNSET   741 PM PDT
APRIL 20 2014.........SUNRISE   615 AM PDT   SUNSET   742 PM PDT


-  INDICATES NEGATIVE NUMBERS.
R  INDICATES RECORD WAS SET OR TIED.
MM INDICATES DATA IS MISSING.
T  INDICATES TRACE AMOUNT.




$$






U.S. Dept. of Commerce
NOAA National Weather Service
1325 East West Highway
Silver Spring, MD 20910
E-mail: w-nws.webmaster@noaa.gov
Page last modified: May 16, 2007
NATIONAL WEATHER SERVICE: for Safety, for Work, for Fun - FOR LIFE