229
CDUS45 KREV 241621
CLIRNO


CLIMATE REPORT
NATIONAL WEATHER SERVICE RENO NV
921 AM PDT FRI OCT 24 2014


...................................

...THE RENO TAHOE AIRPORT NV CLIMATE SUMMARY FOR OCTOBER 23 2014...

CLIMATE NORMAL PERIOD 1981 TO 2010
CLIMATE RECORD PERIOD 1888 TO 2014


WEATHER ITEM   OBSERVED TIME   RECORD YEAR NORMAL DEPARTURE LAST
                VALUE   (LST)  VALUE       VALUE  FROM      YEAR
                                                  NORMAL
..................................................................
TEMPERATURE (F)
 YESTERDAY
  MAXIMUM         72    206 PM  83    1937  66      6       75
  MINIMUM         44    630 AM  16    1961  37      7       36
  AVERAGE         58                        51      7       56

PRECIPITATION (IN)
  YESTERDAY        0.00          0.46 1956   0.02  -0.02     0.00
  MONTH TO DATE    T                         0.37  -0.37     0.01
  SINCE OCT 1      T                         0.37  -0.37     0.01
  SINCE JAN 1      3.57                      5.41  -1.84     3.07

SNOWFALL (IN)
  YESTERDAY        0.0           1.0  1956   0.0    0.0      0.0
  MONTH TO DATE    0.0                       0.2   -0.2      0.0
  SINCE SEP 1      0.0                       0.3   -0.3      0.0
  SINCE JUL 1      0.0                       0.3   -0.3       T
  SNOW DEPTH       0

DEGREE DAYS
 HEATING
  YESTERDAY        7                        14     -7        9
  MONTH TO DATE  113                       224   -111      284
  SINCE SEP 1    162                       304   -142      369
  SINCE JUL 1    166                       314   -148      369

 COOLING
  YESTERDAY        0                         0      0        0
  MONTH TO DATE    5                         4      1        0
  SINCE SEP 1    175                        92     83      141
  SINCE JAN 1   1211                       838    373     1174
..................................................................


WIND (MPH)
  RESULTANT WIND SPEED   1   RESULTANT WIND DIRECTION  NW (320)
  HIGHEST WIND SPEED    22   HIGHEST WIND DIRECTION     W (290)
  HIGHEST GUST SPEED    27   HIGHEST GUST DIRECTION     S (180)
  AVERAGE WIND SPEED     4.9



WEATHER CONDITIONS
 THE FOLLOWING WEATHER WAS RECORDED YESTERDAY.
  NO SIGNIFICANT WEATHER WAS OBSERVED.


RELATIVE HUMIDITY (PERCENT)
 HIGHEST    58           600 AM
 LOWEST     19           100 PM
 AVERAGE    39

..........................................................


THE RENO TAHOE AIRPORT NV CLIMATE NORMALS FOR TODAY
                         NORMAL    RECORD    YEAR
 MAXIMUM TEMPERATURE (F)   66        89      1959
 MINIMUM TEMPERATURE (F)   36        18      1956
                                             1945


SUNRISE AND SUNSET
OCTOBER 24 2014.......SUNRISE   719 AM PDT   SUNSET   607 PM PDT
OCTOBER 25 2014.......SUNRISE   720 AM PDT   SUNSET   606 PM PDT


-  INDICATES NEGATIVE NUMBERS.
R  INDICATES RECORD WAS SET OR TIED.
MM INDICATES DATA IS MISSING.
T  INDICATES TRACE AMOUNT.




$$





U.S. Dept. of Commerce
NOAA National Weather Service
1325 East West Highway
Silver Spring, MD 20910
E-mail: w-nws.webmaster@noaa.gov
Page last modified: May 16, 2007
NATIONAL WEATHER SERVICE: for Safety, for Work, for Fun - FOR LIFE