728
CDUS45 KREV 280843 CCA
CLIRNO

CLIMATE REPORT
NATIONAL WEATHER SERVICE RENO NV
1239 AM PST WED JAN 28 2015


...................................

...THE RENO TAHOE AIRPORT NV CLIMATE SUMMARY FOR JANUARY 27 2015...

CLIMATE NORMAL PERIOD 1981 TO 2010
CLIMATE RECORD PERIOD 1888 TO 2015


WEATHER ITEM   OBSERVED TIME   RECORD YEAR NORMAL DEPARTURE LAST
                VALUE   (LST)  VALUE       VALUE  FROM      YEAR
                                                  NORMAL
..................................................................
TEMPERATURE (F)
 YESTERDAY
  MAXIMUM         51    431 PM  64    1987  47      4       56
  MINIMUM         35   1152 PM  -7    1890  26      9       24
  AVERAGE         43                        37      6       40

PRECIPITATION (IN)
  YESTERDAY        0.06          0.71 1916   0.02   0.04     0.00
  MONTH TO DATE    0.06                      0.91  -0.85      T
  SINCE OCT 1      1.48                      3.27  -1.79     0.96
  SINCE JAN 1      0.06                      0.91  -0.85      T

SNOWFALL (IN)
  YESTERDAY        0.0          10.0  1916   0.1   -0.1      0.0
  MONTH TO DATE    0.0                       5.2   -5.2      0.0
  SINCE DEC 1      2.2                      10.1   -7.9      4.3
  SINCE JUL 1      2.2                      13.6  -11.4      4.7
  SNOW DEPTH       0

DEGREE DAYS
 HEATING
  YESTERDAY       22                        28     -6       25
  MONTH TO DATE  668                       800   -132      704
  SINCE DEC 1   1434                      1721   -287     1820
  SINCE JUL 1   2259                      2824   -565     2938

 COOLING
  YESTERDAY        0                         0      0        0
  MONTH TO DATE    0                         0      0        0
  SINCE DEC 1      0                         0      0        0
  SINCE JAN 1      0                         0      0        0
..................................................................


WIND (MPH)
  RESULTANT WIND SPEED   3   RESULTANT WIND DIRECTION  NW (310)
  HIGHEST WIND SPEED    21   HIGHEST WIND DIRECTION     W (290)
  HIGHEST GUST SPEED    27   HIGHEST GUST DIRECTION     W (290)
  AVERAGE WIND SPEED     5.5



WEATHER CONDITIONS
 THE FOLLOWING WEATHER WAS RECORDED YESTERDAY.
  LIGHT RAIN
  FOG


RELATIVE HUMIDITY (PERCENT)
 HIGHEST    89          1000 AM
 LOWEST     39           500 PM
 AVERAGE    64

..........................................................


THE RENO TAHOE AIRPORT NV CLIMATE NORMALS FOR TODAY
                         NORMAL    RECORD    YEAR
 MAXIMUM TEMPERATURE (F)   47        64      2011
 MINIMUM TEMPERATURE (F)   26        -4      1949
                                             1898


SUNRISE AND SUNSET
JANUARY 28 2015.......SUNRISE   710 AM PST   SUNSET   514 PM PST
JANUARY 29 2015.......SUNRISE   709 AM PST   SUNSET   516 PM PST


-  INDICATES NEGATIVE NUMBERS.
R  INDICATES RECORD WAS SET OR TIED.
MM INDICATES DATA IS MISSING.
T  INDICATES TRACE AMOUNT.




$$







U.S. Dept. of Commerce
NOAA National Weather Service
1325 East West Highway
Silver Spring, MD 20910
E-mail: w-nws.webmaster@noaa.gov
Page last modified: May 16, 2007
NATIONAL WEATHER SERVICE: for Safety, for Work, for Fun - FOR LIFE