561
CDUS45 KREV 280037
CLIRNO


CLIMATE REPORT
NATIONAL WEATHER SERVICE RENO NV
436 PM PST THU NOV 27 2014


...................................

...THE RENO TAHOE AIRPORT NV CLIMATE SUMMARY FOR NOVEMBER 27 2014...
VALID TODAY AS OF 0400 PM LOCAL TIME.

CLIMATE NORMAL PERIOD 1981 TO 2010
CLIMATE RECORD PERIOD 1888 TO 2014


WEATHER ITEM   OBSERVED TIME   RECORD YEAR NORMAL DEPARTURE LAST
                VALUE   (LST)  VALUE       VALUE  FROM      YEAR
                                                  NORMAL
..................................................................
TEMPERATURE (F)
 TODAY
  MAXIMUM         73R   210 PM  70    1946  50     23       54
  MINIMUM         41    658 AM   7    1948  28     13       28
  AVERAGE         57                        39     18       41

PRECIPITATION (IN)
  TODAY            0.00          0.65 2004   0.03  -0.03     0.00
  MONTH TO DATE    0.19                      0.73  -0.54     0.49
  SINCE OCT 1      0.37                      1.24  -0.87     0.55
  SINCE JAN 1      3.94                      6.28  -2.34     3.61

SNOWFALL (IN)
  TODAY            0.0           4.5  2004   0.2   -0.2      0.0
  MONTH TO DATE    0.0                       2.8   -2.8      0.4
  SINCE SEP 1      0.0                       3.2   -3.2      0.4
  SINCE JUL 1      0.0                       3.2   -3.2      0.4
  SNOW DEPTH       0

DEGREE DAYS
 HEATING
  TODAY            8                        26    -18       24
  MONTH TO DATE  520                       588    -68      543
  SINCE SEP 1    771                      1014   -243     1044
  SINCE JUL 1    775                      1024   -249     1044

 COOLING
  TODAY            0                         0      0        0
  MONTH TO DATE    0                         0      0        0
  SINCE SEP 1    175                        93     82      141
  SINCE JAN 1   1211                       839    372     1174
..................................................................


WIND (MPH)
  RESULTANT WIND SPEED   1   RESULTANT WIND DIRECTION  SE (150)
  HIGHEST WIND SPEED    22   HIGHEST WIND DIRECTION     S (190)
  HIGHEST GUST SPEED    26   HIGHEST GUST DIRECTION    SW (210)
  AVERAGE WIND SPEED     4.8



WEATHER CONDITIONS
 THE FOLLOWING WEATHER WAS RECORDED TODAY.
  NO SIGNIFICANT WEATHER WAS OBSERVED.


RELATIVE HUMIDITY (PERCENT)
 HIGHEST    55           700 AM
 LOWEST     11           200 PM
 AVERAGE    33

..........................................................


THE RENO TAHOE AIRPORT NV CLIMATE NORMALS FOR TOMORROW
                         NORMAL    RECORD    YEAR
 MAXIMUM TEMPERATURE (F)   50        69      1949
 MINIMUM TEMPERATURE (F)   28         6      1919


SUNRISE AND SUNSET
NOVEMBER 27 2014......SUNRISE   656 AM PST   SUNSET   437 PM PST
NOVEMBER 28 2014......SUNRISE   657 AM PST   SUNSET   437 PM PST


-  INDICATES NEGATIVE NUMBERS.
R  INDICATES RECORD WAS SET OR TIED.
MM INDICATES DATA IS MISSING.
T  INDICATES TRACE AMOUNT.




$$






U.S. Dept. of Commerce
NOAA National Weather Service
1325 East West Highway
Silver Spring, MD 20910
E-mail: w-nws.webmaster@noaa.gov
Page last modified: May 16, 2007
NATIONAL WEATHER SERVICE: for Safety, for Work, for Fun - FOR LIFE