237
CDUS45 KREV 190835
CLIRNO


CLIMATE REPORT
NATIONAL WEATHER SERVICE RENO NV
1235 AM PST FRI DEC 19 2014


...................................

...THE RENO TAHOE AIRPORT NV CLIMATE SUMMARY FOR DECEMBER 18 2014...

CLIMATE NORMAL PERIOD 1981 TO 2010
CLIMATE RECORD PERIOD 1888 TO 2014


WEATHER ITEM   OBSERVED TIME   RECORD YEAR NORMAL DEPARTURE LAST
                VALUE   (LST)  VALUE       VALUE  FROM      YEAR
                                                  NORMAL
..................................................................
TEMPERATURE (F)
 YESTERDAY
  MAXIMUM         50    403 PM  64    1917  45      5       45
  MINIMUM         30    756 AM  -1    1908  25      5       24
  AVERAGE         40                        35      5       35

PRECIPITATION (IN)
  YESTERDAY        0.00          0.85 2005   0.04  -0.04     0.00
  MONTH TO DATE    0.84                      0.55   0.29     0.39
  SINCE OCT 1      1.33                      1.88  -0.55     0.94
  SINCE JAN 1      4.90                      6.92  -2.02     4.00

SNOWFALL (IN)
  YESTERDAY        0.0           5.6  1978   0.1   -0.1      0.0
  MONTH TO DATE    0.4                       2.1   -1.7      3.8
  SINCE DEC 1      0.4                       2.1   -1.7      3.8
  SINCE JUL 1      0.4                       5.6   -5.2      4.2
  SNOW DEPTH       0

DEGREE DAYS
 HEATING
  YESTERDAY       25                        30     -5       30
  MONTH TO DATE  404                       523   -119      721
  SINCE DEC 1    404                       523   -119      721
  SINCE JUL 1   1229                      1626   -397     1839

 COOLING
  YESTERDAY        0                         0      0        0
  MONTH TO DATE    0                         0      0        0
  SINCE DEC 1      0                         0      0        0
  SINCE JAN 1   1211                       839    372     1174
..................................................................


WIND (MPH)
  RESULTANT WIND SPEED   1   RESULTANT WIND DIRECTION   E (100)
  HIGHEST WIND SPEED     7   HIGHEST WIND DIRECTION     N (10)
  HIGHEST GUST SPEED    10   HIGHEST GUST DIRECTION     N (340)
  AVERAGE WIND SPEED     1.5



WEATHER CONDITIONS
 THE FOLLOWING WEATHER WAS RECORDED YESTERDAY.
  NO SIGNIFICANT WEATHER WAS OBSERVED.


RELATIVE HUMIDITY (PERCENT)
 HIGHEST    85           500 AM
 LOWEST     42           300 PM
 AVERAGE    64

..........................................................


THE RENO TAHOE AIRPORT NV CLIMATE NORMALS FOR TODAY
                         NORMAL    RECORD    YEAR
 MAXIMUM TEMPERATURE (F)   45        67      1917
 MINIMUM TEMPERATURE (F)   24        -3      1978


SUNRISE AND SUNSET
DECEMBER 19 2014......SUNRISE   715 AM PST   SUNSET   438 PM PST
DECEMBER 20 2014......SUNRISE   715 AM PST   SUNSET   438 PM PST


-  INDICATES NEGATIVE NUMBERS.
R  INDICATES RECORD WAS SET OR TIED.
MM INDICATES DATA IS MISSING.
T  INDICATES TRACE AMOUNT.




$$






U.S. Dept. of Commerce
NOAA National Weather Service
1325 East West Highway
Silver Spring, MD 20910
E-mail: w-nws.webmaster@noaa.gov
Page last modified: May 16, 2007
NATIONAL WEATHER SERVICE: for Safety, for Work, for Fun - FOR LIFE