756
CDUS46 KSGX 221419
CLIRNM


CLIMATE REPORT
NATIONAL WEATHER SERVICE SAN DIEGO, CA
619 AM PST SAT NOV 22 2014


...................................

...THE RAMONA AIRPORT CA CLIMATE SUMMARY FOR NOVEMBER 21 2014...

CLIMATE NORMAL PERIOD 1981 TO 2010
CLIMATE RECORD PERIOD 1974 TO 2014


WEATHER ITEM   OBSERVED TIME   RECORD YEAR NORMAL DEPARTURE LAST
                VALUE   (LST)  VALUE       VALUE  FROM      YEAR
                                                  NORMAL
..................................................................
TEMPERATURE (F)
 YESTERDAY
  MAXIMUM         66    201 PM  87    2008  69     -3       60
  MINIMUM         45   1159 PM  23    1994  38      7       45
  AVERAGE         56                        54      2       53

PRECIPITATION (IN)
  YESTERDAY        0.36          0.82 2004   0.04   0.32     0.15
  MONTH TO DATE    0.93                      0.86   0.07     0.20
  SINCE JUL 1      1.34                      2.15  -0.81     1.91
  SINCE JAN 1      6.43                     13.48  -7.05     6.41

SNOWFALL (IN)
  YESTERDAY        0.0
  MONTH TO DATE    0.0
  SINCE JAN 1      0.0
  SINCE JUL 1      0.0
  SNOW DEPTH       0

DEGREE DAYS
 HEATING
  YESTERDAY        9                        11     -2       12
  MONTH TO DATE  127                       176    -49      170
  SINCE SEP 1    143                       292   -149      321
  SINCE JUL 1    143                       295   -152      322

 COOLING
  YESTERDAY        0                         0      0        0
  MONTH TO DATE    2                         4     -2        5
  SINCE SEP 1    380                       235    145      234
  SINCE JAN 1   1119                       848    271      898
..................................................................


WIND (MPH)
  RESULTANT WIND SPEED   3   RESULTANT WIND DIRECTION   W (280)
  HIGHEST WIND SPEED    17   HIGHEST WIND DIRECTION     W (270)
  HIGHEST GUST SPEED    22   HIGHEST GUST DIRECTION     W (270)
  AVERAGE WIND SPEED     4.6


SKY COVER
  POSSIBLE SUNSHINE  MM
  AVERAGE SKY COVER 0.5


WEATHER CONDITIONS
 THE FOLLOWING WEATHER WAS RECORDED YESTERDAY.
  HEAVY RAIN
  RAIN
  LIGHT RAIN
  FOG


RELATIVE HUMIDITY (PERCENT)
 HIGHEST   100          1000 PM
 LOWEST     52           100 PM
 AVERAGE    76

..........................................................


THE RAMONA AIRPORT CA CLIMATE NORMALS FOR TODAY
                         NORMAL    RECORD    YEAR
 MAXIMUM TEMPERATURE (F)   69        84      2005
 MINIMUM TEMPERATURE (F)   38        30      2011


SUNRISE AND SUNSET
NOVEMBER 22 2014......SUNRISE   625 AM PST   SUNSET   443 PM PST
NOVEMBER 23 2014......SUNRISE   626 AM PST   SUNSET   442 PM PST


-  INDICATES NEGATIVE NUMBERS.
R  INDICATES RECORD WAS SET OR TIED.
MM INDICATES DATA IS MISSING.
T  INDICATES TRACE AMOUNT.




$$





U.S. Dept. of Commerce
NOAA National Weather Service
1325 East West Highway
Silver Spring, MD 20910
E-mail: w-nws.webmaster@noaa.gov
Page last modified: May 16, 2007
NATIONAL WEATHER SERVICE: for Safety, for Work, for Fun - FOR LIFE