570
CDUS46 KSGX 231425
CLIRNM


CLIMATE REPORT
NATIONAL WEATHER SERVICE SAN DIEGO, CA
725 AM PDT THU OCT 23 2014


...................................

...THE RAMONA AIRPORT CA CLIMATE SUMMARY FOR OCTOBER 22 2014...

CLIMATE NORMAL PERIOD 1981 TO 2010
CLIMATE RECORD PERIOD 1974 TO 2014


WEATHER ITEM   OBSERVED TIME   RECORD YEAR NORMAL DEPARTURE LAST
                VALUE   (LST)  VALUE       VALUE  FROM      YEAR
                                                  NORMAL
..................................................................
TEMPERATURE (F)
 YESTERDAY
  MAXIMUM         88   1103 AM  98    2003  78     10       79
  MINIMUM         43    522 AM  36    2013  46     -3       36
  AVERAGE         66                        62      4       58

PRECIPITATION (IN)
  YESTERDAY        0.00          0.09 1997   0.03  -0.03     0.00
  MONTH TO DATE    T                         0.45  -0.45     1.10
  SINCE JUL 1      0.41                      1.02  -0.61     1.19
  SINCE JAN 1      5.50                     12.35  -6.85     5.69

SNOWFALL (IN)
  YESTERDAY        0.0
  MONTH TO DATE    0.0
  SINCE JAN 1      0.0
  SINCE JUL 1      0.0
  SNOW DEPTH       0

DEGREE DAYS
 HEATING
  YESTERDAY        0                         4     -4        7
  MONTH TO DATE    6                        58    -52       83
  SINCE SEP 1      6                        73    -67       97
  SINCE JUL 1      6                        76    -70       98

 COOLING
  YESTERDAY        1                         1      0        0
  MONTH TO DATE   72                        42     30        9
  SINCE SEP 1    367                       222    145      228
  SINCE JAN 1   1106                       835    271      892
..................................................................


WIND (MPH)
  RESULTANT WIND SPEED   2   RESULTANT WIND DIRECTION   W (290)
  HIGHEST WIND SPEED    14   HIGHEST WIND DIRECTION     W (270)
  HIGHEST GUST SPEED    17   HIGHEST GUST DIRECTION     W (290)
  AVERAGE WIND SPEED     3.6


SKY COVER
  POSSIBLE SUNSHINE  MM
  AVERAGE SKY COVER 0.0


WEATHER CONDITIONS
 THE FOLLOWING WEATHER WAS RECORDED YESTERDAY.
  FOG


RELATIVE HUMIDITY (PERCENT)
 HIGHEST    93          1200 AM
 LOWEST      6          1100 AM
 AVERAGE    50

..........................................................


THE RAMONA AIRPORT CA CLIMATE NORMALS FOR TODAY
                         NORMAL    RECORD    YEAR
 MAXIMUM TEMPERATURE (F)   78        97      2003
 MINIMUM TEMPERATURE (F)   46        33      1996


SUNRISE AND SUNSET
OCTOBER 23 2014.......SUNRISE   658 AM PDT   SUNSET   605 PM PDT
OCTOBER 24 2014.......SUNRISE   659 AM PDT   SUNSET   604 PM PDT


-  INDICATES NEGATIVE NUMBERS.
R  INDICATES RECORD WAS SET OR TIED.
MM INDICATES DATA IS MISSING.
T  INDICATES TRACE AMOUNT.




$$





U.S. Dept. of Commerce
NOAA National Weather Service
1325 East West Highway
Silver Spring, MD 20910
E-mail: w-nws.webmaster@noaa.gov
Page last modified: May 16, 2007
NATIONAL WEATHER SERVICE: for Safety, for Work, for Fun - FOR LIFE