262
CDUS41 KRNK 020911
CLIRNK


CLIMATE REPORT
NATIONAL WEATHER SERVICE BLACKSBURG VA
507 AM EDT TUE SEP 2 2014


...................................

...THE BLACKSBURG VA CLIMATE SUMMARY FOR SEPTEMBER 1 2014...

CLIMATE NORMAL PERIOD 1981 TO 2010
CLIMATE RECORD PERIOD 1952 TO 2014


WEATHER ITEM   OBSERVED TIME   RECORD YEAR NORMAL DEPARTURE LAST
                VALUE   (LST)  VALUE       VALUE  FROM      YEAR
                                                  NORMAL
..................................................................
TEMPERATURE (F)
 YESTERDAY
  MAXIMUM         85    300 PM  95    1953  80      5       79
  MINIMUM         68   1100 PM  41    1999  56     12       61
  AVERAGE         77                        68      9       70

PRECIPITATION (IN)
  YESTERDAY        0.00          1.03 1959   0.11  -0.11     0.03
  MONTH TO DATE    0.00                      0.11  -0.11     0.03
  SINCE SEP 1      0.00                      0.11  -0.11     0.03
  SINCE JAN 1     25.77                     29.30  -3.53    39.58

SNOWFALL (IN)
  YESTERDAY        0.0
  MONTH TO DATE    0.0
  SINCE SEP 1      0.0
  SINCE JUL 1      0.0
  SNOW DEPTH       0

DEGREE DAYS
 HEATING
  YESTERDAY        0                         1     -1        0
  MONTH TO DATE    0                         1     -1        0
  SINCE SEP 1      0                         1     -1        0
  SINCE JUL 1     11                        19     -8       23

 COOLING
  YESTERDAY       12                         4      8        5
  MONTH TO DATE   12                         4      8        5
  SINCE SEP 1     12                         4      8        5
  SINCE JAN 1    542                       516     26      511
..................................................................


WIND (MPH)
  HIGHEST WIND SPEED     9   HIGHEST WIND DIRECTION     W (280)
  HIGHEST GUST SPEED    MM   HIGHEST GUST DIRECTION    MM
  AVERAGE WIND SPEED     3.0


SKY COVER
  POSSIBLE SUNSHINE  MM
  AVERAGE SKY COVER 0.2


WEATHER CONDITIONS
 THE FOLLOWING WEATHER WAS RECORDED YESTERDAY.
  NO SIGNIFICANT WEATHER WAS OBSERVED.


RELATIVE HUMIDITY (PERCENT)
 HIGHEST   100          1200 AM
 LOWEST     55           300 PM
 AVERAGE    78

..........................................................


THE BLACKSBURG VA CLIMATE NORMALS FOR TODAY
                         NORMAL    RECORD    YEAR
 MAXIMUM TEMPERATURE (F)   80        96      1953
 MINIMUM TEMPERATURE (F)   56        37      1967


SUNRISE AND SUNSET
SEPTEMBER  2 2014.....SUNRISE   653 AM EDT   SUNSET   749 PM EDT
SEPTEMBER  3 2014.....SUNRISE   654 AM EDT   SUNSET   747 PM EDT


-  INDICATES NEGATIVE NUMBERS.
R  INDICATES RECORD WAS SET OR TIED.
MM INDICATES DATA IS MISSING.
T  INDICATES TRACE AMOUNT.




$$





U.S. Dept. of Commerce
NOAA National Weather Service
1325 East West Highway
Silver Spring, MD 20910
E-mail: w-nws.webmaster@noaa.gov
Page last modified: May 16, 2007
NATIONAL WEATHER SERVICE: for Safety, for Work, for Fun - FOR LIFE