056
CDUS41 KRNK 212113
CLIRNK


CLIMATE REPORT
NATIONAL WEATHER SERVICE BLACKSBURG VA
509 PM EDT TUE OCT 21 2014


...................................

...THE BLACKSBURG VA CLIMATE SUMMARY FOR OCTOBER 21 2014...
VALID TODAY AS OF 0500 PM LOCAL TIME.

CLIMATE NORMAL PERIOD 1981 TO 2010
CLIMATE RECORD PERIOD 1952 TO 2014


WEATHER ITEM   OBSERVED TIME   RECORD YEAR NORMAL DEPARTURE LAST
                VALUE   (LST)  VALUE       VALUE  FROM      YEAR
                                                  NORMAL
..................................................................
TEMPERATURE (F)
 TODAY
  MAXIMUM         59    200 PM  81    1993  64     -5       66
  MINIMUM         42    700 AM  19    1972  38      4       31
  AVERAGE         51                        51      0       49

PRECIPITATION (IN)
  TODAY            T             1.60 1961   0.09  -0.09     0.00
  MONTH TO DATE    4.05                      1.87   2.18     2.36
  SINCE SEP 1      7.85                      4.97   2.88     3.49
  SINCE JAN 1     33.62                     34.16  -0.54    43.04

SNOWFALL (IN)
  TODAY            0.0
  MONTH TO DATE    0.0
  SINCE SEP 1      0.0
  SINCE JUL 1      0.0
  SNOW DEPTH       0

DEGREE DAYS
 HEATING
  TODAY           14                        14      0       16
  MONTH TO DATE  184                       240    -56      154
  SINCE SEP 1    250                       353   -103      264
  SINCE JUL 1    261                       371   -110      287

 COOLING
  TODAY            0                         0      0        0
  MONTH TO DATE    2                         1      1        7
  SINCE SEP 1     79                        58     21       62
  SINCE JAN 1    609                       570     39      568
..................................................................


WIND (MPH)
  HIGHEST WIND SPEED    15   HIGHEST WIND DIRECTION    NW (300)
  HIGHEST GUST SPEED    25   HIGHEST GUST DIRECTION    NW (300)
  AVERAGE WIND SPEED     2.7


SKY COVER
  POSSIBLE SUNSHINE  MM
  AVERAGE SKY COVER 0.6


WEATHER CONDITIONS
 THE FOLLOWING WEATHER WAS RECORDED TODAY.
  LIGHT RAIN
  FOG


RELATIVE HUMIDITY (PERCENT)
 HIGHEST   100           100 AM
 LOWEST     62           200 PM
 AVERAGE    81

..........................................................


THE BLACKSBURG VA CLIMATE NORMALS FOR TOMORROW
                         NORMAL    RECORD    YEAR
 MAXIMUM TEMPERATURE (F)   64        79      1979
 MINIMUM TEMPERATURE (F)   37        20      1974


SUNRISE AND SUNSET
OCTOBER 21 2014.......SUNRISE   735 AM EDT   SUNSET   637 PM EDT
OCTOBER 22 2014.......SUNRISE   736 AM EDT   SUNSET   636 PM EDT


-  INDICATES NEGATIVE NUMBERS.
R  INDICATES RECORD WAS SET OR TIED.
MM INDICATES DATA IS MISSING.
T  INDICATES TRACE AMOUNT.




$$





U.S. Dept. of Commerce
NOAA National Weather Service
1325 East West Highway
Silver Spring, MD 20910
E-mail: w-nws.webmaster@noaa.gov
Page last modified: May 16, 2007
NATIONAL WEATHER SERVICE: for Safety, for Work, for Fun - FOR LIFE