860
CDUS41 KRNK 280917
CLIRNK


CLIMATE REPORT
NATIONAL WEATHER SERVICE BLACKSBURG VA
514 AM EDT THU AUG 28 2014


...................................

...THE BLACKSBURG VA CLIMATE SUMMARY FOR AUGUST 27 2014...

CLIMATE NORMAL PERIOD 1981 TO 2010
CLIMATE RECORD PERIOD 1952 TO 2014


WEATHER ITEM   OBSERVED TIME   RECORD YEAR NORMAL DEPARTURE LAST
                VALUE   (LST)  VALUE       VALUE  FROM      YEAR
                                                  NORMAL
..................................................................
TEMPERATURE (F)
 YESTERDAY
  MAXIMUM         84    500 PM  96    1959  81      3       81
  MINIMUM         51    100 AM  40    1968  57     -6       60
  AVERAGE         68                        69     -1       71

PRECIPITATION (IN)
  YESTERDAY        0.00          3.44 1992   0.11  -0.11     0.00
  MONTH TO DATE    5.95                      3.17   2.78     1.68
  SINCE JUN 1     10.94                     11.43  -0.49    17.40
  SINCE JAN 1     25.77                     28.77  -3.00    39.27

SNOWFALL (IN)
  YESTERDAY        0.0
  MONTH TO DATE    0.0
  SINCE JUN 1      T
  SINCE JUL 1      0.0
  SNOW DEPTH       0

DEGREE DAYS
 HEATING
  YESTERDAY        0                         1     -1        0
  MONTH TO DATE    3                         2      1       21
  SINCE JUN 1     14                        46    -32       30
  SINCE JUL 1     11                         8      3       23

 COOLING
  YESTERDAY        3                         5     -2        6
  MONTH TO DATE   90                       152    -62      114
  SINCE JUN 1    436                       467    -31      442
  SINCE JAN 1    494                       496     -2      473
..................................................................


WIND (MPH)
  HIGHEST WIND SPEED     7   HIGHEST WIND DIRECTION     E (90)
  HIGHEST GUST SPEED    MM   HIGHEST GUST DIRECTION    MM
  AVERAGE WIND SPEED     1.2


SKY COVER
  POSSIBLE SUNSHINE  MM
  AVERAGE SKY COVER 0.3


WEATHER CONDITIONS
 THE FOLLOWING WEATHER WAS RECORDED YESTERDAY.
  FOG
  FOG W/VISIBILITY <= 1/4 MILE


RELATIVE HUMIDITY (PERCENT)
 HIGHEST   100          1200 AM
 LOWEST     54           200 PM
 AVERAGE    77

..........................................................


THE BLACKSBURG VA CLIMATE NORMALS FOR TODAY
                         NORMAL    RECORD    YEAR
 MAXIMUM TEMPERATURE (F)   81        93      1953
 MINIMUM TEMPERATURE (F)   57        38      1968


SUNRISE AND SUNSET
AUGUST 28 2014........SUNRISE   649 AM EDT   SUNSET   756 PM EDT
AUGUST 29 2014........SUNRISE   650 AM EDT   SUNSET   755 PM EDT


-  INDICATES NEGATIVE NUMBERS.
R  INDICATES RECORD WAS SET OR TIED.
MM INDICATES DATA IS MISSING.
T  INDICATES TRACE AMOUNT.


REMARKS:
TRACE OF SNOW IS FROM HAIL ON JUNE 17.


$$






U.S. Dept. of Commerce
NOAA National Weather Service
1325 East West Highway
Silver Spring, MD 20910
E-mail: w-nws.webmaster@noaa.gov
Page last modified: May 16, 2007
NATIONAL WEATHER SERVICE: for Safety, for Work, for Fun - FOR LIFE