151
CDUS45 KRIW 290733
CLIRKS


CLIMATE REPORT
NATIONAL WEATHER SERVICE RIVERTON WY
133 AM MDT FRI AUG 29 2014


...................................

...THE ROCK SPRINGS WY CLIMATE SUMMARY FOR AUGUST 28 2014...

CLIMATE NORMAL PERIOD 1981 TO 2010
CLIMATE RECORD PERIOD 1948 TO 2014


WEATHER ITEM   OBSERVED TIME   RECORD YEAR NORMAL DEPARTURE LAST
                VALUE   (LST)  VALUE       VALUE  FROM      YEAR
                                                  NORMAL
..................................................................
TEMPERATURE (F)
 YESTERDAY
  MAXIMUM         74    449 PM  89    1974  78     -4       84
  MINIMUM         47    615 AM  38    1977  50     -3       54
  AVERAGE         61                        64     -3       69

PRECIPITATION (IN)
  YESTERDAY        T             0.26 1958   0.02  -0.02     0.00
  MONTH TO DATE    0.42                      0.55  -0.13     0.47
  SINCE JUN 1      1.07                      1.98  -0.91     0.68
  SINCE JAN 1      2.38                      5.71  -3.33     2.17

DEGREE DAYS
 HEATING
  YESTERDAY        4                         3      1        0
  MONTH TO DATE   67                        30     37        1
  SINCE JUN 1    228                       221      7       63
  SINCE JUL 1     81                        54     27        1

 COOLING
  YESTERDAY        0                         1     -1        4
  MONTH TO DATE   70                        93    -23      132
  SINCE JUN 1    292                       272     20      449
  SINCE JAN 1    299                       273     26      450
..................................................................


WIND (MPH)
  HIGHEST WIND SPEED    18   HIGHEST WIND DIRECTION    NW (310)
  HIGHEST GUST SPEED    26   HIGHEST GUST DIRECTION     N (340)
  AVERAGE WIND SPEED    11.2


SKY COVER
  POSSIBLE SUNSHINE  MM
  AVERAGE SKY COVER 0.2


WEATHER CONDITIONS
 THE FOLLOWING WEATHER WAS RECORDED YESTERDAY.
  NO SIGNIFICANT WEATHER WAS OBSERVED.


RELATIVE HUMIDITY (PERCENT)
 HIGHEST    93          1200 AM
 LOWEST     25           300 PM
 AVERAGE    59

..........................................................


THE ROCK SPRINGS WY CLIMATE NORMALS FOR TODAY
                         NORMAL    RECORD    YEAR
 MAXIMUM TEMPERATURE (F)   78        90      1948
 MINIMUM TEMPERATURE (F)   49        34      1964


SUNRISE AND SUNSET
AUGUST 29 2014........SUNRISE   639 AM MDT   SUNSET   754 PM MDT
AUGUST 30 2014........SUNRISE   640 AM MDT   SUNSET   753 PM MDT


-  INDICATES NEGATIVE NUMBERS.
R  INDICATES RECORD WAS SET OR TIED.
MM INDICATES DATA IS MISSING.
T  INDICATES TRACE AMOUNT.




$$





U.S. Dept. of Commerce
NOAA National Weather Service
1325 East West Highway
Silver Spring, MD 20910
E-mail: w-nws.webmaster@noaa.gov
Page last modified: May 16, 2007
NATIONAL WEATHER SERVICE: for Safety, for Work, for Fun - FOR LIFE