119
CDUS45 KRIW 310733
CLIRKS


CLIMATE REPORT
NATIONAL WEATHER SERVICE RIVERTON WY
126 AM MDT FRI OCT 31 2014


...................................

...THE ROCK SPRINGS WY CLIMATE SUMMARY FOR OCTOBER 30 2014...

CLIMATE NORMAL PERIOD 1981 TO 2010
CLIMATE RECORD PERIOD 1948 TO 2014


WEATHER ITEM   OBSERVED TIME   RECORD YEAR NORMAL DEPARTURE LAST
                VALUE   (LST)  VALUE       VALUE  FROM      YEAR
                                                  NORMAL
..................................................................
TEMPERATURE (F)
 YESTERDAY
  MAXIMUM         61    251 PM  65    1968  50     11       39
  MINIMUM         30    706 AM   3    1991  28      2       26
  AVERAGE         46                        39      7       33

PRECIPITATION (IN)
  YESTERDAY        0.00          0.29 1992   0.02  -0.02      T
  MONTH TO DATE    0.32                      0.84  -0.52     0.86
  SINCE SEP 1      1.52                      1.76  -0.24     2.23
  SINCE JAN 1      4.00                      7.54  -3.54     4.43

DEGREE DAYS
 HEATING
  YESTERDAY       19                        26     -7       32
  MONTH TO DATE  492                       613   -121      681
  SINCE SEP 1    677                       877   -200      910
  SINCE JUL 1    768                       941   -173      911

 COOLING
  YESTERDAY        0                         0      0        0
  MONTH TO DATE    0                         0      0        0
  SINCE SEP 1      8                         9     -1       44
  SINCE JAN 1    307                       286     21      517
..................................................................


WIND (MPH)
  HIGHEST WIND SPEED    13   HIGHEST WIND DIRECTION    SE (130)
  HIGHEST GUST SPEED    15   HIGHEST GUST DIRECTION    SE (140)
  AVERAGE WIND SPEED     5.2


SKY COVER
  POSSIBLE SUNSHINE  MM
  AVERAGE SKY COVER 0.1


WEATHER CONDITIONS
 THE FOLLOWING WEATHER WAS RECORDED YESTERDAY.
  NO SIGNIFICANT WEATHER WAS OBSERVED.


RELATIVE HUMIDITY (PERCENT)
 HIGHEST    85           700 AM
 LOWEST     24           200 PM
 AVERAGE    55

..........................................................


THE ROCK SPRINGS WY CLIMATE NORMALS FOR TODAY
                         NORMAL    RECORD    YEAR
 MAXIMUM TEMPERATURE (F)   49        68      2008
 MINIMUM TEMPERATURE (F)   28         4      1972


SUNRISE AND SUNSET
OCTOBER 31 2014.......SUNRISE   747 AM MDT   SUNSET   612 PM MDT
NOVEMBER  1 2014......SUNRISE   748 AM MDT   SUNSET   611 PM MDT


-  INDICATES NEGATIVE NUMBERS.
R  INDICATES RECORD WAS SET OR TIED.
MM INDICATES DATA IS MISSING.
T  INDICATES TRACE AMOUNT.




$$





U.S. Dept. of Commerce
NOAA National Weather Service
1325 East West Highway
Silver Spring, MD 20910
E-mail: w-nws.webmaster@noaa.gov
Page last modified: May 16, 2007
NATIONAL WEATHER SERVICE: for Safety, for Work, for Fun - FOR LIFE