165
CDUS45 KRIW 240737
CLIRKS


CLIMATE REPORT
NATIONAL WEATHER SERVICE RIVERTON WY
133 AM MDT FRI OCT 24 2014


...................................

...THE ROCK SPRINGS WY CLIMATE SUMMARY FOR OCTOBER 23 2014...

CLIMATE NORMAL PERIOD 1981 TO 2010
CLIMATE RECORD PERIOD 1948 TO 2014


WEATHER ITEM   OBSERVED TIME   RECORD YEAR NORMAL DEPARTURE LAST
                VALUE   (LST)  VALUE       VALUE  FROM      YEAR
                                                  NORMAL
..................................................................
TEMPERATURE (F)
 YESTERDAY
  MAXIMUM         64    220 PM  73    2003  53     11       62
  MINIMUM         31    349 AM  16    1984  30      1       33
  AVERAGE         48                        42      6       48

PRECIPITATION (IN)
  YESTERDAY        0.00          0.84 1956   0.03  -0.03     0.00
  MONTH TO DATE    0.32                      0.66  -0.34     0.81
  SINCE SEP 1      1.52                      1.58  -0.06     2.18
  SINCE JAN 1      4.00                      7.36  -3.36     4.38

DEGREE DAYS
 HEATING
  YESTERDAY       17                        23     -6       17
  MONTH TO DATE  353                       439    -86      516
  SINCE SEP 1    538                       703   -165      745
  SINCE JUL 1    629                       767   -138      746

 COOLING
  YESTERDAY        0                         0      0        0
  MONTH TO DATE    0                         0      0        0
  SINCE SEP 1      8                         9     -1       44
  SINCE JAN 1    307                       286     21      517
..................................................................


WIND (MPH)
  HIGHEST WIND SPEED    18   HIGHEST WIND DIRECTION     W (260)
  HIGHEST GUST SPEED    24   HIGHEST GUST DIRECTION     W (260)
  AVERAGE WIND SPEED     5.5


SKY COVER
  POSSIBLE SUNSHINE  MM
  AVERAGE SKY COVER 0.0


WEATHER CONDITIONS
 THE FOLLOWING WEATHER WAS RECORDED YESTERDAY.
  NO SIGNIFICANT WEATHER WAS OBSERVED.


RELATIVE HUMIDITY (PERCENT)
 HIGHEST    64           800 AM
 LOWEST     23           100 PM
 AVERAGE    44

..........................................................


THE ROCK SPRINGS WY CLIMATE NORMALS FOR TODAY
                         NORMAL    RECORD    YEAR
 MAXIMUM TEMPERATURE (F)   53        67      2011
                                             1992
 MINIMUM TEMPERATURE (F)   30        13      1975


SUNRISE AND SUNSET
OCTOBER 24 2014.......SUNRISE   739 AM MDT   SUNSET   622 PM MDT
OCTOBER 25 2014.......SUNRISE   740 AM MDT   SUNSET   620 PM MDT


-  INDICATES NEGATIVE NUMBERS.
R  INDICATES RECORD WAS SET OR TIED.
MM INDICATES DATA IS MISSING.
T  INDICATES TRACE AMOUNT.




$$






U.S. Dept. of Commerce
NOAA National Weather Service
1325 East West Highway
Silver Spring, MD 20910
E-mail: w-nws.webmaster@noaa.gov
Page last modified: May 16, 2007
NATIONAL WEATHER SERVICE: for Safety, for Work, for Fun - FOR LIFE