968
CDUS45 KRIW 230746
CLIRKS


CLIMATE REPORT
NATIONAL WEATHER SERVICE RIVERTON WY
1246 AM MST SUN NOV 23 2014


...................................

...THE ROCK SPRINGS WY CLIMATE SUMMARY FOR NOVEMBER 22 2014...

CLIMATE NORMAL PERIOD 1981 TO 2010
CLIMATE RECORD PERIOD 1948 TO 2014


WEATHER ITEM   OBSERVED TIME   RECORD YEAR NORMAL DEPARTURE LAST
                VALUE   (LST)  VALUE       VALUE  FROM      YEAR
                                                  NORMAL
..................................................................
TEMPERATURE (F)
 YESTERDAY
  MAXIMUM         41   1003 AM  59    1954  37      4       23
  MINIMUM         28   1159 PM   1    2013  18     10        1
  AVERAGE         35                        27      8       12

PRECIPITATION (IN)
  YESTERDAY        0.05          0.17 1996   0.02   0.03     0.00
  MONTH TO DATE    0.10                      0.38  -0.28     0.03
  SINCE SEP 1      1.62                      2.17  -0.55     2.26
  SINCE JAN 1      4.10                      7.95  -3.85     4.46

DEGREE DAYS
 HEATING
  YESTERDAY       30                        38     -8       53
  MONTH TO DATE  791                       708     83      695
  SINCE SEP 1   1484                      1611   -127     1635
  SINCE JUL 1   1575                      1675   -100     1636

 COOLING
  YESTERDAY        0                         0      0        0
  MONTH TO DATE    0                         0      0        0
  SINCE SEP 1      8                         9     -1       44
  SINCE JAN 1    307                       286     21      517
..................................................................


WIND (MPH)
  HIGHEST WIND SPEED    47   HIGHEST WIND DIRECTION     W (260)
  HIGHEST GUST SPEED    60   HIGHEST GUST DIRECTION     W (260)
  AVERAGE WIND SPEED    15.4


SKY COVER
  POSSIBLE SUNSHINE  MM
  AVERAGE SKY COVER 0.5


WEATHER CONDITIONS
 THE FOLLOWING WEATHER WAS RECORDED YESTERDAY.
  LIGHT RAIN
  HEAVY SNOW
  SNOW
  LIGHT SNOW
  FOG
  FOG W/VISIBILITY <= 1/4 MILE


RELATIVE HUMIDITY (PERCENT)
 HIGHEST   100           100 PM
 LOWEST     48           900 AM
 AVERAGE    74

..........................................................


THE ROCK SPRINGS WY CLIMATE NORMALS FOR TODAY
                         NORMAL    RECORD    YEAR
 MAXIMUM TEMPERATURE (F)   36        55      1954
 MINIMUM TEMPERATURE (F)   18        -3      1952


SUNRISE AND SUNSET
NOVEMBER 23 2014......SUNRISE   715 AM MST   SUNSET   450 PM MST
NOVEMBER 24 2014......SUNRISE   716 AM MST   SUNSET   450 PM MST


-  INDICATES NEGATIVE NUMBERS.
R  INDICATES RECORD WAS SET OR TIED.
MM INDICATES DATA IS MISSING.
T  INDICATES TRACE AMOUNT.




$$





U.S. Dept. of Commerce
NOAA National Weather Service
1325 East West Highway
Silver Spring, MD 20910
E-mail: w-nws.webmaster@noaa.gov
Page last modified: May 16, 2007
NATIONAL WEATHER SERVICE: for Safety, for Work, for Fun - FOR LIFE