535
CDUS45 KRIW 190728
CLIRKS


CLIMATE REPORT
NATIONAL WEATHER SERVICE RIVERTON WY
127 AM MDT FRI SEP 19 2014


...................................

...THE ROCK SPRINGS WY CLIMATE SUMMARY FOR SEPTEMBER 18 2014...

CLIMATE NORMAL PERIOD 1981 TO 2010
CLIMATE RECORD PERIOD 1948 TO 2014


WEATHER ITEM   OBSERVED TIME   RECORD YEAR NORMAL DEPARTURE LAST
                VALUE   (LST)  VALUE       VALUE  FROM      YEAR
                                                  NORMAL
..................................................................
TEMPERATURE (F)
 YESTERDAY
  MAXIMUM         84R   220 PM  82    2010  69     15       67
                                      1952
  MINIMUM         49    440 AM   5    1965  42      7       44
  AVERAGE         67                        56     11       56

PRECIPITATION (IN)
  YESTERDAY        T             0.42 1967   0.03  -0.03     0.00
  MONTH TO DATE    0.02                      0.53  -0.51     0.63
  SINCE SEP 1      0.02                      0.53  -0.51     0.63
  SINCE JAN 1      2.50                      6.31  -3.81     2.83

DEGREE DAYS
 HEATING
  YESTERDAY        0                        10    -10        9
  MONTH TO DATE  102                       116    -14       60
  SINCE SEP 1    102                       116    -14       60
  SINCE JUL 1    193                       180     13       61

 COOLING
  YESTERDAY        2                         0      2        0
  MONTH TO DATE    6                         7     -1       44
  SINCE SEP 1      6                         7     -1       44
  SINCE JAN 1    305                       284     21      517
..................................................................


WIND (MPH)
  HIGHEST WIND SPEED    26   HIGHEST WIND DIRECTION     S (180)
  HIGHEST GUST SPEED    34   HIGHEST GUST DIRECTION     N (350)
  AVERAGE WIND SPEED    10.3


SKY COVER
  POSSIBLE SUNSHINE  MM
  AVERAGE SKY COVER 0.1


WEATHER CONDITIONS
 THE FOLLOWING WEATHER WAS RECORDED YESTERDAY.
  NO SIGNIFICANT WEATHER WAS OBSERVED.


RELATIVE HUMIDITY (PERCENT)
 HIGHEST    55          1100 PM
 LOWEST     15           100 PM
 AVERAGE    35

..........................................................


THE ROCK SPRINGS WY CLIMATE NORMALS FOR TODAY
                         NORMAL    RECORD    YEAR
 MAXIMUM TEMPERATURE (F)   69        86      2010
 MINIMUM TEMPERATURE (F)   41        21      1965


SUNRISE AND SUNSET
SEPTEMBER 19 2014.....SUNRISE   701 AM MDT   SUNSET   719 PM MDT
SEPTEMBER 20 2014.....SUNRISE   702 AM MDT   SUNSET   717 PM MDT


-  INDICATES NEGATIVE NUMBERS.
R  INDICATES RECORD WAS SET OR TIED.
MM INDICATES DATA IS MISSING.
T  INDICATES TRACE AMOUNT.




$$





U.S. Dept. of Commerce
NOAA National Weather Service
1325 East West Highway
Silver Spring, MD 20910
E-mail: w-nws.webmaster@noaa.gov
Page last modified: May 16, 2007
NATIONAL WEATHER SERVICE: for Safety, for Work, for Fun - FOR LIFE