234
CDUS45 KRIW 010734
CLIRKS


CLIMATE REPORT
NATIONAL WEATHER SERVICE RIVERTON WY
134 AM MDT WED OCT 1 2014


...................................

...THE ROCK SPRINGS WY CLIMATE SUMMARY FOR SEPTEMBER 30 2014...

CLIMATE NORMAL PERIOD 1981 TO 2010
CLIMATE RECORD PERIOD 1948 TO 2014


WEATHER ITEM   OBSERVED TIME   RECORD YEAR NORMAL DEPARTURE LAST
                VALUE   (LST)  VALUE       VALUE  FROM      YEAR
                                                  NORMAL
..................................................................
TEMPERATURE (F)
 YESTERDAY
  MAXIMUM         54    311 PM  80    1980  64    -10       69
  MINIMUM         39    454 AM  15    1985  37      2       46
  AVERAGE         47                        50     -3       58

PRECIPITATION (IN)
  YESTERDAY        0.02          0.34 1971   0.03  -0.01     0.00
  MONTH TO DATE    1.20                      0.92   0.28     1.37
  SINCE SEP 1      1.20                      0.92   0.28     1.37
  SINCE JAN 1      3.68                      6.70  -3.02     3.57

DEGREE DAYS
 HEATING
  YESTERDAY       18                        15      3        7
  MONTH TO DATE  185                       264    -79      229
  SINCE SEP 1    185                       264    -79      229
  SINCE JUL 1    276                       328    -52      230

 COOLING
  YESTERDAY        0                         0      0        0
  MONTH TO DATE    8                         9     -1       44
  SINCE SEP 1      8                         9     -1       44
  SINCE JAN 1    307                       286     21      517
..................................................................


WIND (MPH)
  HIGHEST WIND SPEED    32   HIGHEST WIND DIRECTION     W (260)
  HIGHEST GUST SPEED    41   HIGHEST GUST DIRECTION     W (260)
  AVERAGE WIND SPEED    17.0


SKY COVER
  POSSIBLE SUNSHINE  MM
  AVERAGE SKY COVER 0.6


WEATHER CONDITIONS
 THE FOLLOWING WEATHER WAS RECORDED YESTERDAY.
  THUNDERSTORM
  LIGHT RAIN
  FOG


RELATIVE HUMIDITY (PERCENT)
 HIGHEST    92           200 AM
 LOWEST     66           600 PM
 AVERAGE    79

..........................................................


THE ROCK SPRINGS WY CLIMATE NORMALS FOR TODAY
                         NORMAL    RECORD    YEAR
 MAXIMUM TEMPERATURE (F)   63        79      1957
 MINIMUM TEMPERATURE (F)   37        23      1985


SUNRISE AND SUNSET
OCTOBER  1 2014.......SUNRISE   713 AM MDT   SUNSET   658 PM MDT
OCTOBER  2 2014.......SUNRISE   714 AM MDT   SUNSET   656 PM MDT


-  INDICATES NEGATIVE NUMBERS.
R  INDICATES RECORD WAS SET OR TIED.
MM INDICATES DATA IS MISSING.
T  INDICATES TRACE AMOUNT.




$$





U.S. Dept. of Commerce
NOAA National Weather Service
1325 East West Highway
Silver Spring, MD 20910
E-mail: w-nws.webmaster@noaa.gov
Page last modified: May 16, 2007
NATIONAL WEATHER SERVICE: for Safety, for Work, for Fun - FOR LIFE