102
CDUS45 KRIW 210735
CLIRKS


CLIMATE REPORT
NATIONAL WEATHER SERVICE RIVERTON WY
133 AM MDT MON APR 21 2014


...................................

...THE ROCK SPRINGS WY CLIMATE SUMMARY FOR APRIL 20 2014...

CLIMATE NORMAL PERIOD 1981 TO 2010
CLIMATE RECORD PERIOD 1948 TO 2014


WEATHER ITEM   OBSERVED TIME   RECORD YEAR NORMAL DEPARTURE LAST
                VALUE   (LST)  VALUE       VALUE  FROM      YEAR
                                                  NORMAL
..................................................................
TEMPERATURE (F)
 YESTERDAY
  MAXIMUM         69    201 PM  79    1989  55     14       52
  MINIMUM         39    553 AM   6    1966  30      9       33
  AVERAGE         54                        43     11       43

PRECIPITATION (IN)
  YESTERDAY        0.00          1.95 1971   0.03  -0.03      T
  MONTH TO DATE    0.17                      0.56  -0.39     0.29
  SINCE MAR 1      0.60                      1.24  -0.64     0.48
  SINCE JAN 1      0.75                      2.17  -1.42     0.85

DEGREE DAYS
 HEATING
  YESTERDAY       11                        22    -11       22
  MONTH TO DATE  441                       496    -55      598
  SINCE MAR 1   1327                      1473   -146     1513
  SINCE JUL 1   6779                      7325   -546     6994

 COOLING
  YESTERDAY        0                         0      0        0
  MONTH TO DATE    0                         0      0        0
  SINCE MAR 1      0                         0      0        0
  SINCE JAN 1      0                         0      0        0
..................................................................


WIND (MPH)
  HIGHEST WIND SPEED    28   HIGHEST WIND DIRECTION     W (280)
  HIGHEST GUST SPEED    38   HIGHEST GUST DIRECTION     W (270)
  AVERAGE WIND SPEED    11.5


SKY COVER
  POSSIBLE SUNSHINE  MM
  AVERAGE SKY COVER 0.1


WEATHER CONDITIONS
 THE FOLLOWING WEATHER WAS RECORDED YESTERDAY.
  NO SIGNIFICANT WEATHER WAS OBSERVED.


RELATIVE HUMIDITY (PERCENT)
 HIGHEST    64           600 AM
 LOWEST     15           200 PM
 AVERAGE    40

..........................................................


THE ROCK SPRINGS WY CLIMATE NORMALS FOR TODAY
                         NORMAL    RECORD    YEAR
 MAXIMUM TEMPERATURE (F)   55        77      1989
 MINIMUM TEMPERATURE (F)   31        14      1970


SUNRISE AND SUNSET
APRIL 21 2014.........SUNRISE   627 AM MDT   SUNSET   803 PM MDT
APRIL 22 2014.........SUNRISE   626 AM MDT   SUNSET   805 PM MDT


-  INDICATES NEGATIVE NUMBERS.
R  INDICATES RECORD WAS SET OR TIED.
MM INDICATES DATA IS MISSING.
T  INDICATES TRACE AMOUNT.




$$






U.S. Dept. of Commerce
NOAA National Weather Service
1325 East West Highway
Silver Spring, MD 20910
E-mail: w-nws.webmaster@noaa.gov
Page last modified: May 16, 2007
NATIONAL WEATHER SERVICE: for Safety, for Work, for Fun - FOR LIFE