368
CDUS45 KRIW 290733
CLIRKS


CLIMATE REPORT
NATIONAL WEATHER SERVICE RIVERTON WY
132 AM MDT TUE JUL 29 2014


...................................

...THE ROCK SPRINGS WY CLIMATE SUMMARY FOR JULY 28 2014...

CLIMATE NORMAL PERIOD 1981 TO 2010
CLIMATE RECORD PERIOD 1948 TO 2014


WEATHER ITEM   OBSERVED TIME   RECORD YEAR NORMAL DEPARTURE LAST
                VALUE   (LST)  VALUE       VALUE  FROM      YEAR
                                                  NORMAL
..................................................................
TEMPERATURE (F)
 YESTERDAY
  MAXIMUM         90    145 PM  93    2006  85      5       84
                                      1975
  MINIMUM         59    537 AM  45    1993  55      4       52
  AVERAGE         75                        70      5       68

PRECIPITATION (IN)
  YESTERDAY        0.00          0.06 1999   0.02  -0.02      T
  MONTH TO DATE    0.12                      0.57  -0.45     0.21
  SINCE JUN 1      0.41                      1.36  -0.95     0.21
  SINCE JAN 1      1.72                      5.09  -3.37     1.70

DEGREE DAYS
 HEATING
  YESTERDAY        0                         0      0        0
  MONTH TO DATE    3                        19    -16        0
  SINCE JUN 1    150                       186    -36       62
  SINCE JUL 1      3                        19    -16        0

 COOLING
  YESTERDAY       10                         5      5        3
  MONTH TO DATE  205                       125     80      214
  SINCE JUN 1    222                       160     62      307
  SINCE JAN 1    229                       161     68      308
..................................................................


WIND (MPH)
  HIGHEST WIND SPEED    18   HIGHEST WIND DIRECTION     S (200)
  HIGHEST GUST SPEED    22   HIGHEST GUST DIRECTION    SW (210)
  AVERAGE WIND SPEED     7.9


SKY COVER
  POSSIBLE SUNSHINE  MM
  AVERAGE SKY COVER 0.0


WEATHER CONDITIONS
 THE FOLLOWING WEATHER WAS RECORDED YESTERDAY.
  NO SIGNIFICANT WEATHER WAS OBSERVED.


RELATIVE HUMIDITY (PERCENT)
 HIGHEST    64           600 AM
 LOWEST     11           100 PM
 AVERAGE    38

..........................................................


THE ROCK SPRINGS WY CLIMATE NORMALS FOR TODAY
                         NORMAL    RECORD    YEAR
 MAXIMUM TEMPERATURE (F)   85        95      2006
 MINIMUM TEMPERATURE (F)   55        42      1971


SUNRISE AND SUNSET
JULY 29 2014..........SUNRISE   608 AM MDT   SUNSET   837 PM MDT
JULY 30 2014..........SUNRISE   609 AM MDT   SUNSET   836 PM MDT


-  INDICATES NEGATIVE NUMBERS.
R  INDICATES RECORD WAS SET OR TIED.
MM INDICATES DATA IS MISSING.
T  INDICATES TRACE AMOUNT.




$$






U.S. Dept. of Commerce
NOAA National Weather Service
1325 East West Highway
Silver Spring, MD 20910
E-mail: w-nws.webmaster@noaa.gov
Page last modified: May 16, 2007
NATIONAL WEATHER SERVICE: for Safety, for Work, for Fun - FOR LIFE