208
CDUS45 KRIW 180731
CLIRIW


CLIMATE REPORT
NATIONAL WEATHER SERVICE RIVERTON WY
130 AM MDT FRI APR 18 2014


...................................

...THE RIVERTON WY CLIMATE SUMMARY FOR APRIL 17 2014...

CLIMATE NORMAL PERIOD 1981 TO 2010
CLIMATE RECORD PERIOD 1995 TO 2014


WEATHER ITEM   OBSERVED TIME   RECORD YEAR NORMAL DEPARTURE LAST
                VALUE   (LST)  VALUE       VALUE  FROM      YEAR
                                                  NORMAL
..................................................................
TEMPERATURE (F)
 YESTERDAY
  MAXIMUM         61    418 PM  76    2005  58      3       29
  MINIMUM         24    450 AM  16    2013  31     -7       16
  AVERAGE         43                        44     -1       23

PRECIPITATION (IN)
  YESTERDAY        0.00          0.13 2006   0.05  -0.05     0.02
  MONTH TO DATE    0.06                      0.62  -0.56     0.89
  SINCE MAR 1      0.56                      1.17  -0.61     1.00
  SINCE JAN 1      1.46                      1.68  -0.22     1.65

SNOWFALL (IN)
  YESTERDAY        0.0                                       0.7
  MONTH TO DATE    0.4                                      10.6
  SINCE MAR 1      3.8                                      11.7
  SINCE JUL 1     53.0                                      30.5
  SNOW DEPTH       0

DEGREE DAYS
 HEATING
  YESTERDAY       22                        21      1       42
  MONTH TO DATE  387                       385      2      479
  SINCE MAR 1   1303                      1303      0     1355
  SINCE JUL 1   7184                      7157     27     6921

 COOLING
  YESTERDAY        0                         0      0        0
  MONTH TO DATE    0                         0      0        0
  SINCE MAR 1      0                         0      0        0
  SINCE JAN 1      0                         0      0        0
..................................................................


WIND (MPH)
  HIGHEST WIND SPEED    13   HIGHEST WIND DIRECTION    NW (300)
  HIGHEST GUST SPEED    14   HIGHEST GUST DIRECTION    NW (300)
  AVERAGE WIND SPEED     6.3


SKY COVER
  POSSIBLE SUNSHINE  MM
  AVERAGE SKY COVER 0.0


WEATHER CONDITIONS
 THE FOLLOWING WEATHER WAS RECORDED YESTERDAY.
  NO SIGNIFICANT WEATHER WAS OBSERVED.


RELATIVE HUMIDITY (PERCENT)
 HIGHEST    92           100 AM
 LOWEST     17           300 PM
 AVERAGE    55

..........................................................


THE RIVERTON WY CLIMATE NORMALS FOR TODAY
                         NORMAL    RECORD    YEAR
 MAXIMUM TEMPERATURE (F)   58        78      2001
 MINIMUM TEMPERATURE (F)   32        13      2013


SUNRISE AND SUNSET
APRIL 18 2014.........SUNRISE   627 AM MDT   SUNSET   800 PM MDT
APRIL 19 2014.........SUNRISE   625 AM MDT   SUNSET   801 PM MDT


-  INDICATES NEGATIVE NUMBERS.
R  INDICATES RECORD WAS SET OR TIED.
MM INDICATES DATA IS MISSING.
T  INDICATES TRACE AMOUNT.




$$





U.S. Dept. of Commerce
NOAA National Weather Service
1325 East West Highway
Silver Spring, MD 20910
E-mail: w-nws.webmaster@noaa.gov
Page last modified: May 16, 2007
NATIONAL WEATHER SERVICE: for Safety, for Work, for Fun - FOR LIFE