140
CDUS45 KRIW 010746
CLIRIW


CLIMATE REPORT
NATIONAL WEATHER SERVICE RIVERTON WY
137 AM MDT MON SEP 1 2014


...................................

...THE RIVERTON WY CLIMATE SUMMARY FOR AUGUST 31 2014...

CLIMATE NORMAL PERIOD 1981 TO 2010
CLIMATE RECORD PERIOD 1995 TO 2014


WEATHER ITEM   OBSERVED TIME   RECORD YEAR NORMAL DEPARTURE LAST
                VALUE   (LST)  VALUE       VALUE  FROM      YEAR
                                                  NORMAL
..................................................................
TEMPERATURE (F)
 YESTERDAY
  MAXIMUM         67    330 PM  92    2011  80    -13       88
                                      1996
  MINIMUM         48   1151 PM  40    2010  50     -2       60
                                      2005
  AVERAGE         58                        65     -7       74

PRECIPITATION (IN)
  YESTERDAY        0.02          0.05 2000   0.02   0.00     0.00
  MONTH TO DATE    1.15                      0.57   0.58     0.03
  SINCE JUN 1      3.05                      2.74   0.31     0.62
  SINCE JAN 1      5.37                      6.82  -1.45     4.06

SNOWFALL (IN)
  YESTERDAY        0.0                                       0.0
  MONTH TO DATE    0.0                                       0.0
  SINCE JUN 1      0.0                                       0.0
  SINCE JUL 1      0.0                                       0.0
  SNOW DEPTH       0

DEGREE DAYS
 HEATING
  YESTERDAY        7                         3      4        0
  MONTH TO DATE   46                        27     19        0
  SINCE JUN 1    176                       157     19       52
  SINCE JUL 1     50                        38     12        0

 COOLING
  YESTERDAY        0                         3     -3        9
  MONTH TO DATE  124                       173    -49      273
  SINCE JUN 1    385                       459    -74      717
  SINCE JAN 1    400                       468    -68      730
..................................................................


WIND (MPH)
  HIGHEST WIND SPEED    18   HIGHEST WIND DIRECTION    SW (210)
  HIGHEST GUST SPEED    24   HIGHEST GUST DIRECTION    SW (210)
  AVERAGE WIND SPEED     6.8


SKY COVER
  POSSIBLE SUNSHINE  MM
  AVERAGE SKY COVER 0.4


WEATHER CONDITIONS
 THE FOLLOWING WEATHER WAS RECORDED YESTERDAY.
  THUNDERSTORM
  LIGHT RAIN


RELATIVE HUMIDITY (PERCENT)
 HIGHEST    89           400 AM
 LOWEST     40           300 PM
 AVERAGE    65

..........................................................


THE RIVERTON WY CLIMATE NORMALS FOR TODAY
                         NORMAL    RECORD    YEAR
 MAXIMUM TEMPERATURE (F)   80        91      2007
 MINIMUM TEMPERATURE (F)   50        38      2008


SUNRISE AND SUNSET
SEPTEMBER  1 2014.....SUNRISE   638 AM MDT   SUNSET   748 PM MDT
SEPTEMBER  2 2014.....SUNRISE   639 AM MDT   SUNSET   747 PM MDT


-  INDICATES NEGATIVE NUMBERS.
R  INDICATES RECORD WAS SET OR TIED.
MM INDICATES DATA IS MISSING.
T  INDICATES TRACE AMOUNT.




$$






U.S. Dept. of Commerce
NOAA National Weather Service
1325 East West Highway
Silver Spring, MD 20910
E-mail: w-nws.webmaster@noaa.gov
Page last modified: May 16, 2007
NATIONAL WEATHER SERVICE: for Safety, for Work, for Fun - FOR LIFE