150
CDUS45 KRIW 200735
CLIRIW


CLIMATE REPORT
NATIONAL WEATHER SERVICE RIVERTON WY
132 AM MDT MON OCT 20 2014


...................................

...THE RIVERTON WY CLIMATE SUMMARY FOR OCTOBER 19 2014...

CLIMATE NORMAL PERIOD 1981 TO 2010
CLIMATE RECORD PERIOD 1995 TO 2014


WEATHER ITEM   OBSERVED TIME   RECORD YEAR NORMAL DEPARTURE LAST
                VALUE   (LST)  VALUE       VALUE  FROM      YEAR
                                                  NORMAL
..................................................................
TEMPERATURE (F)
 YESTERDAY
  MAXIMUM         68    350 PM  71    2003  57     11       58
  MINIMUM         36    637 AM  23    1999  32      4       32
  AVERAGE         52                        44      8       45

PRECIPITATION (IN)
  YESTERDAY        0.00          T    2009   0.02  -0.02     0.00
                                      2004
                                      2000
  MONTH TO DATE    0.16                      0.75  -0.59     1.28
  SINCE SEP 1      0.97                      1.65  -0.68     4.29
  SINCE JAN 1      6.34                      8.47  -2.13     8.35

SNOWFALL (IN)
  YESTERDAY        0.0                                       0.0
  MONTH TO DATE    T                                         9.5
  SINCE SEP 1      0.3                                      16.8
  SINCE JUL 1      0.3                                      16.8
  SNOW DEPTH       0

DEGREE DAYS
 HEATING
  YESTERDAY       13                        21     -8       20
  MONTH TO DATE  253                       330    -77      463
  SINCE SEP 1    425                       556   -131      650
  SINCE JUL 1    475                       594   -119      650

 COOLING
  YESTERDAY        0                         0      0        0
  MONTH TO DATE    0                         0      0        0
  SINCE SEP 1     31                        26      5       68
  SINCE JAN 1    431                       494    -63      798
..................................................................


WIND (MPH)
  HIGHEST WIND SPEED    14   HIGHEST WIND DIRECTION    NW (320)
  HIGHEST GUST SPEED    15   HIGHEST GUST DIRECTION    NW (320)
  AVERAGE WIND SPEED     6.1


SKY COVER
  POSSIBLE SUNSHINE  MM
  AVERAGE SKY COVER 0.0


WEATHER CONDITIONS
 THE FOLLOWING WEATHER WAS RECORDED YESTERDAY.
  NO SIGNIFICANT WEATHER WAS OBSERVED.


RELATIVE HUMIDITY (PERCENT)
 HIGHEST    76           500 AM
 LOWEST     26           300 PM
 AVERAGE    51

..........................................................


THE RIVERTON WY CLIMATE NORMALS FOR TODAY
                         NORMAL    RECORD    YEAR
 MAXIMUM TEMPERATURE (F)   56        76      2003
 MINIMUM TEMPERATURE (F)   31        20      1995


SUNRISE AND SUNSET
OCTOBER 20 2014.......SUNRISE   733 AM MDT   SUNSET   623 PM MDT
OCTOBER 21 2014.......SUNRISE   735 AM MDT   SUNSET   621 PM MDT


-  INDICATES NEGATIVE NUMBERS.
R  INDICATES RECORD WAS SET OR TIED.
MM INDICATES DATA IS MISSING.
T  INDICATES TRACE AMOUNT.




$$






U.S. Dept. of Commerce
NOAA National Weather Service
1325 East West Highway
Silver Spring, MD 20910
E-mail: w-nws.webmaster@noaa.gov
Page last modified: May 16, 2007
NATIONAL WEATHER SERVICE: for Safety, for Work, for Fun - FOR LIFE