625
CDUS45 KRIW 010737
CLIRIW


CLIMATE REPORT
NATIONAL WEATHER SERVICE RIVERTON WY
1234 AM MST SUN FEB 1 2015


...................................

...THE RIVERTON WY CLIMATE SUMMARY FOR JANUARY 31 2015...

CLIMATE NORMAL PERIOD 1981 TO 2010
CLIMATE RECORD PERIOD 1995 TO 2015


WEATHER ITEM   OBSERVED TIME   RECORD YEAR NORMAL DEPARTURE LAST
                VALUE   (LST)  VALUE       VALUE  FROM      YEAR
                                                  NORMAL
..................................................................
TEMPERATURE (F)
 YESTERDAY
  MAXIMUM         41    315 PM  51    2009  32      9       29
  MINIMUM         23   1159 PM -13    1996  10     13       14
  AVERAGE         32                        21     11       22

PRECIPITATION (IN)
  YESTERDAY        0.00          0.02 2011   0.01  -0.01     0.00
  MONTH TO DATE    0.03                      0.24  -0.21     0.68
  SINCE DEC 1      0.68                      0.56   0.12     0.96
  SINCE JAN 1      0.03                      0.24  -0.21     0.68

SNOWFALL (IN)
  YESTERDAY        0.0                                       0.0
  MONTH TO DATE    0.4                                      11.1
  SINCE DEC 1      7.3                                      17.9
  SINCE JUL 1     12.8                                      44.2
  SNOW DEPTH       0

DEGREE DAYS
 HEATING
  YESTERDAY       33                        44    -11       43
  MONTH TO DATE 1311                      1398    -87     1309
  SINCE DEC 1   2615                      2799   -184     2715
  SINCE JUL 1   4392                      4715   -323     4613

 COOLING
  YESTERDAY        0                         0      0        0
  MONTH TO DATE    0                         0      0        0
  SINCE DEC 1      0                         0      0        0
  SINCE JAN 1      0                         0      0        0
..................................................................


WIND (MPH)
  HIGHEST WIND SPEED    25   HIGHEST WIND DIRECTION     N (20)
  HIGHEST GUST SPEED    32   HIGHEST GUST DIRECTION    NE (30)
  AVERAGE WIND SPEED     5.8


SKY COVER
  POSSIBLE SUNSHINE  MM
  AVERAGE SKY COVER 0.3


WEATHER CONDITIONS
 THE FOLLOWING WEATHER WAS RECORDED YESTERDAY.
  FOG
  FOG W/VISIBILITY <= 1/4 MILE


RELATIVE HUMIDITY (PERCENT)
 HIGHEST    92           700 AM
 LOWEST     40           400 PM
 AVERAGE    66

..........................................................


THE RIVERTON WY CLIMATE NORMALS FOR TODAY
                         NORMAL    RECORD    YEAR
 MAXIMUM TEMPERATURE (F)   32        57      2003
 MINIMUM TEMPERATURE (F)   10       -17      2011


SUNRISE AND SUNSET
FEBRUARY  1 2015......SUNRISE   729 AM MST   SUNSET   526 PM MST
FEBRUARY  2 2015......SUNRISE   728 AM MST   SUNSET   527 PM MST


-  INDICATES NEGATIVE NUMBERS.
R  INDICATES RECORD WAS SET OR TIED.
MM INDICATES DATA IS MISSING.
T  INDICATES TRACE AMOUNT.




$$






U.S. Dept. of Commerce
NOAA National Weather Service
1325 East West Highway
Silver Spring, MD 20910
E-mail: w-nws.webmaster@noaa.gov
Page last modified: May 16, 2007
NATIONAL WEATHER SERVICE: for Safety, for Work, for Fun - FOR LIFE