763
CDUS41 KAKQ 152133
CLIRIC


CLIMATE REPORT
NATIONAL WEATHER SERVICE WAKEFIELD, VA
528 PM EDT TUE APR 15 2014


...................................

...THE RICHMOND VA CLIMATE SUMMARY FOR APRIL 15 2014...
VALID TODAY AS OF 0500 PM LOCAL TIME.

CLIMATE NORMAL PERIOD 1981 TO 2010
CLIMATE RECORD PERIOD 1871 TO 2014


WEATHER ITEM   OBSERVED TIME   RECORD YEAR NORMAL DEPARTURE LAST
                VALUE   (LST)  VALUE       VALUE  FROM      YEAR
                                                  NORMAL
..................................................................
TEMPERATURE (F)
 TODAY
  MAXIMUM         75    246 PM  92    1941  70      5       67
  MINIMUM         68    359 PM  29    1943  46     22       53
  AVERAGE         72

PRECIPITATION (IN)
  TODAY            0.19          2.51 1983   0.10   0.09     0.04
  MONTH TO DATE    1.16                      1.69  -0.53     1.13
  SINCE MAR 1      4.40                      5.73  -1.33     6.70
  SINCE JAN 1     10.71                     11.53  -0.82    14.63

SNOWFALL (IN)
  TODAY            0.0
  MONTH TO DATE    0.0
  SINCE NOV 1     14.5
  SINCE JUL 1     14.5
  SNOW DEPTH       0

DEGREE DAYS
 HEATING
  TODAY            0                         8     -8        5
  MONTH TO DATE   64                       147    -83      122
  SINCE MAR 1    677                       663     14      786
  SINCE JUL 1   3630                      3599     31     3514

 COOLING
  TODAY            7                         1      6        0
  MONTH TO DATE   26                        14     12       43
  SINCE MAR 1     28                        20      8       43
  SINCE JAN 1     28                        20      8       44
..................................................................


WIND (MPH)
  RESULTANT WIND SPEED  17   RESULTANT WIND DIRECTION   S (180)
  HIGHEST WIND SPEED    26   HIGHEST WIND DIRECTION     S (180)
  HIGHEST GUST SPEED    35   HIGHEST GUST DIRECTION     S (180)


SKY COVER
  POSSIBLE SUNSHINE  MM
  AVERAGE SKY COVER 1.0


WEATHER CONDITIONS
 THE FOLLOWING WEATHER WAS RECORDED TODAY.
  HEAVY RAIN
  RAIN
  LIGHT RAIN
  FOG


RELATIVE HUMIDITY (PERCENT)
 HIGHEST    84
 LOWEST     64
 AVERAGE    74

..........................................................


THE RICHMOND VA CLIMATE NORMALS FOR TOMORROW
                         NORMAL    RECORD    YEAR
 MAXIMUM TEMPERATURE (F)   71        93      1976
 MINIMUM TEMPERATURE (F)   46        27      1943


SUNRISE AND SUNSET
APRIL 15 2014.........SUNRISE   635 AM EDT   SUNSET   745 PM EDT
APRIL 16 2014.........SUNRISE   633 AM EDT   SUNSET   746 PM EDT


-  INDICATES NEGATIVE NUMBERS.
R  INDICATES RECORD WAS SET OR TIED.
MM INDICATES DATA IS MISSING.
T  INDICATES TRACE AMOUNT.




$$





U.S. Dept. of Commerce
NOAA National Weather Service
1325 East West Highway
Silver Spring, MD 20910
E-mail: w-nws.webmaster@noaa.gov
Page last modified: May 16, 2007
NATIONAL WEATHER SERVICE: for Safety, for Work, for Fun - FOR LIFE