938
CDUS41 KAKQ 280832
CLIRIC


CLIMATE REPORT
NATIONAL WEATHER SERVICE WAKEFIELD, VA
330 AM EST FRI NOV 28 2014


...................................

...THE RICHMOND VA CLIMATE SUMMARY FOR NOVEMBER 27 2014...

CLIMATE NORMAL PERIOD 1981 TO 2010
CLIMATE RECORD PERIOD 1871 TO 2014


WEATHER ITEM   OBSERVED TIME   RECORD YEAR NORMAL DEPARTURE LAST
                VALUE   (LST)  VALUE       VALUE  FROM      YEAR
                                                  NORMAL
..................................................................
TEMPERATURE (F)
 YESTERDAY
  MAXIMUM         48    141 PM  82    1973  57     -9       51
  MINIMUM         36   1158 PM  14    1974  36      0       34
  AVERAGE         42                        47     -5       43

PRECIPITATION (IN)
  YESTERDAY        0.04          2.42 1944   0.10  -0.06     1.27
  MONTH TO DATE    2.95                      2.90   0.05     3.06
  SINCE SEP 1      6.93                     10.01  -3.08     8.70
  SINCE JAN 1     32.60                     40.00  -7.40    47.57

SNOWFALL (IN)
  YESTERDAY        0.0           0.1  1938   0.0    0.0
  MONTH TO DATE    T                         0.1   -0.1
  SINCE NOV 1      T                         0.1   -0.1
  SINCE JUL 1      T                         0.1   -0.1
  SNOW DEPTH       0

DEGREE DAYS
 HEATING
  YESTERDAY       23                        18      5       22
  MONTH TO DATE  468                       384     84      404
  SINCE SEP 1    603                       616    -13      554
  SINCE JUL 1    603                       617    -14      554

 COOLING
  YESTERDAY        0                         0      0        0
  MONTH TO DATE    3                         0      3        8
  SINCE SEP 1    299                       236     63      273
  SINCE JAN 1   1679                      1543    136     1678
..................................................................


WIND (MPH)
  HIGHEST WIND SPEED    20   HIGHEST WIND DIRECTION    NW (330)
  HIGHEST GUST SPEED    24   HIGHEST GUST DIRECTION     N (340)
  AVERAGE WIND SPEED     4.1


SKY COVER
  POSSIBLE SUNSHINE  MM
  AVERAGE SKY COVER 0.9


WEATHER CONDITIONS
 THE FOLLOWING WEATHER WAS RECORDED YESTERDAY.
  LIGHT RAIN
  FOG


RELATIVE HUMIDITY (PERCENT)
 HIGHEST    92           100 AM
 LOWEST     70          1100 PM
 AVERAGE    81

..........................................................


THE RICHMOND VA CLIMATE NORMALS FOR TODAY
                         NORMAL    RECORD    YEAR
 MAXIMUM TEMPERATURE (F)   57        76      1990
 MINIMUM TEMPERATURE (F)   36        12      1930


SUNRISE AND SUNSET
NOVEMBER 28 2014......SUNRISE   702 AM EST   SUNSET   452 PM EST
NOVEMBER 29 2014......SUNRISE   703 AM EST   SUNSET   452 PM EST


-  INDICATES NEGATIVE NUMBERS.
R  INDICATES RECORD WAS SET OR TIED.
MM INDICATES DATA IS MISSING.
T  INDICATES TRACE AMOUNT.




$$






U.S. Dept. of Commerce
NOAA National Weather Service
1325 East West Highway
Silver Spring, MD 20910
E-mail: w-nws.webmaster@noaa.gov
Page last modified: May 16, 2007
NATIONAL WEATHER SERVICE: for Safety, for Work, for Fun - FOR LIFE