816
CDUS41 KAKQ 311020
CLIRIC


CLIMATE REPORT
NATIONAL WEATHER SERVICE WAKEFIELD, VA
619 AM EDT FRI OCT 31 2014


...................................

...THE RICHMOND VA CLIMATE SUMMARY FOR OCTOBER 30 2014...

CLIMATE NORMAL PERIOD 1981 TO 2010
CLIMATE RECORD PERIOD 1871 TO 2014


WEATHER ITEM   OBSERVED TIME   RECORD YEAR NORMAL DEPARTURE LAST
                VALUE   (LST)  VALUE       VALUE  FROM      YEAR
                                                  NORMAL
..................................................................
TEMPERATURE (F)
 YESTERDAY
  MAXIMUM         65    149 PM  86    1946  67     -2       67
  MINIMUM         45   1159 PM  23    1965  44      1       50
  AVERAGE         55                        55      0       59

PRECIPITATION (IN)
  YESTERDAY        T             1.08 1949   0.11  -0.11     0.01
  MONTH TO DATE    2.63                      2.88  -0.25     4.25
  SINCE SEP 1      3.98                      7.01  -3.03     5.64
  SINCE JAN 1     29.65                     37.00  -7.35    44.51

SNOWFALL (IN)
  YESTERDAY        0.0           T    1954   0.0    0.0
                                      2001
  MONTH TO DATE    0.0                       0.0    0.0
  SINCE NOV 1     14.5                      10.3    4.2
  SINCE JUL 1      0.0                       0.0    0.0
  SNOW DEPTH       0

DEGREE DAYS
 HEATING
  YESTERDAY       10                        10      0        6
  MONTH TO DATE  115                       194    -79      137
  SINCE SEP 1    122                       222   -100      150
  SINCE JUL 1    122                       223   -101      150

 COOLING
  YESTERDAY        0                         0      0        0
  MONTH TO DATE   52                        40     12       71
  SINCE SEP 1    296                       237     59      265
  SINCE JAN 1   1676                      1544    132     1670
..................................................................


WIND (MPH)
  HIGHEST WIND SPEED    15   HIGHEST WIND DIRECTION     N (350)
  HIGHEST GUST SPEED    18   HIGHEST GUST DIRECTION     N (350)
  AVERAGE WIND SPEED     6.3


SKY COVER
  POSSIBLE SUNSHINE  MM
  AVERAGE SKY COVER 0.4


WEATHER CONDITIONS
 THE FOLLOWING WEATHER WAS RECORDED YESTERDAY.
  LIGHT RAIN
  FOG


RELATIVE HUMIDITY (PERCENT)
 HIGHEST    96           400 AM
 LOWEST     36           300 PM
 AVERAGE    66

..........................................................


THE RICHMOND VA CLIMATE NORMALS FOR TODAY
                         NORMAL    RECORD    YEAR
 MAXIMUM TEMPERATURE (F)   67        85      1950
 MINIMUM TEMPERATURE (F)   44        23      1936


SUNRISE AND SUNSET
OCTOBER 31 2014.......SUNRISE   733 AM EDT   SUNSET   612 PM EDT
NOVEMBER  1 2014......SUNRISE   734 AM EDT   SUNSET   611 PM EDT


-  INDICATES NEGATIVE NUMBERS.
R  INDICATES RECORD WAS SET OR TIED.
MM INDICATES DATA IS MISSING.
T  INDICATES TRACE AMOUNT.




$$





U.S. Dept. of Commerce
NOAA National Weather Service
1325 East West Highway
Silver Spring, MD 20910
E-mail: w-nws.webmaster@noaa.gov
Page last modified: May 16, 2007
NATIONAL WEATHER SERVICE: for Safety, for Work, for Fun - FOR LIFE