141
CDUS41 KAKQ 190828
CLIRIC


CLIMATE REPORT
NATIONAL WEATHER SERVICE WAKEFIELD, VA
327 AM EST FRI DEC 19 2014


...................................

...THE RICHMOND VA CLIMATE SUMMARY FOR DECEMBER 18 2014...

CLIMATE NORMAL PERIOD 1981 TO 2010
CLIMATE RECORD PERIOD 1871 TO 2014


WEATHER ITEM   OBSERVED TIME   RECORD YEAR NORMAL DEPARTURE LAST
                VALUE   (LST)  VALUE       VALUE  FROM      YEAR
                                                  NORMAL
..................................................................
TEMPERATURE (F)
 YESTERDAY
  MAXIMUM         47    218 PM  75    2006  50     -3       46
                                      1984
  MINIMUM         30    726 AM   3    1973  31     -1       30
  AVERAGE         39                        40     -1       38

PRECIPITATION (IN)
  YESTERDAY        0.00          1.57 1977   0.10  -0.10     0.00
  MONTH TO DATE    1.03                      1.95  -0.92     3.49
  SINCE DEC 1      1.03                      1.95  -0.92     3.49
  SINCE JAN 1     33.63                     42.29  -8.66    51.06

SNOWFALL (IN)
  YESTERDAY        0.0           6.0  2009   0.1   -0.1
  MONTH TO DATE    0.0                       1.1   -1.1
  SINCE NOV 1      T                         1.3   -1.3
  SINCE JUL 1      T                         1.3   -1.3
  SNOW DEPTH       0

DEGREE DAYS
 HEATING
  YESTERDAY       26                        25      1       27
  MONTH TO DATE  366                       406    -40      411
  SINCE DEC 1    366                       406    -40      411
  SINCE JUL 1   1036                      1082    -46     1051

 COOLING
  YESTERDAY        0                         0      0        0
  MONTH TO DATE    0                         0      0        0
  SINCE DEC 1      0                         0      0        0
  SINCE JAN 1   1679                      1548    131     1678
..................................................................


WIND (MPH)
  HIGHEST WIND SPEED    15   HIGHEST WIND DIRECTION     N (340)
  HIGHEST GUST SPEED    19   HIGHEST GUST DIRECTION    NW (330)
  AVERAGE WIND SPEED     5.6


SKY COVER
  POSSIBLE SUNSHINE  MM
  AVERAGE SKY COVER 0.6


WEATHER CONDITIONS
 THE FOLLOWING WEATHER WAS RECORDED YESTERDAY.
  NO SIGNIFICANT WEATHER WAS OBSERVED.


RELATIVE HUMIDITY (PERCENT)
 HIGHEST    78           700 AM
 LOWEST     34           300 PM
 AVERAGE    56

..........................................................


THE RICHMOND VA CLIMATE NORMALS FOR TODAY
                         NORMAL    RECORD    YEAR
 MAXIMUM TEMPERATURE (F)   50        76      1931
                                             1924
 MINIMUM TEMPERATURE (F)   31         9      1932


SUNRISE AND SUNSET
DECEMBER 19 2014......SUNRISE   719 AM EST   SUNSET   454 PM EST
DECEMBER 20 2014......SUNRISE   720 AM EST   SUNSET   454 PM EST


-  INDICATES NEGATIVE NUMBERS.
R  INDICATES RECORD WAS SET OR TIED.
MM INDICATES DATA IS MISSING.
T  INDICATES TRACE AMOUNT.




$$





U.S. Dept. of Commerce
NOAA National Weather Service
1325 East West Highway
Silver Spring, MD 20910
E-mail: w-nws.webmaster@noaa.gov
Page last modified: May 16, 2007
NATIONAL WEATHER SERVICE: for Safety, for Work, for Fun - FOR LIFE