024
CDUS41 KAKQ 230833
CLIRIC


CLIMATE REPORT
NATIONAL WEATHER SERVICE WAKEFIELD, VA
433 AM EDT WED APR 23 2014


...................................

...THE RICHMOND VA CLIMATE SUMMARY FOR APRIL 22 2014...

CLIMATE NORMAL PERIOD 1981 TO 2010
CLIMATE RECORD PERIOD 1871 TO 2014


WEATHER ITEM   OBSERVED TIME   RECORD YEAR NORMAL DEPARTURE LAST
                VALUE   (LST)  VALUE       VALUE  FROM      YEAR
                                                  NORMAL
..................................................................
TEMPERATURE (F)
 YESTERDAY
  MAXIMUM         84    130 PM  96    1985  72     12       59
  MINIMUM         49    604 AM  34    1953  48      1       36
                                      1950
                                      1934
  AVERAGE         67                        60      7       48

PRECIPITATION (IN)
  YESTERDAY        T             1.60 1984   0.10  -0.10     0.01
  MONTH TO DATE    1.54                      2.41  -0.87     1.84
  SINCE MAR 1      4.78                      6.45  -1.67     7.41
  SINCE JAN 1     11.09                     12.25  -1.16    15.34

SNOWFALL (IN)
  YESTERDAY        0.0           0.0  2002   0.0    0.0
  MONTH TO DATE    0.0                       0.1   -0.1
  SINCE NOV 1     14.5                      10.3    4.2
  SINCE JUL 1     14.5                      10.3    4.2
  SNOW DEPTH       0

DEGREE DAYS
 HEATING
  YESTERDAY        0                         6     -6       17
  MONTH TO DATE  158                       197    -39      163
  SINCE MAR 1    771                       713     58      827
  SINCE JUL 1   3724                      3649     75     3555

 COOLING
  YESTERDAY        2                         2      0        0
  MONTH TO DATE   21                        22     -1       65
  SINCE MAR 1     23                        28     -5       65
  SINCE JAN 1     23                        28     -5       66
..................................................................


WIND (MPH)
  HIGHEST WIND SPEED    22   HIGHEST WIND DIRECTION    NW (310)
  HIGHEST GUST SPEED    29   HIGHEST GUST DIRECTION    NW (300)
  AVERAGE WIND SPEED     5.8


SKY COVER
  POSSIBLE SUNSHINE  MM
  AVERAGE SKY COVER 0.7


WEATHER CONDITIONS
 THE FOLLOWING WEATHER WAS RECORDED YESTERDAY.
  HAZE


RELATIVE HUMIDITY (PERCENT)
 HIGHEST    86           200 AM
 LOWEST     26           200 PM
 AVERAGE    56

..........................................................


THE RICHMOND VA CLIMATE NORMALS FOR TODAY
                         NORMAL    RECORD    YEAR
 MAXIMUM TEMPERATURE (F)   73        95      1985
 MINIMUM TEMPERATURE (F)   48        31      1940


SUNRISE AND SUNSET
APRIL 23 2014.........SUNRISE   624 AM EDT   SUNSET   752 PM EDT
APRIL 24 2014.........SUNRISE   623 AM EDT   SUNSET   753 PM EDT


-  INDICATES NEGATIVE NUMBERS.
R  INDICATES RECORD WAS SET OR TIED.
MM INDICATES DATA IS MISSING.
T  INDICATES TRACE AMOUNT.




$$





U.S. Dept. of Commerce
NOAA National Weather Service
1325 East West Highway
Silver Spring, MD 20910
E-mail: w-nws.webmaster@noaa.gov
Page last modified: May 16, 2007
NATIONAL WEATHER SERVICE: for Safety, for Work, for Fun - FOR LIFE