664
CDUS43 KGRB 200709
CLIRHI


CLIMATE REPORT
NATIONAL WEATHER SERVICE GREEN BAY
109 AM CST SAT DEC 20 2014


...................................

...THE RHINELANDER WI CLIMATE SUMMARY FOR DECEMBER 19 2014...

CLIMATE NORMAL PERIOD 1981 TO 2010
CLIMATE RECORD PERIOD 1908 TO 2014


WEATHER ITEM   OBSERVED TIME   RECORD YEAR NORMAL DEPARTURE LAST
                VALUE   (LST)  VALUE       VALUE  FROM      YEAR
                                                  NORMAL
..................................................................
TEMPERATURE (F)
 YESTERDAY
  MAXIMUM         25    241 PM  44    1923  24      1       20
  MINIMUM          2    739 AM -32    1983   7     -5        4
  AVERAGE         14                        16     -2       12

PRECIPITATION (IN)
  YESTERDAY        0.00          1.16 1939   0.04  -0.04      T
  MONTH TO DATE    0.69                      0.93  -0.24     1.24
  SINCE DEC 1      0.69                      0.93  -0.24     1.24
  SINCE JAN 1     40.29                     30.89   9.40    36.45

SNOWFALL (IN)
  YESTERDAY        0.0           8.0  1968  MM     MM        0.1
  MONTH TO DATE    5.6                      MM     MM       14.9
  SINCE DEC 1      5.6                      MM     MM       14.9
  SINCE JUL 1     40.7                      MM     MM       24.7
  SNOW DEPTH       5

DEGREE DAYS
 HEATING
  YESTERDAY       51                        49      2       53
  MONTH TO DATE  861                       882    -21     1099
  SINCE DEC 1    861                       882    -21     1099
  SINCE JUL 1   3382                      3016    366     3326

 COOLING
  YESTERDAY        0                         0      0        0
  MONTH TO DATE    0                         0      0        0
  SINCE DEC 1      0                         0      0        0
  SINCE JAN 1    148                       261   -113      281
..................................................................


WIND (MPH)
  HIGHEST WIND SPEED     9   HIGHEST WIND DIRECTION     W (250)
  HIGHEST GUST SPEED    11   HIGHEST GUST DIRECTION     W (260)
  AVERAGE WIND SPEED     1.7


SKY COVER
  POSSIBLE SUNSHINE  MM
  AVERAGE SKY COVER 0.9


WEATHER CONDITIONS
 THE FOLLOWING WEATHER WAS RECORDED YESTERDAY.
  FOG
  FOG W/VISIBILITY <= 1/4 MILE


RELATIVE HUMIDITY (PERCENT)
 HIGHEST   100          1000 AM
 LOWEST     74           200 PM
 AVERAGE    87

..........................................................


THE RHINELANDER WI CLIMATE NORMALS FOR TODAY
                         NORMAL    RECORD    YEAR
 MAXIMUM TEMPERATURE (F)   24        43      1994
 MINIMUM TEMPERATURE (F)    7       -32      1983


SUNRISE AND SUNSET
DECEMBER 20 2014......SUNRISE   735 AM CST   SUNSET   416 PM CST
DECEMBER 21 2014......SUNRISE   735 AM CST   SUNSET   417 PM CST


-  INDICATES NEGATIVE NUMBERS.
R  INDICATES RECORD WAS SET OR TIED.
MM INDICATES DATA IS MISSING.
T  INDICATES TRACE AMOUNT.




$$





U.S. Dept. of Commerce
NOAA National Weather Service
1325 East West Highway
Silver Spring, MD 20910
E-mail: w-nws.webmaster@noaa.gov
Page last modified: May 16, 2007
NATIONAL WEATHER SERVICE: for Safety, for Work, for Fun - FOR LIFE