286
CDUS43 KGRB 232248
CLIRHI


CLIMATE REPORT
NATIONAL WEATHER SERVICE GREEN BAY
447 PM CST SUN NOV 23 2014


...................................

...THE RHINELANDER WI CLIMATE SUMMARY FOR NOVEMBER 23 2014...
VALID TODAY AS OF 0400 PM LOCAL TIME.

CLIMATE NORMAL PERIOD 1981 TO 2010
CLIMATE RECORD PERIOD 1908 TO 2014


WEATHER ITEM   OBSERVED TIME   RECORD YEAR NORMAL DEPARTURE LAST
                VALUE   (LST)  VALUE       VALUE  FROM      YEAR
                                                  NORMAL
..................................................................
TEMPERATURE (F)
 TODAY
  MAXIMUM         44    327 PM  59    1931  34     10       14
  MINIMUM         34   1220 AM  -9    1950  19     15        0
  AVERAGE         39                        26     13        7

PRECIPITATION (IN)
  TODAY            0.00          1.42 1999   0.06  -0.06      T
  MONTH TO DATE    2.25                      1.43   0.82     2.04
  SINCE SEP 1     12.07                      8.67   3.40     8.31
  SINCE JAN 1     38.53                     29.55   8.98    35.15

SNOWFALL (IN)
  TODAY            0.0          12.0  1991  MM     MM        0.1
  MONTH TO DATE   23.9                      MM     MM        6.9
  SINCE SEP 1     26.6                      MM     MM        9.1
  SINCE JUL 1     26.6                      MM     MM        9.1
  SNOW DEPTH      MM

DEGREE DAYS
 HEATING
  TODAY           26                        39    -13       58
  MONTH TO DATE  965                       756    209      787
  SINCE SEP 1   1964                      1722    242     1699
  SINCE JUL 1   2164                      1849    315     1889

 COOLING
  TODAY            0                         0      0        0
  MONTH TO DATE    0                         0      0        0
  SINCE SEP 1      1                        20    -19       17
  SINCE JAN 1    148                       261   -113      281
..................................................................


WIND (MPH)
  HIGHEST WIND SPEED    13   HIGHEST WIND DIRECTION     S (190)
  HIGHEST GUST SPEED    20   HIGHEST GUST DIRECTION     S (190)
  AVERAGE WIND SPEED     6.6


SKY COVER
  POSSIBLE SUNSHINE  MM
  AVERAGE SKY COVER 1.0


WEATHER CONDITIONS
 THE FOLLOWING WEATHER WAS RECORDED TODAY.
  FOG
  FOG W/VISIBILITY <= 1/4 MILE


RELATIVE HUMIDITY (PERCENT)
 HIGHEST   100          1200 AM
 LOWEST    100          1200 AM
 AVERAGE   100

..........................................................


THE RHINELANDER WI CLIMATE NORMALS FOR TOMORROW
                         NORMAL    RECORD    YEAR
 MAXIMUM TEMPERATURE (F)   33        54      1988
 MINIMUM TEMPERATURE (F)   18       -11      1950


SUNRISE AND SUNSET
NOVEMBER 23 2014......SUNRISE   708 AM CST   SUNSET   420 PM CST
NOVEMBER 24 2014......SUNRISE   709 AM CST   SUNSET   419 PM CST


-  INDICATES NEGATIVE NUMBERS.
R  INDICATES RECORD WAS SET OR TIED.
MM INDICATES DATA IS MISSING.
T  INDICATES TRACE AMOUNT.

$$






U.S. Dept. of Commerce
NOAA National Weather Service
1325 East West Highway
Silver Spring, MD 20910
E-mail: w-nws.webmaster@noaa.gov
Page last modified: May 16, 2007
NATIONAL WEATHER SERVICE: for Safety, for Work, for Fun - FOR LIFE