494
CDUS43 KGRB 010628
CLIRHI


CLIMATE REPORT
NATIONAL WEATHER SERVICE GREEN BAY
127 AM CDT MON SEP 1 2014


...................................

...THE RHINELANDER WI CLIMATE SUMMARY FOR AUGUST 31 2014...

CLIMATE NORMAL PERIOD 1981 TO 2010
CLIMATE RECORD PERIOD 1908 TO 2014


WEATHER ITEM   OBSERVED TIME   RECORD YEAR NORMAL DEPARTURE LAST
                VALUE   (LST)  VALUE       VALUE  FROM      YEAR
                                                  NORMAL
..................................................................
TEMPERATURE (F)
 YESTERDAY
  MAXIMUM         75    400 PM  90    2000  73      2       81
  MINIMUM         48    331 AM  33    2009  50     -2       53
  AVERAGE         62                        62      0       67

PRECIPITATION (IN)
  YESTERDAY        0.06          2.66 1977   0.12  -0.06     0.00
  MONTH TO DATE    4.63                      3.29   1.34     5.47
  SINCE JUN 1     15.35                     11.20   4.15    13.51
  SINCE JAN 1     26.46                     20.88   5.58    26.84

SNOWFALL (IN)
  YESTERDAY        0.0           0.0    MM  MM     MM        0.0
  MONTH TO DATE    0.0                      MM     MM        0.0
  SINCE JUN 1      0.0                      MM     MM        0.0
  SINCE JUL 1      0.0                      MM     MM        0.0
  SNOW DEPTH       0

DEGREE DAYS
 HEATING
  YESTERDAY        3                         5     -2        0
  MONTH TO DATE   76                        77     -1      106
  SINCE JUN 1    293                       261     32      364
  SINCE JUL 1    200                       127     73      190

 COOLING
  YESTERDAY        0                         1     -1        2
  MONTH TO DATE   29                        71    -42       78
  SINCE JUN 1    140                       229    -89      250
  SINCE JAN 1    147                       241    -94      264
..................................................................


WIND (MPH)
  HIGHEST WIND SPEED    15   HIGHEST WIND DIRECTION     S (160)
  HIGHEST GUST SPEED    22   HIGHEST GUST DIRECTION     S (170)
  AVERAGE WIND SPEED     5.5


SKY COVER
  POSSIBLE SUNSHINE  MM
  AVERAGE SKY COVER 0.5


WEATHER CONDITIONS
 THE FOLLOWING WEATHER WAS RECORDED YESTERDAY.
  THUNDERSTORM
  RAIN
  LIGHT RAIN
  FOG
  FOG W/VISIBILITY <= 1/4 MILE


RELATIVE HUMIDITY (PERCENT)
 HIGHEST   100           100 AM
 LOWEST     68           200 PM
 AVERAGE    84

..........................................................


THE RHINELANDER WI CLIMATE NORMALS FOR TODAY
                         NORMAL    RECORD    YEAR
 MAXIMUM TEMPERATURE (F)   73        91      1913
 MINIMUM TEMPERATURE (F)   50        32      1935


SUNRISE AND SUNSET
SEPTEMBER  1 2014.....SUNRISE   619 AM CDT   SUNSET   736 PM CDT
SEPTEMBER  2 2014.....SUNRISE   620 AM CDT   SUNSET   734 PM CDT


-  INDICATES NEGATIVE NUMBERS.
R  INDICATES RECORD WAS SET OR TIED.
MM INDICATES DATA IS MISSING.
T  INDICATES TRACE AMOUNT.




$$





U.S. Dept. of Commerce
NOAA National Weather Service
1325 East West Highway
Silver Spring, MD 20910
E-mail: w-nws.webmaster@noaa.gov
Page last modified: May 16, 2007
NATIONAL WEATHER SERVICE: for Safety, for Work, for Fun - FOR LIFE