769
CDUS43 KGRB 250638
CLIRHI


CLIMATE REPORT
NATIONAL WEATHER SERVICE GREEN BAY
138 AM CDT SAT OCT 25 2014


...................................

...THE RHINELANDER WI CLIMATE SUMMARY FOR OCTOBER 24 2014...

CLIMATE NORMAL PERIOD 1981 TO 2010
CLIMATE RECORD PERIOD 1908 TO 2014


WEATHER ITEM   OBSERVED TIME   RECORD YEAR NORMAL DEPARTURE LAST
                VALUE   (LST)  VALUE       VALUE  FROM      YEAR
                                                  NORMAL
..................................................................
TEMPERATURE (F)
 YESTERDAY
  MAXIMUM         60    301 PM  77    1963  50     10       38
  MINIMUM         42    735 AM  14    2002  32     10       24
                                      1917
  AVERAGE         51                        41     10       31

PRECIPITATION (IN)
  YESTERDAY        0.00          1.25 1991   0.07  -0.07      T
  MONTH TO DATE    3.04                      2.52   0.52     3.78
  SINCE SEP 1      9.42                      6.72   2.70     5.90
  SINCE JAN 1     35.88                     27.60   8.28    32.74

SNOWFALL (IN)
  YESTERDAY        0.0           1.0  1925  MM     MM        0.1
  MONTH TO DATE    T                        MM     MM        2.2
  SINCE SEP 1      T                        MM     MM        2.2
  SINCE JUL 1      T                        MM     MM        2.2
  SNOW DEPTH       0

DEGREE DAYS
 HEATING
  YESTERDAY       14                        24    -10       34
  MONTH TO DATE  513                       483     30      461
  SINCE SEP 1    827                       788     39      723
  SINCE JUL 1   1027                       915    112      913

 COOLING
  YESTERDAY        0                         0      0        0
  MONTH TO DATE    0                         0      0        0
  SINCE SEP 1      1                        18    -17       17
  SINCE JAN 1    148                       259   -111      281
..................................................................


WIND (MPH)
  HIGHEST WIND SPEED    13   HIGHEST WIND DIRECTION    SW (240)
  HIGHEST GUST SPEED    18   HIGHEST GUST DIRECTION    SW (230)
  AVERAGE WIND SPEED     7.2


SKY COVER
  POSSIBLE SUNSHINE  MM
  AVERAGE SKY COVER 0.8


WEATHER CONDITIONS
 THE FOLLOWING WEATHER WAS RECORDED YESTERDAY.
  FOG
  FOG W/VISIBILITY <= 1/4 MILE


RELATIVE HUMIDITY (PERCENT)
 HIGHEST   100          1200 AM
 LOWEST     57           300 PM
 AVERAGE    79

..........................................................


THE RHINELANDER WI CLIMATE NORMALS FOR TODAY
                         NORMAL    RECORD    YEAR
 MAXIMUM TEMPERATURE (F)   50        76      1989
 MINIMUM TEMPERATURE (F)   32         9      1933


SUNRISE AND SUNSET
OCTOBER 25 2014.......SUNRISE   728 AM CDT   SUNSET   555 PM CDT
OCTOBER 26 2014.......SUNRISE   729 AM CDT   SUNSET   554 PM CDT


-  INDICATES NEGATIVE NUMBERS.
R  INDICATES RECORD WAS SET OR TIED.
MM INDICATES DATA IS MISSING.
T  INDICATES TRACE AMOUNT.




$$





U.S. Dept. of Commerce
NOAA National Weather Service
1325 East West Highway
Silver Spring, MD 20910
E-mail: w-nws.webmaster@noaa.gov
Page last modified: May 16, 2007
NATIONAL WEATHER SERVICE: for Safety, for Work, for Fun - FOR LIFE