889
CDUS43 KLOT 250632
CLIRFD


CLIMATE REPORT
NATIONAL WEATHER SERVICE CHICAGO IL
132 AM CDT SAT OCT 25 2014


...................................

...THE ROCKFORD IL CLIMATE SUMMARY FOR OCTOBER 24 2014...

CLIMATE NORMAL PERIOD 1981 TO 2010
CLIMATE RECORD PERIOD 1905 TO 2014


WEATHER ITEM   OBSERVED TIME   RECORD YEAR NORMAL DEPARTURE LAST
                VALUE   (LST)  VALUE       VALUE  FROM      YEAR
                                                  NORMAL
..................................................................
TEMPERATURE (F)
 YESTERDAY
  MAXIMUM         64    353 PM  80    1963  59      5       42
  MINIMUM         39    238 AM  18    1981  39      0       29
  AVERAGE         52                        49      3       36

PRECIPITATION (IN)
  YESTERDAY        T             1.46 1967   0.08  -0.08      T
  MONTH TO DATE    2.69                      2.06   0.63     1.81
  SINCE SEP 1      4.69                      5.41  -0.72     3.42
  SINCE JAN 1     30.94                     31.07  -0.13    35.42

SNOWFALL (IN)
  YESTERDAY        0.0           T    2013   0.0    0.0       T
                                      2003
  MONTH TO DATE    T                         0.0    0.0       T
  SINCE SEP 1      T                         0.0    0.0       T
  SINCE JUL 1      T                         0.0    0.0       T
  SNOW DEPTH       0

DEGREE DAYS
 HEATING
  YESTERDAY       13                        16     -3       29
  MONTH TO DATE  317                       298     19      284
  SINCE SEP 1    448                       415     33      355
  SINCE JUL 1    458                       429     29      366

 COOLING
  YESTERDAY        0                         0      0        0
  MONTH TO DATE    3                         8     -5       16
  SINCE SEP 1     73                        92    -19      141
  SINCE JAN 1    729                       819    -90      890
..................................................................


WIND (MPH)
  HIGHEST WIND SPEED    13   HIGHEST WIND DIRECTION    SW (210)
  HIGHEST GUST SPEED    16   HIGHEST GUST DIRECTION    SW (220)
  AVERAGE WIND SPEED     4.6


SKY COVER
  POSSIBLE SUNSHINE  MM
  AVERAGE SKY COVER 0.9


WEATHER CONDITIONS
 THE FOLLOWING WEATHER WAS RECORDED YESTERDAY.
  FOG
  FOG W/VISIBILITY <= 1/4 MILE
  HAZE


RELATIVE HUMIDITY (PERCENT)
 HIGHEST   100           400 AM
 LOWEST     60           900 PM
 AVERAGE    80

..........................................................


THE ROCKFORD IL CLIMATE NORMALS FOR TODAY
                         NORMAL    RECORD    YEAR
 MAXIMUM TEMPERATURE (F)   59        78      1989
                                             1927
 MINIMUM TEMPERATURE (F)   38        23      2013
                                             1987


SUNRISE AND SUNSET
OCTOBER 25 2014.......SUNRISE   721 AM CDT   SUNSET   559 PM CDT
OCTOBER 26 2014.......SUNRISE   722 AM CDT   SUNSET   558 PM CDT


-  INDICATES NEGATIVE NUMBERS.
R  INDICATES RECORD WAS SET OR TIED.
MM INDICATES DATA IS MISSING.
T  INDICATES TRACE AMOUNT.




$$






U.S. Dept. of Commerce
NOAA National Weather Service
1325 East West Highway
Silver Spring, MD 20910
E-mail: w-nws.webmaster@noaa.gov
Page last modified: May 16, 2007
NATIONAL WEATHER SERVICE: for Safety, for Work, for Fun - FOR LIFE