122
CDUS43 KLOT 290632
CLIRFD


CLIMATE REPORT
NATIONAL WEATHER SERVICE CHICAGO IL
132 AM CDT FRI AUG 29 2014


...................................

...THE ROCKFORD IL CLIMATE SUMMARY FOR AUGUST 28 2014...

CLIMATE NORMAL PERIOD 1981 TO 2010
CLIMATE RECORD PERIOD 1905 TO 2014


WEATHER ITEM   OBSERVED TIME   RECORD YEAR NORMAL DEPARTURE LAST
                VALUE   (LST)  VALUE       VALUE  FROM      YEAR
                                                  NORMAL
..................................................................
TEMPERATURE (F)
 YESTERDAY
  MAXIMUM         77    125 PM  97    1955  81     -4       88
  MINIMUM         63    406 AM  38    1915  60      3       70
  AVERAGE         70                        70      0       79

PRECIPITATION (IN)
  YESTERDAY        0.08          2.30 1936   0.14  -0.06     0.00
  MONTH TO DATE    5.55                      4.18   1.37     2.72
  SINCE JUN 1     16.07                     12.78   3.29    12.36
  SINCE JAN 1     26.04                     25.25   0.79    31.80

SNOWFALL (IN)
  YESTERDAY        0.0           0.0    MM   0.0    0.0      0.0
  MONTH TO DATE    T                         0.0    0.0      0.0
  SINCE JUN 1      T                         0.0    0.0      0.0
  SINCE JUL 1      T                         0.0    0.0      0.0
  SNOW DEPTH       0

DEGREE DAYS
 HEATING
  YESTERDAY        0                         1     -1        0
  MONTH TO DATE    0                         3     -3        2
  SINCE JUN 1     21                        37    -16       45
  SINCE JUL 1     10                         6      4       11

 COOLING
  YESTERDAY        5                         6     -1       14
  MONTH TO DATE  203                       206     -3      193
  SINCE JUN 1    545                       655   -110      618
  SINCE JAN 1    628                       710    -82      710
..................................................................


WIND (MPH)
  HIGHEST WIND SPEED    14   HIGHEST WIND DIRECTION    SE (140)
  HIGHEST GUST SPEED    18   HIGHEST GUST DIRECTION    SE (130)
  AVERAGE WIND SPEED     7.4


SKY COVER
  POSSIBLE SUNSHINE  MM
  AVERAGE SKY COVER 0.8


WEATHER CONDITIONS
 THE FOLLOWING WEATHER WAS RECORDED YESTERDAY.
  LIGHT RAIN
  FOG


RELATIVE HUMIDITY (PERCENT)
 HIGHEST    93          1200 AM
 LOWEST     54           100 PM
 AVERAGE    74

..........................................................


THE ROCKFORD IL CLIMATE NORMALS FOR TODAY
                         NORMAL    RECORD    YEAR
 MAXIMUM TEMPERATURE (F)   81        98      1948
 MINIMUM TEMPERATURE (F)   59        39      1934


SUNRISE AND SUNSET
AUGUST 29 2014........SUNRISE   619 AM CDT   SUNSET   735 PM CDT
AUGUST 30 2014........SUNRISE   620 AM CDT   SUNSET   734 PM CDT


-  INDICATES NEGATIVE NUMBERS.
R  INDICATES RECORD WAS SET OR TIED.
MM INDICATES DATA IS MISSING.
T  INDICATES TRACE AMOUNT.




$$





U.S. Dept. of Commerce
NOAA National Weather Service
1325 East West Highway
Silver Spring, MD 20910
E-mail: w-nws.webmaster@noaa.gov
Page last modified: May 16, 2007
NATIONAL WEATHER SERVICE: for Safety, for Work, for Fun - FOR LIFE