124
CDUS46 KBOI 010931
CLIREO


CLIMATE REPORT
NATIONAL WEATHER SERVICE BOISE ID
331 AM MDT WED OCT 1 2014


...................................

...THE ROME OR CLIMATE SUMMARY FOR SEPTEMBER 30 2014...

CLIMATE NORMAL PERIOD 1981 TO 2010
CLIMATE RECORD PERIOD 9999 TO 9999


WEATHER ITEM   OBSERVED TIME   NORMAL DEPARTURE LAST
                VALUE   (LST)  VALUE  FROM      YEAR
                                      NORMAL
......................................................
TEMPERATURE (F)
 YESTERDAY
  MAXIMUM         61    317 PM  73    -12       62
  MINIMUM         37   1159 PM  35      2       38
  AVERAGE         49            54     -5       50

PRECIPITATION (IN)
  YESTERDAY        0.00          0.02  -0.02     0.10
  MONTH TO DATE    1.10          0.40   0.70     1.87
  SINCE OCT 1      3.59          8.92  -5.33     6.56
  SINCE JAN 1      3.40          6.73  -3.33     5.10

DEGREE DAYS
 HEATING
  YESTERDAY       16            11      5       15
  MONTH TO DATE  108           183    -75      150
  SINCE SEP 1    108           183    -75      150
  SINCE JUL 1    118           224   -106      150

 COOLING
  YESTERDAY        0             0      0        0
  MONTH TO DATE   62            40     22       78
  SINCE SEP 1     62            40     22       78
  SINCE JAN 1    688           506    182      878
......................................................


WIND (MPH)
  RESULTANT WIND SPEED   6   RESULTANT WIND DIRECTION  NW (300)
  HIGHEST WIND SPEED    23   HIGHEST WIND DIRECTION     W (290)
  HIGHEST GUST SPEED    30   HIGHEST GUST DIRECTION     W (290)
  AVERAGE WIND SPEED     8.2


SKY COVER
  AVERAGE SKY COVER 0.0


WEATHER CONDITIONS
 THE FOLLOWING WEATHER WAS RECORDED YESTERDAY.
  NO SIGNIFICANT WEATHER WAS OBSERVED.


RELATIVE HUMIDITY (PERCENT)
 HIGHEST    77          1200 AM
 LOWEST     32           300 PM
 AVERAGE    55

..........................................................


THE ROME OR CLIMATE NORMALS FOR TODAY
                         NORMAL    RECORD    YEAR
 MAXIMUM TEMPERATURE (F)   72        MM        MM
 MINIMUM TEMPERATURE (F)   35        MM        MM


SUNRISE AND SUNSET
OCTOBER  1 2014.......SUNRISE   649 AM PDT   SUNSET   633 PM PDT
OCTOBER  2 2014.......SUNRISE   650 AM PDT   SUNSET   631 PM PDT


-  INDICATES NEGATIVE NUMBERS.
R  INDICATES RECORD WAS SET OR TIED.
MM INDICATES DATA IS MISSING.
T  INDICATES TRACE AMOUNT.




$$





U.S. Dept. of Commerce
NOAA National Weather Service
1325 East West Highway
Silver Spring, MD 20910
E-mail: w-nws.webmaster@noaa.gov
Page last modified: May 16, 2007
NATIONAL WEATHER SERVICE: for Safety, for Work, for Fun - FOR LIFE