158
CDUS46 KBOI 230933
CLIREO


CLIMATE REPORT
NATIONAL WEATHER SERVICE BOISE ID
333 AM MDT THU OCT 23 2014


...................................

...THE ROME OR CLIMATE SUMMARY FOR OCTOBER 22 2014...

CLIMATE NORMAL PERIOD 1981 TO 2010
CLIMATE RECORD PERIOD 9999 TO 9999


WEATHER ITEM   OBSERVED TIME   NORMAL DEPARTURE LAST
                VALUE   (LST)  VALUE  FROM      YEAR
                                      NORMAL
......................................................
TEMPERATURE (F)
 YESTERDAY
  MAXIMUM         65    213 PM  62      3       70
  MINIMUM         34    153 AM  30      4       29
  AVERAGE         50            46      4       50

PRECIPITATION (IN)
  YESTERDAY        0.00          0.02  -0.02     0.00
  MONTH TO DATE    0.15          0.50  -0.35     0.04
  SINCE OCT 1      0.15          0.50  -0.35     0.04
  SINCE JAN 1      3.55          7.23  -3.68     5.14

DEGREE DAYS
 HEATING
  YESTERDAY       15            19     -4       15
  MONTH TO DATE  195           344   -149      407
  SINCE SEP 1    303           527   -224      557
  SINCE JUL 1    313           568   -255      557

 COOLING
  YESTERDAY        0             0      0        0
  MONTH TO DATE    2             0      2        0
  SINCE SEP 1     64            40     24       78
  SINCE JAN 1    690           506    184      878
......................................................


WIND (MPH)
  RESULTANT WIND SPEED   7   RESULTANT WIND DIRECTION   S (160)
  HIGHEST WIND SPEED    23   HIGHEST WIND DIRECTION    SE (140)
  HIGHEST GUST SPEED    30   HIGHEST GUST DIRECTION    SE (150)
  AVERAGE WIND SPEED     8.4


SKY COVER
  AVERAGE SKY COVER 0.0


WEATHER CONDITIONS
 THE FOLLOWING WEATHER WAS RECORDED YESTERDAY.
  NO SIGNIFICANT WEATHER WAS OBSERVED.


RELATIVE HUMIDITY (PERCENT)
 HIGHEST    75           200 AM
 LOWEST     23           400 PM
 AVERAGE    49

..........................................................


THE ROME OR CLIMATE NORMALS FOR TODAY
                         NORMAL    RECORD    YEAR
 MAXIMUM TEMPERATURE (F)   61        MM        MM
 MINIMUM TEMPERATURE (F)   30        MM        MM


SUNRISE AND SUNSET
OCTOBER 23 2014.......SUNRISE   714 AM PDT   SUNSET   557 PM PDT
OCTOBER 24 2014.......SUNRISE   715 AM PDT   SUNSET   555 PM PDT


-  INDICATES NEGATIVE NUMBERS.
R  INDICATES RECORD WAS SET OR TIED.
MM INDICATES DATA IS MISSING.
T  INDICATES TRACE AMOUNT.




$$





U.S. Dept. of Commerce
NOAA National Weather Service
1325 East West Highway
Silver Spring, MD 20910
E-mail: w-nws.webmaster@noaa.gov
Page last modified: May 16, 2007
NATIONAL WEATHER SERVICE: for Safety, for Work, for Fun - FOR LIFE