168
CDUS46 KBOI 210932
CLIREO


CLIMATE REPORT
NATIONAL WEATHER SERVICE BOISE ID
332 AM MDT SUN SEP 21 2014


...................................

...THE ROME OR CLIMATE SUMMARY FOR SEPTEMBER 20 2014...

CLIMATE NORMAL PERIOD 1981 TO 2010
CLIMATE RECORD PERIOD 9999 TO 9999


WEATHER ITEM   OBSERVED TIME   NORMAL DEPARTURE LAST
                VALUE   (LST)  VALUE  FROM      YEAR
                                      NORMAL
......................................................
TEMPERATURE (F)
 YESTERDAY
  MAXIMUM         88    416 PM  78     10       87
  MINIMUM         45    557 AM  39      6       36
  AVERAGE         67            58      9       62

PRECIPITATION (IN)
  YESTERDAY        0.00          0.01  -0.01     0.00
  MONTH TO DATE    0.07          0.22  -0.15     0.63
  SINCE OCT 1      2.56          8.74  -6.18     5.32
  SINCE JAN 1      2.37          6.55  -4.18     3.86

DEGREE DAYS
 HEATING
  YESTERDAY        0             7     -7        3
  MONTH TO DATE   49            90    -41       32
  SINCE SEP 1     49            90    -41       32
  SINCE JUL 1     59           131    -72       32

 COOLING
  YESTERDAY        2             0      2        0
  MONTH TO DATE   43            39      4       78
  SINCE SEP 1     43            39      4       78
  SINCE JAN 1    669           505    164      878
......................................................


WIND (MPH)
  RESULTANT WIND SPEED   5   RESULTANT WIND DIRECTION  NE (50)
  HIGHEST WIND SPEED    15   HIGHEST WIND DIRECTION     N (360)
  HIGHEST GUST SPEED    19   HIGHEST GUST DIRECTION     N (360)
  AVERAGE WIND SPEED     7.0


SKY COVER
  AVERAGE SKY COVER 0.0


WEATHER CONDITIONS
 THE FOLLOWING WEATHER WAS RECORDED YESTERDAY.
  NO SIGNIFICANT WEATHER WAS OBSERVED.


RELATIVE HUMIDITY (PERCENT)
 HIGHEST    62           600 AM
 LOWEST     14           500 PM
 AVERAGE    38

..........................................................


THE ROME OR CLIMATE NORMALS FOR TODAY
                         NORMAL    RECORD    YEAR
 MAXIMUM TEMPERATURE (F)   77        MM        MM
 MINIMUM TEMPERATURE (F)   39        MM        MM


SUNRISE AND SUNSET
SEPTEMBER 21 2014.....SUNRISE   638 AM PDT   SUNSET   650 PM PDT
SEPTEMBER 22 2014.....SUNRISE   639 AM PDT   SUNSET   649 PM PDT


-  INDICATES NEGATIVE NUMBERS.
R  INDICATES RECORD WAS SET OR TIED.
MM INDICATES DATA IS MISSING.
T  INDICATES TRACE AMOUNT.




$$





U.S. Dept. of Commerce
NOAA National Weather Service
1325 East West Highway
Silver Spring, MD 20910
E-mail: w-nws.webmaster@noaa.gov
Page last modified: May 16, 2007
NATIONAL WEATHER SERVICE: for Safety, for Work, for Fun - FOR LIFE