376
CDUS42 KRAH 230745
CLIRDU


CLIMATE REPORT
NATIONAL WEATHER SERVICE RALEIGH NC
341 AM EDT SAT AUG 23 2014


...................................

...THE RALEIGH-DURHAM INTL AIRPORT NC CLIMATE SUMMARY FOR AUGUST 22 2014...

CLIMATE NORMAL PERIOD 1981 TO 2010
CLIMATE RECORD PERIOD 1887 TO 2014


WEATHER ITEM   OBSERVED TIME   RECORD YEAR NORMAL DEPARTURE LAST
                VALUE   (LST)  VALUE       VALUE  FROM      YEAR
                                                  NORMAL
..................................................................
TEMPERATURE (F)
 YESTERDAY
  MAXIMUM         92    112 PM 101    1983  88      4       89
  MINIMUM         71    526 AM  53    2000  68      3       70
                                      1922
  AVERAGE         82                        78      4       80

PRECIPITATION (IN)
  YESTERDAY        0.00          1.68 1947   0.15  -0.15     0.00
  MONTH TO DATE    6.79                      2.92   3.87     4.88
  SINCE JUN 1     19.06                     11.17   7.89    18.44
  SINCE JAN 1     38.33                     28.20  10.13    37.47

DEGREE DAYS
 HEATING
  YESTERDAY        0                         0      0        0
  MONTH TO DATE    0                         0      0        0
  SINCE JUN 1      0                         4     -4        0
  SINCE JUL 1      0                         0      0        0

 COOLING
  YESTERDAY       17                        13      4       15
  MONTH TO DATE  248                       309    -61      256
  SINCE JUN 1   1048                      1122    -74     1033
  SINCE JAN 1   1261                      1331    -70     1211
..................................................................


WIND (MPH)
  HIGHEST WIND SPEED    14   HIGHEST WIND DIRECTION     W (250)
  HIGHEST GUST SPEED    20   HIGHEST GUST DIRECTION     W (270)
  AVERAGE WIND SPEED     2.3


SKY COVER
  POSSIBLE SUNSHINE  MM
  AVERAGE SKY COVER 0.7


WEATHER CONDITIONS
 THE FOLLOWING WEATHER WAS RECORDED YESTERDAY.
  THUNDERSTORM
  FOG
  HAZE


RELATIVE HUMIDITY (PERCENT)
 HIGHEST    93           200 AM
 LOWEST     52           200 PM
 AVERAGE    73

..........................................................


THE RALEIGH-DURHAM INTL AIRPORT NC CLIMATE NORMALS FOR TODAY
                         NORMAL    RECORD    YEAR
 MAXIMUM TEMPERATURE (F)   88       103      2002
 MINIMUM TEMPERATURE (F)   68        52      1997


SUNRISE AND SUNSET
AUGUST 23 2014........SUNRISE   640 AM EDT   SUNSET   755 PM EDT
AUGUST 24 2014........SUNRISE   641 AM EDT   SUNSET   753 PM EDT


-  INDICATES NEGATIVE NUMBERS.
R  INDICATES RECORD WAS SET OR TIED.
MM INDICATES DATA IS MISSING.
T  INDICATES TRACE AMOUNT.

&&

CLIMATE REPORT NWS FORECAST OFFICE
NCSU CENTENNIAL CAMPUS
RALEIGH, NC

MAXIMUM TEMPERATURE...92

MINIMUM TEMPERATURE...73

PRECIPITATION...0.02

$$






U.S. Dept. of Commerce
NOAA National Weather Service
1325 East West Highway
Silver Spring, MD 20910
E-mail: w-nws.webmaster@noaa.gov
Page last modified: May 16, 2007
NATIONAL WEATHER SERVICE: for Safety, for Work, for Fun - FOR LIFE