955
CDUS42 KRAH 290840
CLIRDU


CLIMATE REPORT
NATIONAL WEATHER SERVICE RALEIGH NC
339 AM EST THU JAN 29 2015


...................................

...THE RALEIGH-DURHAM INTL AIRPORT NC CLIMATE SUMMARY FOR JANUARY 28 2015...

CLIMATE NORMAL PERIOD 1981 TO 2010
CLIMATE RECORD PERIOD 1887 TO 2015


WEATHER ITEM   OBSERVED TIME   RECORD YEAR NORMAL DEPARTURE LAST
                VALUE   (LST)  VALUE       VALUE  FROM      YEAR
                                                  NORMAL
..................................................................
TEMPERATURE (F)
 YESTERDAY
  MAXIMUM         46    344 PM  78    1944  52     -6       33
  MINIMUM         25   1101 PM   1    2000  32     -7       18
  AVERAGE         36                        42     -6       26

PRECIPITATION (IN)
  YESTERDAY        0.00          2.35 1952   0.11  -0.11     0.18
  MONTH TO DATE    3.33                      3.16   0.17     1.96
  SINCE DEC 1      8.30                      6.23   2.07     7.87
  SINCE JAN 1      3.33                      3.16   0.17     1.96

SNOWFALL (IN)
  YESTERDAY        0.0           7.5  1899   0.1   -0.1      1.2
  MONTH TO DATE    T                         2.6   -2.6      1.7
  SINCE DEC 1      T                         3.2   -3.2      1.7
  SINCE JUL 1      T                         3.3   -3.3      1.7
  SNOW DEPTH       0

DEGREE DAYS
 HEATING
  YESTERDAY       29                        23      6       39
  MONTH TO DATE  689                       675     14      755
  SINCE DEC 1   1311                      1345    -34     1335
  SINCE JUL 1   1975                      1926     49     1987

 COOLING
  YESTERDAY        0                         0      0        0
  MONTH TO DATE    0                         0      0        0
  SINCE DEC 1      0                         2     -2       13
  SINCE JAN 1      0                         0      0        0
..................................................................


WIND (MPH)
  HIGHEST WIND SPEED    12   HIGHEST WIND DIRECTION    NE (40)
  HIGHEST GUST SPEED    16   HIGHEST GUST DIRECTION    NE (50)
  AVERAGE WIND SPEED     2.9


SKY COVER
  POSSIBLE SUNSHINE  MM
  AVERAGE SKY COVER 0.1


WEATHER CONDITIONS
 THE FOLLOWING WEATHER WAS RECORDED YESTERDAY.
  NO SIGNIFICANT WEATHER WAS OBSERVED.


RELATIVE HUMIDITY (PERCENT)
 HIGHEST    63          1100 PM
 LOWEST     22           400 PM
 AVERAGE    43

..........................................................


THE RALEIGH-DURHAM INTL AIRPORT NC CLIMATE NORMALS FOR TODAY
                         NORMAL    RECORD    YEAR
 MAXIMUM TEMPERATURE (F)   52        78      2002
 MINIMUM TEMPERATURE (F)   32         7      2000
                                             1977


SUNRISE AND SUNSET
JANUARY 29 2015.......SUNRISE   718 AM EST   SUNSET   539 PM EST
JANUARY 30 2015.......SUNRISE   717 AM EST   SUNSET   540 PM EST


-  INDICATES NEGATIVE NUMBERS.
R  INDICATES RECORD WAS SET OR TIED.
MM INDICATES DATA IS MISSING.
T  INDICATES TRACE AMOUNT.


&&

CLIMATE REPORT NWS FORECAST OFFICE
NCSU CENTENNIAL CAMPUS
RALEIGH, NC

MAXIMUM TEMPERATURE...45

MINIMUM TEMPERATURE...26

PRECIPITATION...0.00

$$






U.S. Dept. of Commerce
NOAA National Weather Service
1325 East West Highway
Silver Spring, MD 20910
E-mail: w-nws.webmaster@noaa.gov
Page last modified: May 16, 2007
NATIONAL WEATHER SERVICE: for Safety, for Work, for Fun - FOR LIFE