305
CDUS42 KRAH 181450
CLIRDU


CLIMATE REPORT
NATIONAL WEATHER SERVICE RALEIGH NC
1047 AM EDT FRI APR 18 2014


...................................

...THE RALEIGH-DURHAM INTL AIRPORT NC CLIMATE SUMMARY FOR APRIL 18 2014...
VALID AS OF 1045 AM LOCAL TIME.

CLIMATE NORMAL PERIOD 1981 TO 2010
CLIMATE RECORD PERIOD 1887 TO 2014


WEATHER ITEM   OBSERVED TIME   RECORD YEAR NORMAL DEPARTURE LAST
                VALUE   (LST)  VALUE       VALUE  FROM      YEAR
                                                  NORMAL
..................................................................
TEMPERATURE (F)
 TODAY
  MAXIMUM                       95    1896  73              79
  MINIMUM         38    502 AM  30    1983  49    -11       62
  AVERAGE                                   61              71

PRECIPITATION (IN)
  TODAY            0.00          0.81 1924   0.09  -0.09     0.00
  MONTH TO DATE    2.85                      1.81   1.04     1.83
  SINCE MAR 1      7.91                      5.92   1.99     4.78
  SINCE JAN 1     12.87                     12.65   0.22    11.96

SNOWFALL (IN)
  TODAY            0.0           1.8  1983   0.0    0.0      0.0
  MONTH TO DATE    0.0                       0.1   -0.1       T
  SINCE MAR 1      0.2                       0.6   -0.4       T
  SINCE JUL 1      5.8                       6.1   -0.3      1.7
  SNOW DEPTH       0

DEGREE DAYS
 HEATING
  TODAY           22                         6     16        0
  MONTH TO DATE  123                       136    -13      101
  SINCE MAR 1    706                       560    146      716
  SINCE JUL 1   3407                      3132    275     3162

 COOLING
  TODAY            0                         2     -2        6
  MONTH TO DATE   22                        23     -1       39
  SINCE MAR 1     22                        34    -12       39
  SINCE JAN 1     22                        35    -13       41
..................................................................


WIND (MPH)
  RESULTANT WIND SPEED   6   RESULTANT WIND DIRECTION  NE (50)
  HIGHEST WIND SPEED    15   HIGHEST WIND DIRECTION    NE (50)
  HIGHEST GUST SPEED    20   HIGHEST GUST DIRECTION    NE (50)
  AVERAGE WIND SPEED     6.4


SKY COVER
  POSSIBLE SUNSHINE  MM
  AVERAGE SKY COVER 0.7


WEATHER CONDITIONS
 THE FOLLOWING WEATHER WAS RECORDED TODAY.
  NO SIGNIFICANT WEATHER WAS OBSERVED.


RELATIVE HUMIDITY (PERCENT)
 HIGHEST    85           300 AM
 LOWEST     65           900 AM
 AVERAGE    75

..........................................................


THE RALEIGH-DURHAM INTL AIRPORT NC CLIMATE NORMALS FOR TOMORROW
                         NORMAL    RECORD    YEAR
 MAXIMUM TEMPERATURE (F)   73        93      1941
 MINIMUM TEMPERATURE (F)   49        29      2001


SUNRISE AND SUNSET
APRIL 18 2014.........SUNRISE   638 AM EDT   SUNSET   751 PM EDT
APRIL 19 2014.........SUNRISE   637 AM EDT   SUNSET   752 PM EDT


-  INDICATES NEGATIVE NUMBERS.
R  INDICATES RECORD WAS SET OR TIED.
MM INDICATES DATA IS MISSING.
T  INDICATES TRACE AMOUNT.


&&

CLIMATE REPORT NWS FORECAST OFFICE
NCSU CENTENNIAL CAMPUS
RALEIGH, NC

MINIMUM TEMPERATURE...39

PRECIPITATION...0.00


$$






U.S. Dept. of Commerce
NOAA National Weather Service
1325 East West Highway
Silver Spring, MD 20910
E-mail: w-nws.webmaster@noaa.gov
Page last modified: May 16, 2007
NATIONAL WEATHER SERVICE: for Safety, for Work, for Fun - FOR LIFE