765
CDUS42 KRAH 260803
CLIRDU


CLIMATE REPORT
NATIONAL WEATHER SERVICE RALEIGH NC
401 AM EDT SAT JUL 26 2014


...................................

...THE RALEIGH-DURHAM INTL AIRPORT NC CLIMATE SUMMARY FOR JULY 25 2014...

CLIMATE NORMAL PERIOD 1981 TO 2010
CLIMATE RECORD PERIOD 1887 TO 2014


WEATHER ITEM   OBSERVED TIME   RECORD YEAR NORMAL DEPARTURE LAST
                VALUE   (LST)  VALUE       VALUE  FROM      YEAR
                                                  NORMAL
..................................................................
TEMPERATURE (F)
 YESTERDAY
  MAXIMUM         83    315 PM 102    2010  90     -7       80
  MINIMUM         66    339 AM  56    1947  70     -4       66
  AVERAGE         75                        80     -5       73

PRECIPITATION (IN)
  YESTERDAY        0.00          1.76 1985   0.16  -0.16      T
  MONTH TO DATE    8.43                      3.78   4.65     2.35
  SINCE JUN 1     11.74                      7.30   4.44    12.43
  SINCE JAN 1     31.01                     24.33   6.68    31.46

DEGREE DAYS
 HEATING
  YESTERDAY        0                         0      0        0
  MONTH TO DATE    0                         0      0        0
  SINCE JUN 1      0                         4     -4        0
  SINCE JUL 1      0                         0      0        0

 COOLING
  YESTERDAY       10                        15     -5        8
  MONTH TO DATE  355                       375    -20      374
  SINCE JUN 1    732                       722     10      705
  SINCE JAN 1    945                       931     14      883
..................................................................


WIND (MPH)
  HIGHEST WIND SPEED     9   HIGHEST WIND DIRECTION     E (80)
  HIGHEST GUST SPEED    17   HIGHEST GUST DIRECTION    SE (140)
  AVERAGE WIND SPEED     3.4


SKY COVER
  POSSIBLE SUNSHINE  MM
  AVERAGE SKY COVER 0.7


WEATHER CONDITIONS
 THE FOLLOWING WEATHER WAS RECORDED YESTERDAY.
  FOG


RELATIVE HUMIDITY (PERCENT)
 HIGHEST    93           100 AM
 LOWEST     54           200 PM
 AVERAGE    74

..........................................................


THE RALEIGH-DURHAM INTL AIRPORT NC CLIMATE NORMALS FOR TODAY
                         NORMAL    RECORD    YEAR
 MAXIMUM TEMPERATURE (F)   90       101      2005
                                             1940
 MINIMUM TEMPERATURE (F)   70        58      1947


SUNRISE AND SUNSET
JULY 26 2014..........SUNRISE   618 AM EDT   SUNSET   825 PM EDT
JULY 27 2014..........SUNRISE   619 AM EDT   SUNSET   824 PM EDT


-  INDICATES NEGATIVE NUMBERS.
R  INDICATES RECORD WAS SET OR TIED.
MM INDICATES DATA IS MISSING.
T  INDICATES TRACE AMOUNT.

&&

CLIMATE REPORT NWS FORECAST OFFICE
NCSU CENTENNIAL CAMPUS
RALEIGH, NC

MAXIMUM TEMPERATURE...83

MINIMUM TEMPERATURE...66

PRECIPITATION..0.00


$$






U.S. Dept. of Commerce
NOAA National Weather Service
1325 East West Highway
Silver Spring, MD 20910
E-mail: w-nws.webmaster@noaa.gov
Page last modified: May 16, 2007
NATIONAL WEATHER SERVICE: for Safety, for Work, for Fun - FOR LIFE