055
CDUS42 KRAH 200547
CLIRDU

CLIMATE REPORT
NATIONAL WEATHER SERVICE RALEIGH NC
141 AM EDT SAT SEP 20 2014


...................................

...THE RALEIGH-DURHAM INTL AIRPORT NC CLIMATE SUMMARY FOR SEPTEMBER 19 2014...

CLIMATE NORMAL PERIOD 1981 TO 2010
CLIMATE RECORD PERIOD 1887 TO 2014


WEATHER ITEM   OBSERVED TIME   RECORD YEAR NORMAL DEPARTURE LAST
                VALUE   (LST)  VALUE       VALUE  FROM      YEAR
                                                  NORMAL
..................................................................
TEMPERATURE (F)
 YESTERDAY
  MAXIMUM         80    245 PM  98    1895  81     -1       78
  MINIMUM         63    315 AM  43    1959  61      2       54
  AVERAGE         72                        71      1       66

PRECIPITATION (IN)
  YESTERDAY        0.00          2.56 1938   0.14  -0.14     0.00
  MONTH TO DATE    2.42                      2.97  -0.55     1.52
  SINCE SEP 1      2.42                      2.97  -0.55     1.52
  SINCE JAN 1     40.83                     32.51   8.32    38.99

DEGREE DAYS
 HEATING
  YESTERDAY        0                         1     -1        0
  MONTH TO DATE    0                         3     -3        2
  SINCE SEP 1      0                         3     -3        2
  SINCE JUL 1      0                         4     -4        2

 COOLING
  YESTERDAY        7                         7      0        1
  MONTH TO DATE  202                       172     30      177
  SINCE SEP 1    202                       172     30      177
  SINCE JAN 1   1560                      1613    -53     1483
..................................................................


WIND (MPH)
  HIGHEST WIND SPEED    16   HIGHEST WIND DIRECTION     E (80)
  HIGHEST GUST SPEED    24   HIGHEST GUST DIRECTION    SE (130)
  AVERAGE WIND SPEED     7.0


SKY COVER
  POSSIBLE SUNSHINE  MM
  AVERAGE SKY COVER 0.6


WEATHER CONDITIONS
 THE FOLLOWING WEATHER WAS RECORDED YESTERDAY.
  NO SIGNIFICANT WEATHER WAS OBSERVED.


RELATIVE HUMIDITY (PERCENT)
 HIGHEST    87           400 AM
 LOWEST     47          1100 AM
 AVERAGE    67

..........................................................


THE RALEIGH-DURHAM INTL AIRPORT NC CLIMATE NORMALS FOR TODAY
                         NORMAL    RECORD    YEAR
 MAXIMUM TEMPERATURE (F)   81        96      1895
 MINIMUM TEMPERATURE (F)   60        44      1959
                                             1929


SUNRISE AND SUNSET
SEPTEMBER 20 2014.....SUNRISE   701 AM EDT   SUNSET   715 PM EDT
SEPTEMBER 21 2014.....SUNRISE   702 AM EDT   SUNSET   713 PM EDT


-  INDICATES NEGATIVE NUMBERS.
R  INDICATES RECORD WAS SET OR TIED.
MM INDICATES DATA IS MISSING.
T  INDICATES TRACE AMOUNT.

&&

CLIMATE REPORT NWS FORECAST OFFICE NCSU CENTENNIAL CAMPUS RALEIGH, NC

MAXIMUM TEMPERATURE...78

MINIMUM TEMPERATURE...65

PRECIPITATION...0.00

$$




U.S. Dept. of Commerce
NOAA National Weather Service
1325 East West Highway
Silver Spring, MD 20910
E-mail: w-nws.webmaster@noaa.gov
Page last modified: May 16, 2007
NATIONAL WEATHER SERVICE: for Safety, for Work, for Fun - FOR LIFE