611
CDUS42 KRAH 020524
CLIRDU


CLIMATE REPORT
NATIONAL WEATHER SERVICE RALEIGH NC
123 AM EDT TUE SEP 2 2014


...................................

...THE RALEIGH-DURHAM INTL AIRPORT NC CLIMATE SUMMARY FOR SEPTEMBER 1 2014...

CLIMATE NORMAL PERIOD 1981 TO 2010
CLIMATE RECORD PERIOD 1887 TO 2014


WEATHER ITEM   OBSERVED TIME   RECORD YEAR NORMAL DEPARTURE LAST
                VALUE   (LST)  VALUE       VALUE  FROM      YEAR
                                                  NORMAL
..................................................................
TEMPERATURE (F)
 YESTERDAY
  MAXIMUM         93    215 PM 101    1932  86      7       91
  MINIMUM         73    527 AM  49    1946  66      7       71
  AVERAGE         83                        76      7       81

PRECIPITATION (IN)
  YESTERDAY        0.00          2.41 1927   0.15  -0.15     1.16
  MONTH TO DATE    0.00                      0.15  -0.15     1.16
  SINCE SEP 1      0.00                      0.15  -0.15     1.16
  SINCE JAN 1     38.41                     29.69   8.72    38.63

DEGREE DAYS
 HEATING
  YESTERDAY        0                         0      0        0
  MONTH TO DATE    0                         0      0        0
  SINCE SEP 1      0                         0      0        0
  SINCE JUL 1      0                         1     -1        0

 COOLING
  YESTERDAY       18                        11      7       16
  MONTH TO DATE   18                        11      7       16
  SINCE SEP 1     18                        11      7       16
  SINCE JAN 1   1376                      1452    -76     1322
..................................................................


WIND (MPH)
  HIGHEST WIND SPEED    13   HIGHEST WIND DIRECTION    SW (230)
  HIGHEST GUST SPEED    16   HIGHEST GUST DIRECTION     W (270)
  AVERAGE WIND SPEED     4.6


SKY COVER
  POSSIBLE SUNSHINE  MM
  AVERAGE SKY COVER 0.6


WEATHER CONDITIONS
 THE FOLLOWING WEATHER WAS RECORDED YESTERDAY.
  NO SIGNIFICANT WEATHER WAS OBSERVED.


RELATIVE HUMIDITY (PERCENT)
 HIGHEST    93           500 AM
 LOWEST     47           300 PM
 AVERAGE    70

..........................................................


THE RALEIGH-DURHAM INTL AIRPORT NC CLIMATE NORMALS FOR TODAY
                         NORMAL    RECORD    YEAR
 MAXIMUM TEMPERATURE (F)   86        99      1912
 MINIMUM TEMPERATURE (F)   66        50      1948


SUNRISE AND SUNSET
SEPTEMBER  2 2014.....SUNRISE   648 AM EDT   SUNSET   741 PM EDT
SEPTEMBER  3 2014.....SUNRISE   649 AM EDT   SUNSET   740 PM EDT


-  INDICATES NEGATIVE NUMBERS.
R  INDICATES RECORD WAS SET OR TIED.
MM INDICATES DATA IS MISSING.
T  INDICATES TRACE AMOUNT.

&&

CLIMATE REPORT NWS FORECAST OFFICE
NCSU CENTENNIAL CAMPUS
RALEIGH, NC

MAXIMUM TEMPERATURE... 95

MINIMUM TEMPERATURE... 73

PRECIPITATION... 0.00

$$






U.S. Dept. of Commerce
NOAA National Weather Service
1325 East West Highway
Silver Spring, MD 20910
E-mail: w-nws.webmaster@noaa.gov
Page last modified: May 16, 2007
NATIONAL WEATHER SERVICE: for Safety, for Work, for Fun - FOR LIFE