214
CDUS46 KPDT 020837
CLIRDM

CLIMATE REPORT
NATIONAL WEATHER SERVICE PENDLETON OR
126 AM PDT TUE SEP 2 2014


...................................

...THE REDMOND OR CLIMATE SUMMARY FOR SEPTEMBER 1 2014...

CLIMATE NORMAL PERIOD 1981 TO 2010
CLIMATE RECORD PERIOD 1949 TO 2014


WEATHER ITEM   OBSERVED TIME   RECORD YEAR NORMAL DEPARTURE LAST
                VALUE   (LST)  VALUE       VALUE  FROM      YEAR
                                                  NORMAL
..................................................................
TEMPERATURE (F)
 YESTERDAY
  MAXIMUM         80    257 PM 104    1998  81     -1       94
  MINIMUM         41    435 AM  28    1973  42     -1       48
  AVERAGE         61                        61      0       71

PRECIPITATION (IN)
  YESTERDAY        0.00          0.11 1985   0.01  -0.01     0.00
  MONTH TO DATE    0.00                      0.01  -0.01     0.00
  SINCE OCT 1      5.71                      8.50  -2.79     6.99
  SINCE JAN 1      5.00                      5.74  -0.74     3.08

DEGREE DAYS
 HEATING
  YESTERDAY        4                         5     -1        0
  MONTH TO DATE    4                         5     -1        0
  SINCE SEP 1      4                         5     -1        0
  SINCE JUL 1     78                       154    -76       36

 COOLING
  YESTERDAY        0                         1     -1        6
  MONTH TO DATE    0                         1     -1        6
  SINCE SEP 1      0                         1     -1        6
  SINCE JAN 1    297                       207     90      320
..................................................................


WIND (MPH)
  RESULTANT WIND SPEED   1   RESULTANT WIND DIRECTION   N (350)
  HIGHEST WIND SPEED    12   HIGHEST WIND DIRECTION     N (340)
  HIGHEST GUST SPEED    16   HIGHEST GUST DIRECTION     N (340)
  AVERAGE WIND SPEED     5.3


SKY COVER
  POSSIBLE SUNSHINE  MM
  AVERAGE SKY COVER 0.0


WEATHER CONDITIONS
 THE FOLLOWING WEATHER WAS RECORDED YESTERDAY.
  NO SIGNIFICANT WEATHER WAS OBSERVED.


RELATIVE HUMIDITY (PERCENT)
 HIGHEST    82           400 AM
 LOWEST     21           300 PM
 AVERAGE    52

..........................................................


THE REDMOND OR CLIMATE NORMALS FOR TODAY
                         NORMAL    RECORD    YEAR
 MAXIMUM TEMPERATURE (F)   81       105      1998
 MINIMUM TEMPERATURE (F)   42        28      1973


SUNRISE AND SUNSET
SEPTEMBER  2 2014.....SUNRISE   629 AM PDT   SUNSET   739 PM PDT
SEPTEMBER  3 2014.....SUNRISE   630 AM PDT   SUNSET   737 PM PDT


-  INDICATES NEGATIVE NUMBERS.
R  INDICATES RECORD WAS SET OR TIED.
MM INDICATES DATA IS MISSING.
T  INDICATES TRACE AMOUNT.




$$








U.S. Dept. of Commerce
NOAA National Weather Service
1325 East West Highway
Silver Spring, MD 20910
E-mail: w-nws.webmaster@noaa.gov
Page last modified: May 16, 2007
NATIONAL WEATHER SERVICE: for Safety, for Work, for Fun - FOR LIFE