625
CDUS46 KPDT 150039
CLIRDM

CLIMATE REPORT
NATIONAL WEATHER SERVICE PENDLETON OR
527 PM PDT SUN SEP 14 2014


...................................

...THE REDMOND OR CLIMATE SUMMARY FOR SEPTEMBER 14 2014...
VALID TODAY AS OF 0500 PM LOCAL TIME.

CLIMATE NORMAL PERIOD 1981 TO 2010
CLIMATE RECORD PERIOD 1949 TO 2014


WEATHER ITEM   OBSERVED TIME   RECORD YEAR NORMAL DEPARTURE LAST
                VALUE   (LST)  VALUE       VALUE  FROM      YEAR
                                                  NORMAL
..................................................................
TEMPERATURE (F)
 TODAY
  MAXIMUM         82    343 PM  96    1998  77      5       91
  MINIMUM         31    413 AM  22    1970  39     -8       48
  AVERAGE         57                        58     -1       70

PRECIPITATION (IN)
  TODAY            0.00          0.24 1954   0.01  -0.01     0.00
  MONTH TO DATE    0.00                      0.19  -0.19     0.02
  SINCE OCT 1      5.71                      8.68  -2.97     7.01
  SINCE JAN 1      5.00                      5.92  -0.92     3.10

DEGREE DAYS
 HEATING
  TODAY            8                         8      0        0
  MONTH TO DATE  107                        88     19       21
  SINCE SEP 1    107                        88     19       21
  SINCE JUL 1    181                       237    -56       57

 COOLING
  TODAY            0                         1     -1        5
  MONTH TO DATE    0                        14    -14       29
  SINCE SEP 1      0                        14    -14       29
  SINCE JAN 1    297                       220     77      343
..................................................................


WIND (MPH)
  RESULTANT WIND SPEED   1   RESULTANT WIND DIRECTION   N (360)
  HIGHEST WIND SPEED    17   HIGHEST WIND DIRECTION    NW (330)
  HIGHEST GUST SPEED    20   HIGHEST GUST DIRECTION    NW (320)
  AVERAGE WIND SPEED     5.0


SKY COVER
  POSSIBLE SUNSHINE  MM
  AVERAGE SKY COVER 0.0


WEATHER CONDITIONS
THE FOLLOWING WEATHER WAS RECORDED TODAY.
  NO SIGNIFICANT WEATHER WAS OBSERVED.


RELATIVE HUMIDITY (PERCENT)
 HIGHEST    59           400 AM
 LOWEST     15           300 PM
 AVERAGE    37

..........................................................


THE REDMOND OR CLIMATE NORMALS FOR TOMORROW
                         NORMAL    RECORD    YEAR
 MAXIMUM TEMPERATURE (F)   77        97      1979
 MINIMUM TEMPERATURE (F)   38        23      1970


SUNRISE AND SUNSET
SEPTEMBER 14 2014.....SUNRISE   643 AM PDT   SUNSET   717 PM PDT
SEPTEMBER 15 2014.....SUNRISE   644 AM PDT   SUNSET   715 PM PDT


-  INDICATES NEGATIVE NUMBERS.
R  INDICATES RECORD WAS SET OR TIED.
MM INDICATES DATA IS MISSING.
T  INDICATES TRACE AMOUNT.




$$








U.S. Dept. of Commerce
NOAA National Weather Service
1325 East West Highway
Silver Spring, MD 20910
E-mail: w-nws.webmaster@noaa.gov
Page last modified: May 16, 2007
NATIONAL WEATHER SERVICE: for Safety, for Work, for Fun - FOR LIFE