558
CDUS41 KPHI 150632
CLIRDG


CLIMATE REPORT
NATIONAL WEATHER SERVICE MOUNT HOLLY NJ
230 AM EDT MON SEP 15 2014


...................................

...THE READING PA CLIMATE SUMMARY FOR SEPTEMBER 14 2014...

CLIMATE NORMAL PERIOD 1981 TO 2010
CLIMATE RECORD PERIOD 1869 TO 2014


WEATHER ITEM   OBSERVED TIME   RECORD YEAR NORMAL DEPARTURE LAST
                VALUE   (LST)  VALUE       VALUE  FROM      YEAR
                                                  NORMAL
..................................................................
TEMPERATURE (F)
 YESTERDAY
  MAXIMUM         68    320 PM  92    2008  77     -9       63
                                      1931
                                      1915
  MINIMUM         46    521 AM  38    1975  56    -10       47
  AVERAGE         57                        66     -9       55

PRECIPITATION (IN)
  YESTERDAY        0.00          2.78 1966   0.15  -0.15     0.00
  MONTH TO DATE    1.17                      1.68  -0.51     0.64
  SINCE SEP 1      1.17                      1.68  -0.51     0.64
  SINCE JAN 1     31.60                     30.64   0.96    29.78

SNOWFALL (IN)
  YESTERDAY       MM            MM      MM  MM     MM       MM
  MONTH TO DATE   MM                        MM     MM       MM
  SINCE SEP 1     MM                        MM     MM       MM
  SINCE JUL 1     MM                        MM     MM       MM
  SNOW DEPTH      MM

DEGREE DAYS
 HEATING
  YESTERDAY        8                         2      6       10
  MONTH TO DATE   14                         9      5       16
  SINCE SEP 1     14                         9      5       16
  SINCE JUL 1     15                        14      1       16

 COOLING
  YESTERDAY        0                         3     -3        0
  MONTH TO DATE  102                        60     42       95
  SINCE SEP 1    102                        60     42       95
  SINCE JAN 1    923                       863     60     1079
..................................................................


WIND (MPH)
  HIGHEST WIND SPEED    10   HIGHEST WIND DIRECTION    NW (300)
  HIGHEST GUST SPEED    14   HIGHEST GUST DIRECTION    NW (330)
  AVERAGE WIND SPEED     3.3


SKY COVER
  POSSIBLE SUNSHINE  MM
  AVERAGE SKY COVER 0.2


WEATHER CONDITIONS
 THE FOLLOWING WEATHER WAS RECORDED YESTERDAY.
  FOG
  FOG W/VISIBILITY <= 1/4 MILE


RELATIVE HUMIDITY (PERCENT)
 HIGHEST   100          1200 AM
 LOWEST     45           300 PM
 AVERAGE    73

..........................................................


THE READING PA CLIMATE NORMALS FOR TODAY
                         NORMAL    RECORD    YEAR
 MAXIMUM TEMPERATURE (F)   76        95      1927
 MINIMUM TEMPERATURE (F)   56        38      1975


SUNRISE AND SUNSET
SEPTEMBER 15 2014.....SUNRISE   645 AM EDT   SUNSET   713 PM EDT
SEPTEMBER 16 2014.....SUNRISE   646 AM EDT   SUNSET   711 PM EDT


-  INDICATES NEGATIVE NUMBERS.
R  INDICATES RECORD WAS SET OR TIED.
MM INDICATES DATA IS MISSING.
T  INDICATES TRACE AMOUNT.




$$






U.S. Dept. of Commerce
NOAA National Weather Service
1325 East West Highway
Silver Spring, MD 20910
E-mail: w-nws.webmaster@noaa.gov
Page last modified: May 16, 2007
NATIONAL WEATHER SERVICE: for Safety, for Work, for Fun - FOR LIFE