000
CDUS41 KPHI 230627
CLIRDG


CLIMATE REPORT
NATIONAL WEATHER SERVICE MOUNT HOLLY NJ
227 AM EDT THU OCT 23 2014


...................................

...THE READING PA CLIMATE SUMMARY FOR OCTOBER 22 2014...

CLIMATE NORMAL PERIOD 1981 TO 2010
CLIMATE RECORD PERIOD 1869 TO 2014


WEATHER ITEM   OBSERVED TIME   RECORD YEAR NORMAL DEPARTURE LAST
                VALUE   (LST)  VALUE       VALUE  FROM      YEAR
                                                  NORMAL
..................................................................
TEMPERATURE (F)
 YESTERDAY
  MAXIMUM         57    228 PM  88    1979  62     -5       62
  MINIMUM         49    750 PM  24    1972  41      8       39
  AVERAGE         53                        52      1       51

PRECIPITATION (IN)
  YESTERDAY        0.11          2.03 1988   0.09   0.02      T
  MONTH TO DATE    4.38                      2.52   1.86     4.73
  SINCE SEP 1      6.18                      6.86  -0.68     6.04
  SINCE JAN 1     36.61                     35.82   0.79    35.18

SNOWFALL (IN)
  YESTERDAY       MM            MM      MM  MM     MM       MM
  MONTH TO DATE   MM                        MM     MM       MM
  SINCE SEP 1     MM                        MM     MM       MM
  SINCE JUL 1     MM                        MM     MM       MM
  SNOW DEPTH      MM

DEGREE DAYS
 HEATING
  YESTERDAY       12                        13     -1       14
  MONTH TO DATE  154                       227    -73      120
  SINCE SEP 1    208                       301    -93      210
  SINCE JUL 1    209                       306    -97      210

 COOLING
  YESTERDAY        0                         0      0        0
  MONTH TO DATE   16                         5     11       42
  SINCE SEP 1    141                        89     52      140
  SINCE JAN 1    962                       892     70     1124
..................................................................


WIND (MPH)
  HIGHEST WIND SPEED    23   HIGHEST WIND DIRECTION     N (340)
  HIGHEST GUST SPEED    29   HIGHEST GUST DIRECTION    NW (330)
  AVERAGE WIND SPEED    12.3


SKY COVER
  POSSIBLE SUNSHINE  MM
  AVERAGE SKY COVER 1.0


WEATHER CONDITIONS
 THE FOLLOWING WEATHER WAS RECORDED YESTERDAY.
  LIGHT RAIN
  FOG


RELATIVE HUMIDITY (PERCENT)
 HIGHEST    93           800 AM
 LOWEST     71          1100 PM
 AVERAGE    82

..........................................................


THE READING PA CLIMATE NORMALS FOR TODAY
                         NORMAL    RECORD    YEAR
 MAXIMUM TEMPERATURE (F)   62        86      1947
 MINIMUM TEMPERATURE (F)   41        24      1976


SUNRISE AND SUNSET
OCTOBER 23 2014.......SUNRISE   723 AM EDT   SUNSET   612 PM EDT
OCTOBER 24 2014.......SUNRISE   724 AM EDT   SUNSET   611 PM EDT


-  INDICATES NEGATIVE NUMBERS.
R  INDICATES RECORD WAS SET OR TIED.
MM INDICATES DATA IS MISSING.
T  INDICATES TRACE AMOUNT.




$$





U.S. Dept. of Commerce
NOAA National Weather Service
1325 East West Highway
Silver Spring, MD 20910
E-mail: w-nws.webmaster@noaa.gov
Page last modified: May 16, 2007
NATIONAL WEATHER SERVICE: for Safety, for Work, for Fun - FOR LIFE