215
CDUS41 KPHI 020627
CLIRDG


CLIMATE REPORT
NATIONAL WEATHER SERVICE MOUNT HOLLY NJ
227 AM EDT THU OCT 2 2014


...................................

...THE READING PA CLIMATE SUMMARY FOR OCTOBER 1 2014...

CLIMATE NORMAL PERIOD 1981 TO 2010
CLIMATE RECORD PERIOD 1869 TO 2014


WEATHER ITEM   OBSERVED TIME   RECORD YEAR NORMAL DEPARTURE LAST
                VALUE   (LST)  VALUE       VALUE  FROM      YEAR
                                                  NORMAL
..................................................................
TEMPERATURE (F)
 YESTERDAY
  MAXIMUM         76    316 PM  88    1905  69      7       81
  MINIMUM         59   1150 PM  32    1993  49     10       51
                                      1899
  AVERAGE         68                        59      9       66

PRECIPITATION (IN)
  YESTERDAY        0.02          2.82 1913   0.15  -0.13     0.00
  MONTH TO DATE    0.02                      0.15  -0.13     0.00
  SINCE SEP 1      1.82                      4.49  -2.67     1.31
  SINCE JAN 1     32.25                     33.45  -1.20    30.45

SNOWFALL (IN)
  YESTERDAY       MM            MM      MM  MM     MM       MM
  MONTH TO DATE   MM                        MM     MM       MM
  SINCE SEP 1     MM                        MM     MM       MM
  SINCE JUL 1     MM                        MM     MM       MM
  SNOW DEPTH      MM

DEGREE DAYS
 HEATING
  YESTERDAY        0                         7     -7        0
  MONTH TO DATE    0                         7     -7        0
  SINCE SEP 1     54                        81    -27       90
  SINCE JUL 1     55                        86    -31       90

 COOLING
  YESTERDAY        3                         1      2        1
  MONTH TO DATE    3                         1      2        1
  SINCE SEP 1    128                        85     43       99
  SINCE JAN 1    949                       888     61     1083
..................................................................


WIND (MPH)
  HIGHEST WIND SPEED     9   HIGHEST WIND DIRECTION     E (70)
  HIGHEST GUST SPEED    12   HIGHEST GUST DIRECTION    NE (50)
  AVERAGE WIND SPEED     3.3


SKY COVER
  POSSIBLE SUNSHINE  MM
  AVERAGE SKY COVER 0.7


WEATHER CONDITIONS
 THE FOLLOWING WEATHER WAS RECORDED YESTERDAY.
  LIGHT RAIN
  FOG


RELATIVE HUMIDITY (PERCENT)
 HIGHEST    97           500 AM
 LOWEST     50           300 PM
 AVERAGE    74

..........................................................


THE READING PA CLIMATE NORMALS FOR TODAY
                         NORMAL    RECORD    YEAR
 MAXIMUM TEMPERATURE (F)   69        89      1927
 MINIMUM TEMPERATURE (F)   48        30      1899


SUNRISE AND SUNSET
OCTOBER  2 2014.......SUNRISE   701 AM EDT   SUNSET   644 PM EDT
OCTOBER  3 2014.......SUNRISE   702 AM EDT   SUNSET   643 PM EDT


-  INDICATES NEGATIVE NUMBERS.
R  INDICATES RECORD WAS SET OR TIED.
MM INDICATES DATA IS MISSING.
T  INDICATES TRACE AMOUNT.




$$





U.S. Dept. of Commerce
NOAA National Weather Service
1325 East West Highway
Silver Spring, MD 20910
E-mail: w-nws.webmaster@noaa.gov
Page last modified: May 16, 2007
NATIONAL WEATHER SERVICE: for Safety, for Work, for Fun - FOR LIFE