032
CDUS41 KPHI 230627
CLIRDG


CLIMATE REPORT
NATIONAL WEATHER SERVICE MOUNT HOLLY NJ
226 AM EDT SAT AUG 23 2014


...................................

...THE READING PA CLIMATE SUMMARY FOR AUGUST 22 2014...

CLIMATE NORMAL PERIOD 1981 TO 2010
CLIMATE RECORD PERIOD 1869 TO 2014


WEATHER ITEM   OBSERVED TIME   RECORD YEAR NORMAL DEPARTURE LAST
                VALUE   (LST)  VALUE       VALUE  FROM      YEAR
                                                  NORMAL
..................................................................
TEMPERATURE (F)
 YESTERDAY
  MAXIMUM         79    338 PM  98    1916  83     -4       85
  MINIMUM         68    733 AM  45    1982  62      6       70
  AVERAGE         74                        72      2       78

PRECIPITATION (IN)
  YESTERDAY        0.06          4.52 1888   0.13  -0.07     0.16
  MONTH TO DATE    1.63                      2.59  -0.96     3.71
  SINCE JUN 1     10.37                     10.89  -0.52    15.34
  SINCE JAN 1     29.19                     27.91   1.28    28.38

SNOWFALL (IN)
  YESTERDAY       MM            MM      MM  MM     MM       MM
  MONTH TO DATE   MM                        MM     MM       MM
  SINCE JUN 1     MM                        MM     MM       MM
  SINCE JUL 1     MM                        MM     MM       MM
  SNOW DEPTH      MM

DEGREE DAYS
 HEATING
  YESTERDAY        0                         0      0        0
  MONTH TO DATE    1                         0      1        0
  SINCE JUN 1      2                        25    -23        2
  SINCE JUL 1      1                         1      0        0

 COOLING
  YESTERDAY        9                         8      1       13
  MONTH TO DATE  159                       190    -31      152
  SINCE JUN 1    696                       682     14      802
  SINCE JAN 1    758                       742     16      901
..................................................................


WIND (MPH)
  HIGHEST WIND SPEED    13   HIGHEST WIND DIRECTION    SE (140)
  HIGHEST GUST SPEED    17   HIGHEST GUST DIRECTION    SE (150)
  AVERAGE WIND SPEED     3.9


SKY COVER
  POSSIBLE SUNSHINE  MM
  AVERAGE SKY COVER 1.0


WEATHER CONDITIONS
 THE FOLLOWING WEATHER WAS RECORDED YESTERDAY.
  RAIN
  LIGHT RAIN
  FOG


RELATIVE HUMIDITY (PERCENT)
 HIGHEST    93           600 AM
 LOWEST     62           300 PM
 AVERAGE    78

..........................................................


THE READING PA CLIMATE NORMALS FOR TODAY
                         NORMAL    RECORD    YEAR
 MAXIMUM TEMPERATURE (F)   83        96      1937
 MINIMUM TEMPERATURE (F)   62        48      1973
                                             1923


SUNRISE AND SUNSET
AUGUST 23 2014........SUNRISE   623 AM EDT   SUNSET   750 PM EDT
AUGUST 24 2014........SUNRISE   623 AM EDT   SUNSET   748 PM EDT


-  INDICATES NEGATIVE NUMBERS.
R  INDICATES RECORD WAS SET OR TIED.
MM INDICATES DATA IS MISSING.
T  INDICATES TRACE AMOUNT.




$$






U.S. Dept. of Commerce
NOAA National Weather Service
1325 East West Highway
Silver Spring, MD 20910
E-mail: w-nws.webmaster@noaa.gov
Page last modified: May 16, 2007
NATIONAL WEATHER SERVICE: for Safety, for Work, for Fun - FOR LIFE