165
CDUS41 KPHI 010634
CLIRDG


CLIMATE REPORT
NATIONAL WEATHER SERVICE MOUNT HOLLY NJ
234 AM EDT MON SEP 1 2014


...................................

...THE READING PA CLIMATE SUMMARY FOR AUGUST 31 2014...

CLIMATE NORMAL PERIOD 1981 TO 2010
CLIMATE RECORD PERIOD 1869 TO 2014


WEATHER ITEM   OBSERVED TIME   RECORD YEAR NORMAL DEPARTURE LAST
                VALUE   (LST)  VALUE       VALUE  FROM      YEAR
                                                  NORMAL
..................................................................
TEMPERATURE (F)
 YESTERDAY
  MAXIMUM         89    321 PM 100    1953  81      8       87
  MINIMUM         72   1209 AM  42    1986  60     12       71
                                      1976
  AVERAGE         81                        71     10       79

PRECIPITATION (IN)
  YESTERDAY        0.34          2.44 1922   0.11   0.23     0.03
  MONTH TO DATE    2.87                      3.64  -0.77     4.47
  SINCE JUN 1     11.61                     11.94  -0.33    16.10
  SINCE JAN 1     30.43                     28.96   1.47    29.14

SNOWFALL (IN)
  YESTERDAY       MM            MM      MM  MM     MM       MM
  MONTH TO DATE   MM                        MM     MM       MM
  SINCE JUN 1     MM                        MM     MM       MM
  SINCE JUL 1     MM                        MM     MM       MM
  SNOW DEPTH      MM

DEGREE DAYS
 HEATING
  YESTERDAY        0                         0      0        0
  MONTH TO DATE    1                         0      1        0
  SINCE JUN 1      2                        29    -27        2
  SINCE JUL 1      1                         5     -4        0

 COOLING
  YESTERDAY       16                         6     10       14
  MONTH TO DATE  222                       251    -29      235
  SINCE JUN 1    759                       743     16      885
  SINCE JAN 1    821                       803     18      984
..................................................................


WIND (MPH)
  HIGHEST WIND SPEED    17   HIGHEST WIND DIRECTION     S (190)
  HIGHEST GUST SPEED    22   HIGHEST GUST DIRECTION     S (200)
  AVERAGE WIND SPEED     4.8


SKY COVER
  POSSIBLE SUNSHINE  MM
  AVERAGE SKY COVER 0.8


WEATHER CONDITIONS
 THE FOLLOWING WEATHER WAS RECORDED YESTERDAY.
  THUNDERSTORM
  HEAVY RAIN
  LIGHT RAIN
  FOG


RELATIVE HUMIDITY (PERCENT)
 HIGHEST    94           700 PM
 LOWEST     50           300 PM
 AVERAGE    72

..........................................................


THE READING PA CLIMATE NORMALS FOR TODAY
                         NORMAL    RECORD    YEAR
 MAXIMUM TEMPERATURE (F)   81        98      2010
                                             1953
 MINIMUM TEMPERATURE (F)   60        44      1976


SUNRISE AND SUNSET
SEPTEMBER  1 2014.....SUNRISE   631 AM EDT   SUNSET   736 PM EDT
SEPTEMBER  2 2014.....SUNRISE   632 AM EDT   SUNSET   734 PM EDT


-  INDICATES NEGATIVE NUMBERS.
R  INDICATES RECORD WAS SET OR TIED.
MM INDICATES DATA IS MISSING.
T  INDICATES TRACE AMOUNT.




$$





U.S. Dept. of Commerce
NOAA National Weather Service
1325 East West Highway
Silver Spring, MD 20910
E-mail: w-nws.webmaster@noaa.gov
Page last modified: May 16, 2007
NATIONAL WEATHER SERVICE: for Safety, for Work, for Fun - FOR LIFE