583
CDUS46 KSTO 210855
CLIRDD

CLIMATE REPORT
NATIONAL WEATHER SERVICE SACRAMENTO, CA
138 AM PDT TUE OCT 21 2014


...................................

...THE REDDING AIRPORT CA CLIMATE SUMMARY FOR OCTOBER 20 2014...

CLIMATE NORMAL PERIOD 1981 TO 2010
CLIMATE RECORD PERIOD 1986 TO 2014


WEATHER ITEM   OBSERVED RECORD YEAR NORMAL DEPARTURE LAST
                VALUE   VALUE       VALUE  FROM      YEAR
                                           NORMAL
...........................................................
TEMPERATURE (F)
 YESTERDAY
  MAXIMUM         68     96    1988  76     -8       91
  MINIMUM         49     40    1996  48      1       43
  AVERAGE         59

PRECIPITATION (IN)
  YESTERDAY        0.22   0.93 1992   0.08   0.14     0.00
  MONTH TO DATE    0.32               1.04  -0.72     0.01
  SINCE JUL 1      3.76               1.95   1.81     1.40
  SINCE JAN 1     18.03              22.81  -4.78    10.70

SNOWFALL (IN)
  YESTERDAY       MM      0.0  2002  MM               0.0
                               2001
  MONTH TO DATE    0.0               MM               0.0
  SINCE SEP 1      0.0               MM               0.0
  SINCE JUL 1      0.0               MM               0.0

DEGREE DAYS
 HEATING
  YESTERDAY        6

 COOLING
  YESTERDAY        0
...........................................................


WIND (MPH)
  RESULTANT WIND SPEED   1   RESULTANT WIND DIRECTION   E (110)
  HIGHEST WIND SPEED    23   HIGHEST WIND DIRECTION     S (190)
  HIGHEST GUST SPEED    26   HIGHEST GUST DIRECTION     S (170)


SKY COVER
  POSSIBLE SUNSHINE  MM
  AVERAGE SKY COVER 0.5


WEATHER CONDITIONS
 THE FOLLOWING WEATHER WAS RECORDED YESTERDAY.
  THUNDERSTORM
  RAIN
  LIGHT RAIN
  FOG


RELATIVE HUMIDITY (PERCENT)
 HIGHEST   100
 LOWEST     73
 AVERAGE    87

..........................................................


THE REDDING AIRPORT CA CLIMATE NORMALS FOR TODAY
                         NORMAL    RECORD    YEAR
 MAXIMUM TEMPERATURE (F)   75        91      2013
                                             1988
 MINIMUM TEMPERATURE (F)   48        39      2004
                                             1996


SUNRISE AND SUNSET
OCTOBER 21 2014.......SUNRISE   727 AM PDT   SUNSET   620 PM PDT
OCTOBER 22 2014.......SUNRISE   728 AM PDT   SUNSET   619 PM PDT


-  INDICATES NEGATIVE NUMBERS.
R  INDICATES RECORD WAS SET OR TIED.
MM INDICATES DATA IS MISSING.
T  INDICATES TRACE AMOUNT.






ZCZC SFOWRKRD ALL
TTAA00 KSFO 181439

&&
....................................................................

REDDING CITY CLIMATE DATA FOR OCTOBER 20

CLIMATE RECORD PERIOD 1893-1986

RECORD HIGH..............     96 IN 1988
RECORD LOW...............     34 IN 1945

RECORD RAINFALL..........   0.80 IN 1970

$$

NNNN









U.S. Dept. of Commerce
NOAA National Weather Service
1325 East West Highway
Silver Spring, MD 20910
E-mail: w-nws.webmaster@noaa.gov
Page last modified: May 16, 2007
NATIONAL WEATHER SERVICE: for Safety, for Work, for Fun - FOR LIFE