671
CDUS46 KSTO 021445
CLIRDD

CLIMATE REPORT
NATIONAL WEATHER SERVICE SACRAMENTO, CA
730 AM PDT TUE SEP 2 2014

..........................................................

...THE REDDING AIRPORT CA CLIMATE SUMMARY FOR SEPTEMBER 1 2014...

CLIMATE NORMAL PERIOD 1981 TO 2010
CLIMATE RECORD PERIOD 1986 TO 2014


WEATHER ITEM   OBSERVED RECORD YEAR NORMAL DEPARTURE LAST
                VALUE   VALUE       VALUE  FROM      YEAR
                                           NORMAL
...........................................................
TEMPERATURE (F)
 YESTERDAY
  MAXIMUM        104    110    1998  94     10       91
                               1988
  MINIMUM         72     54    2012  61     11       61
  AVERAGE         88

PRECIPITATION (IN)
  YESTERDAY        0.00   2.77 2000   0.01  -0.01     0.00
  MONTH TO DATE    0.00               0.01  -0.01     0.00
  SINCE JUL 1      0.21               0.28  -0.07      T
  SINCE JAN 1     14.48              21.14  -6.66     9.30

SNOWFALL (IN)
  YESTERDAY        0.0   MM      MM  MM               0.0
  MONTH TO DATE    0.0               MM               0.0
  SINCE SEP 1      0.0               MM               0.0
  SINCE JUL 1      0.0               MM               0.0

DEGREE DAYS
 HEATING
  YESTERDAY        0

 COOLING
  YESTERDAY       23
...........................................................


WIND (MPH)
  RESULTANT WIND SPEED   6   RESULTANT WIND DIRECTION   N (350)
  HIGHEST WIND SPEED    17   HIGHEST WIND DIRECTION     N (360)
  HIGHEST GUST SPEED    24   HIGHEST GUST DIRECTION     N (340)


SKY COVER
  POSSIBLE SUNSHINE  MM
  AVERAGE SKY COVER 0.1


WEATHER CONDITIONS
 THE FOLLOWING WEATHER WAS RECORDED YESTERDAY.
  NO SIGNIFICANT WEATHER WAS OBSERVED.


RELATIVE HUMIDITY (PERCENT)
 HIGHEST    31
 LOWEST      7
 AVERAGE    19

..........................................................


THE REDDING AIRPORT CA CLIMATE NORMALS FOR TODAY
                         NORMAL    RECORD    YEAR
 MAXIMUM TEMPERATURE (F)   93       112      1998
 MINIMUM TEMPERATURE (F)   60        50      1999


SUNRISE AND SUNSET
SEPTEMBER  2 2014.....SUNRISE   637 AM PDT   SUNSET   739 PM PDT
SEPTEMBER  3 2014.....SUNRISE   638 AM PDT   SUNSET   738 PM PDT


-  INDICATES NEGATIVE NUMBERS.
R  INDICATES RECORD WAS SET OR TIED.
MM INDICATES DATA IS MISSING.
T  INDICATES TRACE AMOUNT.

&&
....................................................................

REDDING CITY CLIMATE DATA FOR SEPTEMBER 01

CLIMATE RECORD PERIOD 1897-1986

RECORD HIGH..............    113 IN 1950
RECORD LOW...............     50 IN 1982

RECORD RAINFALL..........   0.29 IN 1964

$$
POWELL






U.S. Dept. of Commerce
NOAA National Weather Service
1325 East West Highway
Silver Spring, MD 20910
E-mail: w-nws.webmaster@noaa.gov
Page last modified: May 16, 2007
NATIONAL WEATHER SERVICE: for Safety, for Work, for Fun - FOR LIFE