736
CDUS46 KSTO 241445
CLIRDD

CLIMATE REPORT
NATIONAL WEATHER SERVICE SACRAMENTO, CA
743 AM PDT THU APR 24 2014


...................................

...THE REDDING AIRPORT CA CLIMATE SUMMARY FOR APRIL 23 2014...

CLIMATE NORMAL PERIOD 1981 TO 2010
CLIMATE RECORD PERIOD 1986 TO 2014


WEATHER ITEM   OBSERVED RECORD YEAR NORMAL DEPARTURE LAST
                VALUE   VALUE       VALUE  FROM      YEAR
                                           NORMAL
...........................................................
TEMPERATURE (F)
 YESTERDAY
  MAXIMUM         71     86    2002  73     -2       84
  MINIMUM         40R    40    2008  47     -7       60
                               2007
                               1989
  AVERAGE         56

PRECIPITATION (IN)
  YESTERDAY        T      0.97 1989   0.08  -0.08     0.00
  MONTH TO DATE    0.12               1.95  -1.83     1.90
  SINCE JUL 1     17.57              31.55 -13.98    26.02
  SINCE JAN 1     14.07              17.79  -3.72     6.86

SNOWFALL (IN)
  YESTERDAY       MM     MM      MM  MM               0.0
  MONTH TO DATE    0.0               MM               0.0
  SINCE MAR 1      0.0               MM               0.0
  SINCE JUL 1      5.0               MM               1.0

DEGREE DAYS
 HEATING
  YESTERDAY        9

 COOLING
  YESTERDAY        0
...........................................................


WIND (MPH)
  RESULTANT WIND SPEED   1   RESULTANT WIND DIRECTION  SE (120)
  HIGHEST WIND SPEED    14   HIGHEST WIND DIRECTION    SE (150)
  HIGHEST GUST SPEED    17   HIGHEST GUST DIRECTION     S (160)


SKY COVER
  POSSIBLE SUNSHINE  MM
  AVERAGE SKY COVER 0.3


WEATHER CONDITIONS
 THE FOLLOWING WEATHER WAS RECORDED YESTERDAY.
  NO SIGNIFICANT WEATHER WAS OBSERVED.


RELATIVE HUMIDITY (PERCENT)
 HIGHEST    76
 LOWEST     28
 AVERAGE    52

..........................................................


THE REDDING AIRPORT CA CLIMATE NORMALS FOR TODAY
                         NORMAL    RECORD    YEAR
 MAXIMUM TEMPERATURE (F)   73        87      2013
 MINIMUM TEMPERATURE (F)   48        32      2008


SUNRISE AND SUNSET
APRIL 24 2014.........SUNRISE   617 AM PDT   SUNSET   758 PM PDT
APRIL 25 2014.........SUNRISE   616 AM PDT   SUNSET   759 PM PDT


-  INDICATES NEGATIVE NUMBERS.
R  INDICATES RECORD WAS SET OR TIED.
MM INDICATES DATA IS MISSING.
T  INDICATES TRACE AMOUNT.

&&
....................................................................

REDDING CITY CLIMATE DATA FOR APRIL 23

CLIMATE RECORD PERIOD 1897-1986

RECORD HIGH..............     95 IN 1946
RECORD LOW...............     36 IN 1904

RECORD RAINFALL..........   1.17 IN 1979

$$

NNNN







U.S. Dept. of Commerce
NOAA National Weather Service
1325 East West Highway
Silver Spring, MD 20910
E-mail: w-nws.webmaster@noaa.gov
Page last modified: May 16, 2007
NATIONAL WEATHER SERVICE: for Safety, for Work, for Fun - FOR LIFE