384
CDUS46 KSTO 171444
CLIRDD

CLIMATE REPORT
NATIONAL WEATHER SERVICE SACRAMENTO, CA
740 AM PDT THU APR 17 2014


...................................

...THE REDDING AIRPORT CA CLIMATE SUMMARY FOR APRIL 16 2014...

CLIMATE NORMAL PERIOD 1981 TO 2010
CLIMATE RECORD PERIOD 1986 TO 2014


WEATHER ITEM   OBSERVED RECORD YEAR NORMAL DEPARTURE LAST
                VALUE   VALUE       VALUE  FROM      YEAR
                                           NORMAL
...........................................................
TEMPERATURE (F)
 YESTERDAY
  MAXIMUM         83     86    1987  70     13       66
  MINIMUM         55     33    1995  46      9       44
  AVERAGE         69

PRECIPITATION (IN)
  YESTERDAY        0.00   0.89 1996   0.08  -0.08     0.00
  MONTH TO DATE    0.08               1.36  -1.28     1.90
  SINCE JUL 1     17.53              30.96 -13.43    26.02
  SINCE JAN 1     14.03              17.20  -3.17     6.86

SNOWFALL (IN)
  YESTERDAY        0.0   MM      MM  MM               0.0
  MONTH TO DATE    0.0               MM               0.0
  SINCE MAR 1      0.0               MM               0.0
  SINCE JUL 1      5.0               MM               1.0

DEGREE DAYS
 HEATING
  YESTERDAY        0

 COOLING
  YESTERDAY        4
...........................................................


WIND (MPH)
  RESULTANT WIND SPEED   7   RESULTANT WIND DIRECTION  NW (330)
  HIGHEST WIND SPEED    18   HIGHEST WIND DIRECTION     N (10)
  HIGHEST GUST SPEED    26   HIGHEST GUST DIRECTION     N (350)


SKY COVER
  POSSIBLE SUNSHINE  MM
  AVERAGE SKY COVER 0.0


WEATHER CONDITIONS
 THE FOLLOWING WEATHER WAS RECORDED YESTERDAY.
  NO SIGNIFICANT WEATHER WAS OBSERVED.


RELATIVE HUMIDITY (PERCENT)
 HIGHEST    56
 LOWEST     23
 AVERAGE    40

..........................................................


THE REDDING AIRPORT CA CLIMATE NORMALS FOR TODAY
                         NORMAL    RECORD    YEAR
 MAXIMUM TEMPERATURE (F)   71        84      1999
 MINIMUM TEMPERATURE (F)   46        34      2006


SUNRISE AND SUNSET
APRIL 17 2014.........SUNRISE   628 AM PDT   SUNSET   751 PM PDT
APRIL 18 2014.........SUNRISE   626 AM PDT   SUNSET   752 PM PDT


-  INDICATES NEGATIVE NUMBERS.
R  INDICATES RECORD WAS SET OR TIED.
MM INDICATES DATA IS MISSING.
T  INDICATES TRACE AMOUNT.

&&
....................................................................

REDDING CITY CLIMATE DATA FOR APRIL 16

CLIMATE RECORD PERIOD 1897-1986

RECORD HIGH..............     92 IN 1966
RECORD LOW...............     32 IN 1917

RECORD RAINFALL..........   0.88 IN 1942

$$

NNNN







U.S. Dept. of Commerce
NOAA National Weather Service
1325 East West Highway
Silver Spring, MD 20910
E-mail: w-nws.webmaster@noaa.gov
Page last modified: May 16, 2007
NATIONAL WEATHER SERVICE: for Safety, for Work, for Fun - FOR LIFE