292
CDUS46 KSTO 301501
CLIRDD

CLIMATE REPORT
NATIONAL WEATHER SERVICE SACRAMENTO, CA
741 AM PDT TUE SEP 30 2014


...................................

...THE REDDING AIRPORT CA CLIMATE SUMMARY FOR SEPTEMBER 29 2014...

CLIMATE NORMAL PERIOD 1981 TO 2010
CLIMATE RECORD PERIOD 1986 TO 2014


WEATHER ITEM   OBSERVED RECORD YEAR NORMAL DEPARTURE LAST
                VALUE   VALUE       VALUE  FROM      YEAR
                                           NORMAL
...........................................................
TEMPERATURE (F)
 YESTERDAY
  MAXIMUM         79    106    2010  86     -7       72
  MINIMUM         53     44    2007  55     -2       64
  AVERAGE         66

PRECIPITATION (IN)
  YESTERDAY        0.00   0.39 1989   0.03  -0.03      T
  MONTH TO DATE    3.23               0.61   2.62     1.36
  SINCE JUL 1      3.44               0.88   2.56     1.36
  SINCE JAN 1     17.71              21.74  -4.03    10.66

SNOWFALL (IN)
  YESTERDAY        0.0    0.0  2002  MM               0.0
                               2001
  MONTH TO DATE    0.0               MM               0.0
  SINCE SEP 1      0.0               MM               0.0
  SINCE JUL 1      0.0               MM               0.0

DEGREE DAYS
 HEATING
  YESTERDAY        0

 COOLING
  YESTERDAY        1
...........................................................


WIND (MPH)
  RESULTANT WIND SPEED   2   RESULTANT WIND DIRECTION   S (170)
  HIGHEST WIND SPEED    12   HIGHEST WIND DIRECTION    SE (150)
  HIGHEST GUST SPEED    19   HIGHEST GUST DIRECTION     S (160)


SKY COVER
  POSSIBLE SUNSHINE  MM
  AVERAGE SKY COVER 0.0


WEATHER CONDITIONS
 THE FOLLOWING WEATHER WAS RECORDED YESTERDAY.
  NO SIGNIFICANT WEATHER WAS OBSERVED.


RELATIVE HUMIDITY (PERCENT)
 HIGHEST    93
 LOWEST     45
 AVERAGE    69

..........................................................


THE REDDING AIRPORT CA CLIMATE NORMALS FOR TODAY
                         NORMAL    RECORD    YEAR
 MAXIMUM TEMPERATURE (F)   86       104      1987
 MINIMUM TEMPERATURE (F)   54        40      2007


SUNRISE AND SUNSET
SEPTEMBER 30 2014.....SUNRISE   705 AM PDT   SUNSET   653 PM PDT
OCTOBER  1 2014.......SUNRISE   706 AM PDT   SUNSET   651 PM PDT


-  INDICATES NEGATIVE NUMBERS.
R  INDICATES RECORD WAS SET OR TIED.
MM INDICATES DATA IS MISSING.
T  INDICATES TRACE AMOUNT.


&&
....................................................................

REDDING CITY CLIMATE DATA FOR SEPTEMBER 29

CLIMATE RECORD PERIOD 1897-1986

RECORD HIGH..............    107 IN 1966
RECORD LOW...............     40 IN 1980

RECORD RAINFALL..........   1.12 IN 1971

$$

NNNN







U.S. Dept. of Commerce
NOAA National Weather Service
1325 East West Highway
Silver Spring, MD 20910
E-mail: w-nws.webmaster@noaa.gov
Page last modified: May 16, 2007
NATIONAL WEATHER SERVICE: for Safety, for Work, for Fun - FOR LIFE