611
CDUS46 KMFR 300837
CLIRBG


CLIMATE REPORT
NATIONAL WEATHER SERVICE MEDFORD, OR
136 AM PDT WED JUL 30 2014


...................................

...THE ROSEBURG OR CLIMATE SUMMARY FOR JULY 29 2014...

CLIMATE NORMAL PERIOD 1981 TO 2010
CLIMATE RECORD PERIOD 1931 TO 2014


WEATHER ITEM   OBSERVED TIME   RECORD YEAR NORMAL DEPARTURE LAST
                VALUE   (LST)  VALUE       VALUE  FROM      YEAR
                                                  NORMAL
..................................................................
TEMPERATURE (F)
 YESTERDAY
  MAXIMUM         97    356 PM 106    2009  86     11       84
  MINIMUM         64    553 AM  43    1948  57      7       57
  AVERAGE         81                        72      9       71

PRECIPITATION (IN)
  YESTERDAY        0.00          0.41 1975   0.01  -0.01     0.00
  MONTH TO DATE    0.20                      0.40  -0.20      T
  SINCE SEP 1     24.16                     35.77 -11.61    26.55
  SINCE JAN 1     16.62                     19.16  -2.54     7.88

SNOWFALL (IN)
  YESTERDAY       MM                        MM     MM       MM
  MONTH TO DATE   MM                        MM     MM       MM
  SINCE JUL 1     MM                        MM     MM       MM
  SNOW DEPTH      MM

DEGREE DAYS
 HEATING
  YESTERDAY        0                         0      0        0
  MONTH TO DATE    7                         8     -1        0
  SINCE JUN 1     42                        91    -49       35
  SINCE JUL 1      7                         8     -1        0

 COOLING
  YESTERDAY       16                         7      9        6
  MONTH TO DATE  280                       162    118      299
  SINCE JUN 1    351                       212    139      410
  SINCE JAN 1    396                       232    164      444
..................................................................


WIND (MPH)
  RESULTANT WIND SPEED   5   RESULTANT WIND DIRECTION   N (360)
  HIGHEST WIND SPEED    15   HIGHEST WIND DIRECTION    NW (330)
  HIGHEST GUST SPEED    21   HIGHEST GUST DIRECTION    NW (310)
  AVERAGE WIND SPEED     5.3


SKY COVER
  POSSIBLE SUNSHINE  MM
  AVERAGE SKY COVER 0.0


WEATHER CONDITIONS
 THE FOLLOWING WEATHER WAS RECORDED YESTERDAY.
  NO SIGNIFICANT WEATHER WAS OBSERVED.


RELATIVE HUMIDITY (PERCENT)
 HIGHEST    73           500 AM
 LOWEST     21           400 PM
 AVERAGE    47

..........................................................


THE ROSEBURG OR CLIMATE NORMALS FOR TODAY
                         NORMAL    RECORD    YEAR
 MAXIMUM TEMPERATURE (F)   86       105      2003
 MINIMUM TEMPERATURE (F)   57        43      1956


SUNRISE AND SUNSET
JULY 30 2014..........SUNRISE   602 AM PDT   SUNSET   837 PM PDT
JULY 31 2014..........SUNRISE   603 AM PDT   SUNSET   836 PM PDT


-  INDICATES NEGATIVE NUMBERS.
R  INDICATES RECORD WAS SET OR TIED.
MM INDICATES DATA IS MISSING.
T  INDICATES TRACE AMOUNT.




$$





U.S. Dept. of Commerce
NOAA National Weather Service
1325 East West Highway
Silver Spring, MD 20910
E-mail: w-nws.webmaster@noaa.gov
Page last modified: May 16, 2007
NATIONAL WEATHER SERVICE: for Safety, for Work, for Fun - FOR LIFE