163
CDUS46 KMFR 230840
CLIRBG


CLIMATE REPORT
NATIONAL WEATHER SERVICE MEDFORD, OR
140 AM PDT THU OCT 23 2014


...................................

...THE ROSEBURG OR CLIMATE SUMMARY FOR OCTOBER 22 2014...

CLIMATE NORMAL PERIOD 1981 TO 2010
CLIMATE RECORD PERIOD 1931 TO 2014


WEATHER ITEM   OBSERVED TIME   RECORD YEAR NORMAL DEPARTURE LAST
                VALUE   (LST)  VALUE       VALUE  FROM      YEAR
                                                  NORMAL
..................................................................
TEMPERATURE (F)
 YESTERDAY
  MAXIMUM         69   1229 PM  83    2003  63      6       76
  MINIMUM         58   1204 AM  31    1953  44     14       46
  AVERAGE         64                        54     10       61

PRECIPITATION (IN)
  YESTERDAY        0.78          1.66 1931   0.11   0.67     0.00
  MONTH TO DATE    2.33                      1.51   0.82     0.37
  SINCE SEP 1      3.85                      2.47   1.38     4.21
  SINCE JAN 1     20.50                     22.12  -1.62    12.75

SNOWFALL (IN)
  YESTERDAY       MM                        MM     MM       MM
  MONTH TO DATE   MM                        MM     MM       MM
  SINCE JUL 1     MM                        MM     MM       MM
  SNOW DEPTH      MM

DEGREE DAYS
 HEATING
  YESTERDAY        1                        12    -11        4
  MONTH TO DATE   46                       181   -135      215
  SINCE SEP 1     59                       249   -190      292
  SINCE JUL 1     66                       270   -204      293

 COOLING
  YESTERDAY        0                         0      0        0
  MONTH TO DATE   34                         2     32        0
  SINCE SEP 1    181                        67    114      121
  SINCE JAN 1    914                       478    436      823
..................................................................


WIND (MPH)
  RESULTANT WIND SPEED   6   RESULTANT WIND DIRECTION   S (180)
  HIGHEST WIND SPEED    24   HIGHEST WIND DIRECTION     S (160)
  HIGHEST GUST SPEED    33   HIGHEST GUST DIRECTION     S (160)
  AVERAGE WIND SPEED     6.6


SKY COVER
  POSSIBLE SUNSHINE  MM
  AVERAGE SKY COVER 0.8


WEATHER CONDITIONS
 THE FOLLOWING WEATHER WAS RECORDED YESTERDAY.
  RAIN
  LIGHT RAIN
  FOG


RELATIVE HUMIDITY (PERCENT)
 HIGHEST    93          1100 PM
 LOWEST     53          1200 PM
 AVERAGE    73

..........................................................


THE ROSEBURG OR CLIMATE NORMALS FOR TODAY
                         NORMAL    RECORD    YEAR
 MAXIMUM TEMPERATURE (F)   63        80      1992
 MINIMUM TEMPERATURE (F)   44        31      1953


SUNRISE AND SUNSET
OCTOBER 23 2014.......SUNRISE   737 AM PDT   SUNSET   618 PM PDT
OCTOBER 24 2014.......SUNRISE   738 AM PDT   SUNSET   616 PM PDT


-  INDICATES NEGATIVE NUMBERS.
R  INDICATES RECORD WAS SET OR TIED.
MM INDICATES DATA IS MISSING.
T  INDICATES TRACE AMOUNT.




$$





U.S. Dept. of Commerce
NOAA National Weather Service
1325 East West Highway
Silver Spring, MD 20910
E-mail: w-nws.webmaster@noaa.gov
Page last modified: May 16, 2007
NATIONAL WEATHER SERVICE: for Safety, for Work, for Fun - FOR LIFE