473
CDUS43 KUNR 271834
CLIRAP


CLIMATE REPORT
NATIONAL WEATHER SERVICE RAPID CITY SD
1133 AM MST THU NOV 27 2014


...................................

...THE RAPID CITY AIRPORT SD CLIMATE SUMMARY FOR NOVEMBER 27 2014...
VALID AS OF 1100 AM LOCAL TIME.

CLIMATE NORMAL PERIOD 1981 TO 2010
CLIMATE RECORD PERIOD 1942 TO 2014


WEATHER ITEM   OBSERVED TIME   RECORD YEAR NORMAL DEPARTURE LAST
                VALUE   (LST)  VALUE       VALUE  FROM      YEAR
                                                  NORMAL
..................................................................
TEMPERATURE (F)
 TODAY
  MAXIMUM         24   1059 AM  74    1949  41    -17       59
  MINIMUM         19    820 AM -15    1976  17      2       15
  AVERAGE         22                        29     -7       37

PRECIPITATION (IN)
  TODAY            0.00          0.14 1971   0.02  -0.02     0.00
  MONTH TO DATE    0.78                      0.50   0.28     0.38
  SINCE SEP 1      4.49                      3.21   1.28     7.08
  SINCE JAN 1     21.09                     15.84   5.25    21.14

SNOWFALL (IN)
  TODAY            0.0           1.7  1971   0.2   -0.2      0.0
  MONTH TO DATE   15.0                       5.5    9.5      4.0
  SINCE SEP 1     15.0                       7.3    7.7     24.8
  SINCE JUL 1     15.0                       7.3    7.7     24.8
  SNOW DEPTH       T

DEGREE DAYS
 HEATING
  TODAY           43                        36      7       28
  MONTH TO DATE 1033                       803    230      830
  SINCE SEP 1   1669                      1528    141     1620
  SINCE JUL 1   1705                      1565    140     1625

 COOLING
  TODAY            0                         0      0        0
  MONTH TO DATE    0                         0      0        0
  SINCE SEP 1     61                        64     -3      133
  SINCE JAN 1    424                       636   -212      724
..................................................................


WIND (MPH)
  HIGHEST WIND SPEED    14   HIGHEST WIND DIRECTION    SE (140)
  HIGHEST GUST SPEED    16   HIGHEST GUST DIRECTION    SE (130)
  AVERAGE WIND SPEED     8.7


SKY COVER
  AVERAGE SKY COVER 1.0


WEATHER CONDITIONS
 THE FOLLOWING WEATHER WAS RECORDED TODAY.
  FOG


RELATIVE HUMIDITY (PERCENT)
 HIGHEST   100           900 AM
 LOWEST     88          1200 AM
 AVERAGE    94

..........................................................


THE RAPID CITY AIRPORT SD CLIMATE NORMALS FOR TOMORROW
                         NORMAL    RECORD    YEAR
 MAXIMUM TEMPERATURE (F)   41        68      2002
 MINIMUM TEMPERATURE (F)   17       -14      1985


SUNRISE AND SUNSET
NOVEMBER 27 2014......SUNRISE   702 AM MST   SUNSET   417 PM MST
NOVEMBER 28 2014......SUNRISE   704 AM MST   SUNSET   417 PM MST


-  INDICATES NEGATIVE NUMBERS.
R  INDICATES RECORD WAS SET OR TIED.
MM INDICATES DATA IS MISSING.
T  INDICATES TRACE AMOUNT.




$$





U.S. Dept. of Commerce
NOAA National Weather Service
1325 East West Highway
Silver Spring, MD 20910
E-mail: w-nws.webmaster@noaa.gov
Page last modified: May 16, 2007
NATIONAL WEATHER SERVICE: for Safety, for Work, for Fun - FOR LIFE